| Back to Multiple platform build/check report for BioC 3.12 |
|
This page was generated on 2021-05-06 12:26:58 -0400 (Thu, 06 May 2021).
|
To the developers/maintainers of the BiGGR package: Please make sure to use the following settings in order to reproduce any error or warning you see on this page. |
| Package 147/1974 | Hostname | OS / Arch | INSTALL | BUILD | CHECK | BUILD BIN | ||||||||
| BiGGR 1.26.0 (landing page) Anand K. Gavai
| malbec1 | Linux (Ubuntu 18.04.5 LTS) / x86_64 | OK | OK | WARNINGS | |||||||||
| tokay1 | Windows Server 2012 R2 Standard / x64 | OK | OK | WARNINGS | OK | |||||||||
| merida1 | macOS 10.14.6 Mojave / x86_64 | ... NOT SUPPORTED ... | ||||||||||||
| Package: BiGGR |
| Version: 1.26.0 |
| Command: /home/biocbuild/bbs-3.12-bioc/R/bin/R CMD check --install=check:BiGGR.install-out.txt --library=/home/biocbuild/bbs-3.12-bioc/R/library --no-vignettes --timings BiGGR_1.26.0.tar.gz |
| StartedAt: 2021-05-05 23:22:46 -0400 (Wed, 05 May 2021) |
| EndedAt: 2021-05-05 23:28:12 -0400 (Wed, 05 May 2021) |
| EllapsedTime: 325.9 seconds |
| RetCode: 0 |
| Status: WARNINGS |
| CheckDir: BiGGR.Rcheck |
| Warnings: 1 |
##############################################################################
##############################################################################
###
### Running command:
###
### /home/biocbuild/bbs-3.12-bioc/R/bin/R CMD check --install=check:BiGGR.install-out.txt --library=/home/biocbuild/bbs-3.12-bioc/R/library --no-vignettes --timings BiGGR_1.26.0.tar.gz
###
##############################################################################
##############################################################################
* using log directory ‘/home/biocbuild/bbs-3.12-bioc/meat/BiGGR.Rcheck’
* using R version 4.0.5 (2021-03-31)
* using platform: x86_64-pc-linux-gnu (64-bit)
* using session charset: UTF-8
* using option ‘--no-vignettes’
* checking for file ‘BiGGR/DESCRIPTION’ ... OK
* checking extension type ... Package
* this is package ‘BiGGR’ version ‘1.26.0’
* checking package namespace information ... OK
* checking package dependencies ... OK
* checking if this is a source package ... OK
* checking if there is a namespace ... OK
* checking for hidden files and directories ... NOTE
Found the following hidden files and directories:
.BBSoptions
These were most likely included in error. See section ‘Package
structure’ in the ‘Writing R Extensions’ manual.
* checking for portable file names ... OK
* checking for sufficient/correct file permissions ... OK
* checking whether package ‘BiGGR’ can be installed ... WARNING
Found the following significant warnings:
Warning: multiple methods tables found for ‘type’
Warning: multiple methods tables found for ‘type<-’
See ‘/home/biocbuild/bbs-3.12-bioc/meat/BiGGR.Rcheck/00install.out’ for details.
* checking installed package size ... OK
* checking package directory ... OK
* checking ‘build’ directory ... OK
* checking DESCRIPTION meta-information ... OK
* checking top-level files ... OK
* checking for left-over files ... OK
* checking index information ... OK
* checking package subdirectories ... OK
* checking R files for non-ASCII characters ... OK
* checking R files for syntax errors ... OK
* checking whether the package can be loaded ... OK
* checking whether the package can be loaded with stated dependencies ... OK
* checking whether the package can be unloaded cleanly ... OK
* checking whether the namespace can be loaded with stated dependencies ... OK
* checking whether the namespace can be unloaded cleanly ... OK
* checking dependencies in R code ... NOTE
Package in Depends field not imported from: ‘stringr’
These packages need to be imported from (in the NAMESPACE file)
for when this namespace is loaded but not attached.
* checking S3 generic/method consistency ... OK
* checking replacement functions ... OK
* checking foreign function calls ... OK
* checking R code for possible problems ... NOTE
.buildSubModel: no visible global function definition for ‘new’
buildSBMLFromBiGG: no visible global function definition for
‘read.delim’
buildSBMLFromBiGG : <anonymous>: no visible global function definition
for ‘new’
buildSBMLFromBiGG: no visible global function definition for ‘new’
createLIMFromSBML: no visible global function definition for ‘hasArg’
gprMapping: no visible global function definition for ‘str_detect’
gprMapping: no visible global function definition for ‘na.omit’
gprMappingAvg: no visible global function definition for ‘na.omit’
sampleFluxEnsemble: no visible global function definition for ‘Xsample’
sbml2hyperdraw : <anonymous>: no visible binding for global variable
‘species’
sbml2hyperdraw: no visible global function definition for ‘hasArg’
sbml2hyperdraw: no visible global function definition for ‘graphLayout’
sbml2hyperdraw: no visible global function definition for
‘nodeDataDefaults<-’
sbml2hyperdraw: no visible global function definition for
‘edgeDataDefaults<-’
sbml2hyperdraw: no visible global function definition for
‘graphDataDefaults<-’
sbml2hyperdraw : <anonymous>: no visible global function definition for
‘edgeData<-’
Undefined global functions or variables:
Xsample edgeData<- edgeDataDefaults<- graphDataDefaults<- graphLayout
hasArg na.omit new nodeDataDefaults<- read.delim species str_detect
Consider adding
importFrom("methods", "hasArg", "new")
importFrom("stats", "na.omit")
importFrom("utils", "read.delim")
to your NAMESPACE file (and ensure that your DESCRIPTION Imports field
contains 'methods').
* checking Rd files ... OK
* checking Rd metadata ... OK
* checking Rd cross-references ... OK
* checking for missing documentation entries ... OK
* checking for code/documentation mismatches ... OK
* checking Rd \usage sections ... OK
* checking Rd contents ... OK
* checking for unstated dependencies in examples ... OK
* checking contents of ‘data’ directory ... OK
* checking data for non-ASCII characters ... OK
* checking data for ASCII and uncompressed saves ... OK
* checking installed files from ‘inst/doc’ ... OK
* checking files in ‘vignettes’ ... OK
* checking examples ... OK
Examples with CPU (user + system) or elapsed time > 5s
user system elapsed
gprMapping 165.604 0.140 166.182
gprMappingAvg 16.996 0.008 17.025
buildSBMLFromGenes 7.628 0.156 7.796
* checking for unstated dependencies in vignettes ... OK
* checking package vignettes in ‘inst/doc’ ... OK
* checking running R code from vignettes ... SKIPPED
* checking re-building of vignette outputs ... SKIPPED
* checking PDF version of manual ... OK
* DONE
Status: 1 WARNING, 3 NOTEs
See
‘/home/biocbuild/bbs-3.12-bioc/meat/BiGGR.Rcheck/00check.log’
for details.
BiGGR.Rcheck/00install.out
############################################################################## ############################################################################## ### ### Running command: ### ### /home/biocbuild/bbs-3.12-bioc/R/bin/R CMD INSTALL BiGGR ### ############################################################################## ############################################################################## * installing to library ‘/home/biocbuild/bbs-3.12-bioc/R/library’ * installing *source* package ‘BiGGR’ ... ** using staged installation ** R ** data ** inst ** byte-compile and prepare package for lazy loading Warning messages: 1: multiple methods tables found for ‘type’ 2: multiple methods tables found for ‘type<-’ ** help *** installing help indices ** building package indices ** installing vignettes ** testing if installed package can be loaded from temporary location Warning: multiple methods tables found for ‘type’ Warning: multiple methods tables found for ‘type<-’ ** testing if installed package can be loaded from final location Warning: multiple methods tables found for ‘type’ Warning: multiple methods tables found for ‘type<-’ ** testing if installed package keeps a record of temporary installation path * DONE (BiGGR)
BiGGR.Rcheck/BiGGR-Ex.timings
| name | user | system | elapsed | |
| BiGGR-package | 3.208 | 0.120 | 3.358 | |
| E.coli_iAF1260 | 1.056 | 0.036 | 1.096 | |
| E.coli_iJR904 | 0.544 | 0.000 | 0.544 | |
| E.coli_textbook | 0.036 | 0.036 | 0.070 | |
| H.pylori_ilT341 | 0.164 | 0.028 | 0.193 | |
| H.sapiens_Recon1 | 1.008 | 0.036 | 1.042 | |
| M.barkeri_iAF692 | 0.292 | 0.068 | 0.363 | |
| M.tuberculosis_iNJ661 | 0.332 | 0.044 | 0.378 | |
| P.putida_iJN746 | 0.420 | 0.044 | 0.465 | |
| Recon2 | 2.628 | 0.088 | 2.721 | |
| S.aureus_iSB619 | 0.372 | 0.044 | 0.416 | |
| S.cerevisiae_iND750 | 0.588 | 0.044 | 0.636 | |
| buildSBMLFromBiGG | 0.144 | 0.020 | 0.164 | |
| buildSBMLFromGenes | 7.628 | 0.156 | 7.796 | |
| buildSBMLFromPathways | 4.332 | 0.028 | 4.362 | |
| buildSBMLFromReactionIDs | 2.508 | 0.012 | 2.526 | |
| createLIMFromBiGG | 0.144 | 0.000 | 0.145 | |
| createLIMFromSBML | 1.128 | 0.020 | 1.149 | |
| extractGeneAssociations | 3.044 | 0.004 | 3.053 | |
| extractPathways | 2.772 | 0.020 | 2.809 | |
| getPathwaysForSBML | 3.208 | 0.000 | 3.209 | |
| getRates | 0.000 | 0.004 | 0.004 | |
| gprMapping | 165.604 | 0.140 | 166.182 | |
| gprMappingAvg | 16.996 | 0.008 | 17.025 | |
| lying.tunell.data | 0.000 | 0.000 | 0.002 | |
| rmvSpliceVariant | 2.228 | 0.004 | 2.235 | |
| sampleFluxEnsemble | 3.036 | 0.056 | 3.106 | |
| sbml2hyperdraw | 3.052 | 0.012 | 3.068 | |