| Back to Multiple platform build/check report for BioC 3.12 | 
  | 
This page was generated on 2021-05-06 12:28:59 -0400 (Thu, 06 May 2021).
| 
To the developers/maintainers of the sapFinder package: Please make sure to use the following settings in order to reproduce any error or warning you see on this page.  | 
| Package 1618/1974 | Hostname | OS / Arch | INSTALL | BUILD | CHECK | BUILD BIN | ||||||||
Shaohang Xu 
  | malbec1 | Linux (Ubuntu 18.04.5 LTS) / x86_64 | OK | OK | WARNINGS | |||||||||
| tokay1 | Windows Server 2012 R2 Standard / x64 | OK | OK | WARNINGS | OK | |||||||||
| merida1 | macOS 10.14.6 Mojave / x86_64 | ERROR | ERROR | skipped | skipped | |||||||||
| Package: sapFinder | 
| Version: 1.28.0 | 
| Command: /home/biocbuild/bbs-3.12-bioc/R/bin/R CMD check --install=check:sapFinder.install-out.txt --library=/home/biocbuild/bbs-3.12-bioc/R/library --no-vignettes --timings sapFinder_1.28.0.tar.gz | 
| StartedAt: 2021-05-06 05:38:22 -0400 (Thu, 06 May 2021) | 
| EndedAt: 2021-05-06 05:39:43 -0400 (Thu, 06 May 2021) | 
| EllapsedTime: 80.5 seconds | 
| RetCode: 0 | 
| Status: WARNINGS | 
| CheckDir: sapFinder.Rcheck | 
| Warnings: 1 | 
##############################################################################
##############################################################################
###
### Running command:
###
###   /home/biocbuild/bbs-3.12-bioc/R/bin/R CMD check --install=check:sapFinder.install-out.txt --library=/home/biocbuild/bbs-3.12-bioc/R/library --no-vignettes --timings sapFinder_1.28.0.tar.gz
###
##############################################################################
##############################################################################
* using log directory ‘/home/biocbuild/bbs-3.12-bioc/meat/sapFinder.Rcheck’
* using R version 4.0.5 (2021-03-31)
* using platform: x86_64-pc-linux-gnu (64-bit)
* using session charset: UTF-8
* using option ‘--no-vignettes’
* checking for file ‘sapFinder/DESCRIPTION’ ... OK
* checking extension type ... Package
* this is package ‘sapFinder’ version ‘1.28.0’
* checking package namespace information ... OK
* checking package dependencies ... OK
* checking if this is a source package ... OK
* checking if there is a namespace ... OK
* checking for hidden files and directories ... NOTE
Found the following hidden files and directories:
  .BBSoptions
These were most likely included in error. See section ‘Package
structure’ in the ‘Writing R Extensions’ manual.
* checking for portable file names ... OK
* checking for sufficient/correct file permissions ... OK
* checking whether package ‘sapFinder’ can be installed ... WARNING
Found the following significant warnings:
  Warning: Package 'rTANDEM' is deprecated and will be removed from Bioconductor
  Warning: Package 'sapFinder' is deprecated and will be removed from Bioconductor
See ‘/home/biocbuild/bbs-3.12-bioc/meat/sapFinder.Rcheck/00install.out’ for details.
* checking installed package size ... NOTE
  installed size is  7.5Mb
  sub-directories of 1Mb or more:
    extdata   2.0Mb
    libs      1.4Mb
* checking package directory ... OK
* checking ‘build’ directory ... OK
* checking DESCRIPTION meta-information ... NOTE
Malformed Title field: should not end in a period.
* checking top-level files ... OK
* checking for left-over files ... OK
* checking index information ... OK
* checking package subdirectories ... OK
* checking R files for non-ASCII characters ... OK
* checking R files for syntax errors ... OK
* checking whether the package can be loaded ... OK
* checking whether the package can be loaded with stated dependencies ... OK
* checking whether the package can be unloaded cleanly ... OK
* checking whether the namespace can be loaded with stated dependencies ... OK
* checking whether the namespace can be unloaded cleanly ... OK
* checking dependencies in R code ... OK
* checking S3 generic/method consistency ... OK
* checking replacement functions ... OK
* checking foreign function calls ... OK
* checking R code for possible problems ... NOTE
.spplot: no visible global function definition for ‘mtext’
.spplot: no visible global function definition for ‘axis’
.spplot: no visible global function definition for ‘points’
Sys.which2: no visible global function definition for ‘setNames’
Undefined global functions or variables:
  axis mtext points setNames
Consider adding
  importFrom("graphics", "axis", "mtext", "points")
  importFrom("stats", "setNames")
to your NAMESPACE file.
* checking Rd files ... OK
* checking Rd metadata ... OK
* checking Rd cross-references ... OK
* checking for missing documentation entries ... OK
* checking for code/documentation mismatches ... OK
* checking Rd \usage sections ... OK
* checking Rd contents ... OK
* checking for unstated dependencies in examples ... OK
* checking line endings in C/C++/Fortran sources/headers ... OK
* checking line endings in Makefiles ... OK
* checking compilation flags in Makevars ... OK
* checking for GNU extensions in Makefiles ... OK
* checking for portable use of $(BLAS_LIBS) and $(LAPACK_LIBS) ... OK
* checking use of PKG_*FLAGS in Makefiles ... OK
* checking compiled code ... NOTE
Note: information on .o files is not available
* checking files in ‘vignettes’ ... OK
* checking examples ... OK
Examples with CPU (user + system) or elapsed time > 5s
                user system elapsed
reportCreator 16.804  1.868  13.106
easyRun       15.748  1.872  12.607
parserGear    11.216  1.740   8.297
dbCreator      8.864  1.492   6.212
runTandem      7.424  1.420   7.055
* checking for unstated dependencies in ‘tests’ ... OK
* checking tests ...
  Running ‘runTests.R’
 OK
* checking for unstated dependencies in vignettes ... OK
* checking package vignettes in ‘inst/doc’ ... OK
* checking running R code from vignettes ... SKIPPED
* checking re-building of vignette outputs ... SKIPPED
* checking PDF version of manual ... OK
* DONE
Status: 1 WARNING, 5 NOTEs
See
  ‘/home/biocbuild/bbs-3.12-bioc/meat/sapFinder.Rcheck/00check.log’
for details.
sapFinder.Rcheck/00install.out
############################################################################## ############################################################################## ### ### Running command: ### ### /home/biocbuild/bbs-3.12-bioc/R/bin/R CMD INSTALL sapFinder ### ############################################################################## ############################################################################## * installing to library ‘/home/biocbuild/bbs-3.12-bioc/R/library’ * installing *source* package ‘sapFinder’ ... ** using staged installation ** libs g++ -std=gnu++11 -I"/home/biocbuild/bbs-3.12-bioc/R/include" -DNDEBUG -I'/home/biocbuild/bbs-3.12-bioc/R/library/Rcpp/include' -I/usr/local/include -fpic -g -O2 -Wall -c dataHandle.cpp -o dataHandle.o g++ -std=gnu++11 -shared -L/home/biocbuild/bbs-3.12-bioc/R/lib -L/usr/local/lib -o sapFinder.so dataHandle.o -L/home/biocbuild/bbs-3.12-bioc/R/lib -lR installing to /home/biocbuild/bbs-3.12-bioc/R/library/00LOCK-sapFinder/00new/sapFinder/libs ** R ** inst ** byte-compile and prepare package for lazy loading Warning message: Package 'rTANDEM' is deprecated and will be removed from Bioconductor version 3.13 ** help *** installing help indices ** building package indices ** installing vignettes ** testing if installed package can be loaded from temporary location Warning: Package 'rTANDEM' is deprecated and will be removed from Bioconductor version 3.13 Warning: Package 'sapFinder' is deprecated and will be removed from Bioconductor version 3.13 ** checking absolute paths in shared objects and dynamic libraries ** testing if installed package can be loaded from final location Warning: Package 'rTANDEM' is deprecated and will be removed from Bioconductor version 3.13 Warning: Package 'sapFinder' is deprecated and will be removed from Bioconductor version 3.13 ** testing if installed package keeps a record of temporary installation path * DONE (sapFinder)
sapFinder.Rcheck/tests/runTests.Rout
R version 4.0.5 (2021-03-31) -- "Shake and Throw"
Copyright (C) 2021 The R Foundation for Statistical Computing
Platform: x86_64-pc-linux-gnu (64-bit)
R is free software and comes with ABSOLUTELY NO WARRANTY.
You are welcome to redistribute it under certain conditions.
Type 'license()' or 'licence()' for distribution details.
R is a collaborative project with many contributors.
Type 'contributors()' for more information and
'citation()' on how to cite R or R packages in publications.
Type 'demo()' for some demos, 'help()' for on-line help, or
'help.start()' for an HTML browser interface to help.
Type 'q()' to quit R.
> BiocGenerics:::testPackage("sapFinder")
RUNIT TEST PROTOCOL -- Thu May  6 05:39:40 2021 
*********************************************** 
Number of test functions: 1 
Number of errors: 0 
Number of failures: 0 
 
1 Test Suite : 
sapFinder RUnit Tests - 1 test function, 0 errors, 0 failures
Number of test functions: 1 
Number of errors: 0 
Number of failures: 0 
Warning messages:
1: Package 'rTANDEM' is deprecated and will be removed from Bioconductor
  version 3.13 
2: Package 'sapFinder' is deprecated and will be removed from Bioconductor
  version 3.13 
> 
> proc.time()
   user  system elapsed 
  0.988   0.064   1.048 
sapFinder.Rcheck/sapFinder-Ex.timings
| name | user | system | elapsed | |
| dbCreator | 8.864 | 1.492 | 6.212 | |
| easyRun | 15.748 | 1.872 | 12.607 | |
| parserGear | 11.216 | 1.740 | 8.297 | |
| reportCreator | 16.804 | 1.868 | 13.106 | |
| runTandem | 7.424 | 1.420 | 7.055 | |