| Back to Multiple platform build/check report for BioC 3.12 |
|
This page was generated on 2021-05-06 12:33:09 -0400 (Thu, 06 May 2021).
|
To the developers/maintainers of the rebook package: Please make sure to use the following settings in order to reproduce any error or warning you see on this page. |
| Package 1486/1974 | Hostname | OS / Arch | INSTALL | BUILD | CHECK | BUILD BIN | ||||||||
| rebook 1.0.0 (landing page) Aaron Lun
| malbec1 | Linux (Ubuntu 18.04.5 LTS) / x86_64 | OK | OK | OK | |||||||||
| tokay1 | Windows Server 2012 R2 Standard / x64 | OK | ERROR | skipped | skipped | |||||||||
| merida1 | macOS 10.14.6 Mojave / x86_64 | OK | OK | OK | OK | |||||||||
| Package: rebook |
| Version: 1.0.0 |
| Command: chmod a+r rebook -R && C:\Users\biocbuild\bbs-3.12-bioc\R\bin\R.exe CMD build --keep-empty-dirs --no-resave-data rebook |
| StartedAt: 2021-05-05 23:03:38 -0400 (Wed, 05 May 2021) |
| EndedAt: 2021-05-05 23:03:58 -0400 (Wed, 05 May 2021) |
| EllapsedTime: 20.2 seconds |
| RetCode: 1 |
| Status: ERROR |
| PackageFile: None |
| PackageFileSize: NA |
##############################################################################
##############################################################################
###
### Running command:
###
### chmod a+r rebook -R && C:\Users\biocbuild\bbs-3.12-bioc\R\bin\R.exe CMD build --keep-empty-dirs --no-resave-data rebook
###
##############################################################################
##############################################################################
* checking for file 'rebook/DESCRIPTION' ... OK
* preparing 'rebook':
* checking DESCRIPTION meta-information ... OK
* installing the package to build vignettes
* creating vignettes ... ERROR
--- re-building 'userguide.Rmd' using rmarkdown
# Error in data$sofile[[paste0("arch-", .Platform$r_arch)]] :
# subscript out of bounds
# Calls: <Anonymous>
# Execution halted
Quitting from lines 51-52 (userguide.Rmd)
Error: processing vignette 'userguide.Rmd' failed with diagnostics:
failed to compile 'C:\Users\biocbuild\bbs-3.12-bioc\tmpdir\RtmpIRnx2X\file3088a75b99.Rmd'
--- failed re-building 'userguide.Rmd'
SUMMARY: processing the following file failed:
'userguide.Rmd'
Error: Vignette re-building failed.
Execution halted