| Back to Multiple platform build/check report for BioC 3.12 |
|
This page was generated on 2021-05-06 12:31:29 -0400 (Thu, 06 May 2021).
|
To the developers/maintainers of the ggcyto package: Please make sure to use the following settings in order to reproduce any error or warning you see on this page. |
| Package 737/1974 | Hostname | OS / Arch | INSTALL | BUILD | CHECK | BUILD BIN | ||||||||
| ggcyto 1.18.0 (landing page) Mike Jiang
| malbec1 | Linux (Ubuntu 18.04.5 LTS) / x86_64 | OK | OK | OK | |||||||||
| tokay1 | Windows Server 2012 R2 Standard / x64 | OK | OK | WARNINGS | OK | |||||||||
| merida1 | macOS 10.14.6 Mojave / x86_64 | OK | OK | OK | OK | |||||||||
| Package: ggcyto |
| Version: 1.18.0 |
| Command: C:\Users\biocbuild\bbs-3.12-bioc\R\bin\R.exe CMD check --force-multiarch --install=check:ggcyto.install-out.txt --library=C:\Users\biocbuild\bbs-3.12-bioc\R\library --no-vignettes --timings ggcyto_1.18.0.tar.gz |
| StartedAt: 2021-05-06 03:11:51 -0400 (Thu, 06 May 2021) |
| EndedAt: 2021-05-06 03:18:49 -0400 (Thu, 06 May 2021) |
| EllapsedTime: 418.2 seconds |
| RetCode: 0 |
| Status: WARNINGS |
| CheckDir: ggcyto.Rcheck |
| Warnings: 1 |
##############################################################################
##############################################################################
###
### Running command:
###
### C:\Users\biocbuild\bbs-3.12-bioc\R\bin\R.exe CMD check --force-multiarch --install=check:ggcyto.install-out.txt --library=C:\Users\biocbuild\bbs-3.12-bioc\R\library --no-vignettes --timings ggcyto_1.18.0.tar.gz
###
##############################################################################
##############################################################################
* using log directory 'C:/Users/biocbuild/bbs-3.12-bioc/meat/ggcyto.Rcheck'
* using R version 4.0.5 (2021-03-31)
* using platform: x86_64-w64-mingw32 (64-bit)
* using session charset: ISO8859-1
* using option '--no-vignettes'
* checking for file 'ggcyto/DESCRIPTION' ... OK
* checking extension type ... Package
* this is package 'ggcyto' version '1.18.0'
* checking package namespace information ... OK
* checking package dependencies ... OK
* checking if this is a source package ... OK
* checking if there is a namespace ... OK
* checking for hidden files and directories ... NOTE
Found the following hidden files and directories:
.travis.yml
These were most likely included in error. See section 'Package
structure' in the 'Writing R Extensions' manual.
* checking for portable file names ... NOTE
Found the following non-portable file path:
ggcyto/docs/articles/advanced/ggplot.flowSet.overlay_files/accessible-code-block-0.0.1/empty-anchor.js
Tarballs are only required to store paths of up to 100 bytes and cannot
store those of more than 256 bytes, with restrictions including to 100
bytes for the final component.
See section 'Package structure' in the 'Writing R Extensions' manual.
* checking whether package 'ggcyto' can be installed ... WARNING
Found the following significant warnings:
Rd warning: C:/Users/biocbuild/bbs-3.12-bioc/tmpdir/RtmpkRzHxA/R.INSTALLd80cc67e85/ggcyto/man/marginalFilter.Rd:14: file link 'boundaryFilter' in package 'flowCore' does not exist and so has been treated as a topic
See 'C:/Users/biocbuild/bbs-3.12-bioc/meat/ggcyto.Rcheck/00install.out' for details.
* checking installed package size ... OK
* checking package directory ... OK
* checking 'build' directory ... OK
* checking DESCRIPTION meta-information ... OK
* checking top-level files ... OK
* checking for left-over files ... OK
* checking index information ... OK
* checking package subdirectories ... OK
* checking R files for non-ASCII characters ... OK
* checking R files for syntax errors ... OK
* loading checks for arch 'i386'
** checking whether the package can be loaded ... OK
** checking whether the package can be loaded with stated dependencies ... OK
** checking whether the package can be unloaded cleanly ... OK
** checking whether the namespace can be loaded with stated dependencies ... OK
** checking whether the namespace can be unloaded cleanly ... OK
* loading checks for arch 'x64'
** checking whether the package can be loaded ... OK
** checking whether the package can be loaded with stated dependencies ... OK
** checking whether the package can be unloaded cleanly ... OK
** checking whether the namespace can be loaded with stated dependencies ... OK
** checking whether the namespace can be unloaded cleanly ... OK
* checking dependencies in R code ... NOTE
Namespace in Imports field not imported from: 'scales'
All declared Imports should be used.
':::' call which should be '::': 'flowWorkspace:::gh_pop_is_negated'
See the note in ?`:::` about the use of this operator.
Unexported objects imported by ':::' calls:
'flowWorkspace:::.mergeGates' 'flowWorkspace:::compact'
'flowWorkspace:::fix_y_axis' 'ggplot2:::+.gg' 'ggplot2:::add_group'
'ggplot2:::as_gg_data_frame' 'ggplot2:::check_aesthetics'
'ggplot2:::hex_binwidth' 'ggplot2:::is.waive'
'ggplot2:::is_calculated_aes' 'ggplot2:::make_labels'
'ggplot2:::make_scale' 'ggplot2:::plot_clone'
'ggplot2:::print.ggplot' 'ggplot2:::scales_add_defaults'
'ggplot2:::scales_list'
See the note in ?`:::` about the use of this operator.
* checking S3 generic/method consistency ... OK
* checking replacement functions ... OK
* checking foreign function calls ... OK
* checking R code for possible problems ... NOTE
.fs2dt: no visible binding for global variable 'name'
add_ggcyto: no visible binding for global variable 'name'
add_ggcyto: no visible global function definition for 'modifyList'
add_ggcyto: no visible binding for global variable 'axis'
add_ggcyto: no visible binding for global variable 'desc'
add_par: no visible global function definition for 'modifyList'
as.ggplot: no visible binding for global variable 'axis'
as.ggplot: no visible binding for global variable 'name'
as.ggplot : <anonymous>: no visible binding for global variable 'axis'
as.ggplot : <anonymous>: no visible binding for global variable 'name'
as.ggplot: no visible binding for global variable 'count'
as.ggplot: no visible global function definition for 'densCols'
as.ggplot: no visible global function definition for 'colorRampPalette'
as.ggplot: no visible binding for global variable 'density'
autoplot.GatingHierarchy : <anonymous>: no visible global function
definition for 'gray'
autoplot.GatingSetList: no visible global function definition for
'getS3method'
autoplot.ncdfFlowList: no visible global function definition for
'getS3method'
density_fr_all : <anonymous>: no visible global function definition for
'gray'
fortify.GatingSetList: no visible global function definition for
'getS3method'
fortify.ncdfFlowList: no visible global function definition for
'getS3method'
fortify_fs.GatingSetList: no visible global function definition for
'getS3method'
getFlowFrame.GatingSetList: no visible global function definition for
'getS3method'
getFlowFrame.ncdfFlowList: no visible global function definition for
'getS3method'
ggcyto.GatingSetList: no visible global function definition for
'getS3method'
ggcyto.flowSet: no visible binding for global variable 'name'
ggcyto.flowSet: no visible binding for global variable 'axis'
ggcyto.ncdfFlowList: no visible global function definition for
'getS3method'
ggcyto_arrange: no visible binding for global variable 'name'
Undefined global functions or variables:
axis colorRampPalette count densCols density desc getS3method gray
modifyList name
Consider adding
importFrom("grDevices", "colorRampPalette", "densCols", "gray")
importFrom("graphics", "axis")
importFrom("stats", "density")
importFrom("utils", "getS3method", "modifyList")
to your NAMESPACE file.
* checking Rd files ... OK
* checking Rd metadata ... OK
* checking Rd cross-references ... OK
* checking for missing documentation entries ... OK
* checking for code/documentation mismatches ... OK
* checking Rd \usage sections ... OK
* checking Rd contents ... OK
* checking for unstated dependencies in examples ... OK
* checking files in 'vignettes' ... OK
* checking examples ...
** running examples for arch 'i386' ... OK
Examples with CPU (user + system) or elapsed time > 5s
user system elapsed
autoplot 9.25 0.36 9.61
ggcyto 8.62 0.09 8.72
ggcyto_add 6.91 0.24 7.14
** running examples for arch 'x64' ... OK
Examples with CPU (user + system) or elapsed time > 5s
user system elapsed
ggcyto 10.22 0.13 10.35
autoplot 9.28 0.31 9.59
ggcyto_add 7.84 0.17 8.01
* checking for unstated dependencies in 'tests' ... OK
* checking tests ...
** running tests for arch 'i386' ...
Running 'testthat.R'
OK
** running tests for arch 'x64' ...
Running 'testthat.R'
OK
* checking for unstated dependencies in vignettes ... OK
* checking package vignettes in 'inst/doc' ... OK
* checking running R code from vignettes ... SKIPPED
* checking re-building of vignette outputs ... SKIPPED
* checking PDF version of manual ... OK
* DONE
Status: 1 WARNING, 4 NOTEs
See
'C:/Users/biocbuild/bbs-3.12-bioc/meat/ggcyto.Rcheck/00check.log'
for details.
ggcyto.Rcheck/00install.out
##############################################################################
##############################################################################
###
### Running command:
###
### C:\cygwin\bin\curl.exe -O http://172.29.0.3/BBS/3.12/bioc/src/contrib/ggcyto_1.18.0.tar.gz && rm -rf ggcyto.buildbin-libdir && mkdir ggcyto.buildbin-libdir && C:\Users\biocbuild\bbs-3.12-bioc\R\bin\R.exe CMD INSTALL --merge-multiarch --build --library=ggcyto.buildbin-libdir ggcyto_1.18.0.tar.gz && C:\Users\biocbuild\bbs-3.12-bioc\R\bin\R.exe CMD INSTALL ggcyto_1.18.0.zip && rm ggcyto_1.18.0.tar.gz ggcyto_1.18.0.zip
###
##############################################################################
##############################################################################
% Total % Received % Xferd Average Speed Time Time Time Current
Dload Upload Total Spent Left Speed
0 0 0 0 0 0 0 0 --:--:-- --:--:-- --:--:-- 0
100 14.1M 100 14.1M 0 0 37.5M 0 --:--:-- --:--:-- --:--:-- 37.6M
install for i386
* installing *source* package 'ggcyto' ...
** using staged installation
** R
** inst
** byte-compile and prepare package for lazy loading
** help
*** installing help indices
converting help for package 'ggcyto'
finding HTML links ... done
as.ggplot html
autoplot html
finding level-2 HTML links ... done
axis_x_inverse_trans html
compute_stats html
flowCore_asinht_trans html
fortify.ellipsoidGate html
fortify.filterList html
fortify.flowSet html
fortify.polygonGate html
fortify.rectangleGate html
fortify_fs html
gate_null html
geom_gate html
geom_hvline html
geom_overlay html
geom_stats html
getFlowFrame html
ggcyto html
ggcyto_add html
ggcyto_arrange html
ggcyto_par_default html
ggcyto_par_set html
is.ggcyto html
is.ggcyto_flowSet html
is.ggcyto_par html
labs_cyto html
marginalFilter html
Rd warning: C:/Users/biocbuild/bbs-3.12-bioc/tmpdir/RtmpkRzHxA/R.INSTALLd80cc67e85/ggcyto/man/marginalFilter.Rd:14: file link 'boundaryFilter' in package 'flowCore' does not exist and so has been treated as a topic
merge.quad.gates html
print.ggcyto html
print.ggcyto_GatingLayout html
replace_data html
scale_x_flowCore_fasinh html
scale_x_logicle html
scales_flowjo_biexp html
scales_flowjo_fasinh html
stat_position html
stats_null html
transform-gate html
*** copying figures
** building package indices
** installing vignettes
** testing if installed package can be loaded from temporary location
** testing if installed package can be loaded from final location
** testing if installed package keeps a record of temporary installation path
install for x64
* installing *source* package 'ggcyto' ...
** testing if installed package can be loaded
* MD5 sums
packaged installation of 'ggcyto' as ggcyto_1.18.0.zip
* DONE (ggcyto)
* installing to library 'C:/Users/biocbuild/bbs-3.12-bioc/R/library'
package 'ggcyto' successfully unpacked and MD5 sums checked
|
ggcyto.Rcheck/tests_i386/testthat.Rout
R version 4.0.5 (2021-03-31) -- "Shake and Throw"
Copyright (C) 2021 The R Foundation for Statistical Computing
Platform: i386-w64-mingw32/i386 (32-bit)
R is free software and comes with ABSOLUTELY NO WARRANTY.
You are welcome to redistribute it under certain conditions.
Type 'license()' or 'licence()' for distribution details.
R is a collaborative project with many contributors.
Type 'contributors()' for more information and
'citation()' on how to cite R or R packages in publications.
Type 'demo()' for some demos, 'help()' for on-line help, or
'help.start()' for an HTML browser interface to help.
Type 'q()' to quit R.
> library(testthat)
> library(ggcyto)
Loading required package: ggplot2
Loading required package: flowCore
Loading required package: ncdfFlow
Loading required package: RcppArmadillo
Loading required package: BH
Loading required package: flowWorkspace
As part of improvements to flowWorkspace, some behavior of
GatingSet objects has changed. For details, please read the section
titled "The cytoframe and cytoset classes" in the package vignette:
vignette("flowWorkspace-Introduction", "flowWorkspace")
> library(vdiffr)
>
> test_check("ggcyto")
== Skipped tests ===============================================================
* Skipping on CRAN (40)
[ FAIL 0 | WARN 0 | SKIP 40 | PASS 7 ]
There were 36 warnings (use warnings() to see them)
>
> proc.time()
user system elapsed
60.37 5.43 65.86
|
ggcyto.Rcheck/tests_x64/testthat.Rout
R version 4.0.5 (2021-03-31) -- "Shake and Throw"
Copyright (C) 2021 The R Foundation for Statistical Computing
Platform: x86_64-w64-mingw32/x64 (64-bit)
R is free software and comes with ABSOLUTELY NO WARRANTY.
You are welcome to redistribute it under certain conditions.
Type 'license()' or 'licence()' for distribution details.
R is a collaborative project with many contributors.
Type 'contributors()' for more information and
'citation()' on how to cite R or R packages in publications.
Type 'demo()' for some demos, 'help()' for on-line help, or
'help.start()' for an HTML browser interface to help.
Type 'q()' to quit R.
> library(testthat)
> library(ggcyto)
Loading required package: ggplot2
Loading required package: flowCore
Loading required package: ncdfFlow
Loading required package: RcppArmadillo
Loading required package: BH
Loading required package: flowWorkspace
As part of improvements to flowWorkspace, some behavior of
GatingSet objects has changed. For details, please read the section
titled "The cytoframe and cytoset classes" in the package vignette:
vignette("flowWorkspace-Introduction", "flowWorkspace")
> library(vdiffr)
>
> test_check("ggcyto")
== Skipped tests ===============================================================
* Skipping on CRAN (40)
[ FAIL 0 | WARN 0 | SKIP 40 | PASS 7 ]
There were 36 warnings (use warnings() to see them)
>
> proc.time()
user system elapsed
66.90 5.75 72.70
|
|
ggcyto.Rcheck/examples_i386/ggcyto-Ex.timings
|
ggcyto.Rcheck/examples_x64/ggcyto-Ex.timings
|