| Back to Multiple platform build/check report for BioC 3.12 |
|
This page was generated on 2021-05-06 12:32:23 -0400 (Thu, 06 May 2021).
|
To the developers/maintainers of the MSstatsSampleSize package: Please make sure to use the following settings in order to reproduce any error or warning you see on this page. |
| Package 1170/1974 | Hostname | OS / Arch | INSTALL | BUILD | CHECK | BUILD BIN | ||||||||
| MSstatsSampleSize 1.4.0 (landing page) Ting Huang
| malbec1 | Linux (Ubuntu 18.04.5 LTS) / x86_64 | OK | OK | WARNINGS | |||||||||
| tokay1 | Windows Server 2012 R2 Standard / x64 | OK | OK | WARNINGS | OK | |||||||||
| merida1 | macOS 10.14.6 Mojave / x86_64 | OK | OK | WARNINGS | OK | |||||||||
| Package: MSstatsSampleSize |
| Version: 1.4.0 |
| Command: C:\Users\biocbuild\bbs-3.12-bioc\R\bin\R.exe CMD check --force-multiarch --install=check:MSstatsSampleSize.install-out.txt --library=C:\Users\biocbuild\bbs-3.12-bioc\R\library --no-vignettes --timings MSstatsSampleSize_1.4.0.tar.gz |
| StartedAt: 2021-05-06 04:54:49 -0400 (Thu, 06 May 2021) |
| EndedAt: 2021-05-06 05:01:28 -0400 (Thu, 06 May 2021) |
| EllapsedTime: 399.0 seconds |
| RetCode: 0 |
| Status: WARNINGS |
| CheckDir: MSstatsSampleSize.Rcheck |
| Warnings: 2 |
##############################################################################
##############################################################################
###
### Running command:
###
### C:\Users\biocbuild\bbs-3.12-bioc\R\bin\R.exe CMD check --force-multiarch --install=check:MSstatsSampleSize.install-out.txt --library=C:\Users\biocbuild\bbs-3.12-bioc\R\library --no-vignettes --timings MSstatsSampleSize_1.4.0.tar.gz
###
##############################################################################
##############################################################################
* using log directory 'C:/Users/biocbuild/bbs-3.12-bioc/meat/MSstatsSampleSize.Rcheck'
* using R version 4.0.5 (2021-03-31)
* using platform: x86_64-w64-mingw32 (64-bit)
* using session charset: ISO8859-1
* using option '--no-vignettes'
* checking for file 'MSstatsSampleSize/DESCRIPTION' ... OK
* checking extension type ... Package
* this is package 'MSstatsSampleSize' version '1.4.0'
* package encoding: UTF-8
* checking package namespace information ... OK
* checking package dependencies ... OK
* checking if this is a source package ... OK
* checking if there is a namespace ... OK
* checking for hidden files and directories ... OK
* checking for portable file names ... OK
* checking whether package 'MSstatsSampleSize' can be installed ... OK
* checking installed package size ... OK
* checking package directory ... OK
* checking 'build' directory ... OK
* checking DESCRIPTION meta-information ... OK
* checking top-level files ... OK
* checking for left-over files ... OK
* checking index information ... OK
* checking package subdirectories ... OK
* checking R files for non-ASCII characters ... OK
* checking R files for syntax errors ... OK
* loading checks for arch 'i386'
** checking whether the package can be loaded ... OK
** checking whether the package can be loaded with stated dependencies ... OK
** checking whether the package can be unloaded cleanly ... OK
** checking whether the namespace can be loaded with stated dependencies ... OK
** checking whether the namespace can be unloaded cleanly ... OK
* loading checks for arch 'x64'
** checking whether the package can be loaded ... OK
** checking whether the package can be loaded with stated dependencies ... OK
** checking whether the package can be unloaded cleanly ... OK
** checking whether the namespace can be loaded with stated dependencies ... OK
** checking whether the namespace can be unloaded cleanly ... OK
* checking dependencies in R code ... OK
* checking S3 generic/method consistency ... OK
* checking replacement functions ... OK
* checking foreign function calls ... OK
* checking R code for possible problems ... OK
* checking Rd files ... OK
* checking Rd metadata ... OK
* checking Rd cross-references ... OK
* checking for missing documentation entries ... OK
* checking for code/documentation mismatches ... WARNING
Functions or methods with usage in documentation object '.classification' but not in code:
'.classification'
* checking Rd \usage sections ... OK
* checking Rd contents ... OK
* checking for unstated dependencies in examples ... OK
* checking contents of 'data' directory ... OK
* checking data for non-ASCII characters ... OK
* checking data for ASCII and uncompressed saves ... WARNING
Note: significantly better compression could be obtained
by using R CMD build --resave-data
old_size new_size compress
classification_results.rda 1.8Mb 1.3Mb xz
simulated_datasets.rda 656Kb 511Kb xz
variance_estimation.rda 690Kb 321Kb xz
* checking files in 'vignettes' ... OK
* checking examples ...
** running examples for arch 'i386' ... OK
Examples with CPU (user + system) or elapsed time > 5s
user system elapsed
designSampleSizeClassification 13.08 0.13 13.22
designSampleSizeClassificationPlots 4.71 0.25 82.92
** running examples for arch 'x64' ... OK
Examples with CPU (user + system) or elapsed time > 5s
user system elapsed
designSampleSizeClassification 15.51 0.12 15.69
designSampleSizeClassificationPlots 5.22 0.13 76.58
* checking for unstated dependencies in 'tests' ... OK
* checking tests ...
** running tests for arch 'i386' ...
Running 'testthat.R'
OK
** running tests for arch 'x64' ...
Running 'testthat.R'
OK
* checking for unstated dependencies in vignettes ... OK
* checking package vignettes in 'inst/doc' ... OK
* checking running R code from vignettes ... SKIPPED
* checking re-building of vignette outputs ... SKIPPED
* checking PDF version of manual ... OK
* DONE
Status: 2 WARNINGs
See
'C:/Users/biocbuild/bbs-3.12-bioc/meat/MSstatsSampleSize.Rcheck/00check.log'
for details.
MSstatsSampleSize.Rcheck/00install.out
##############################################################################
##############################################################################
###
### Running command:
###
### C:\cygwin\bin\curl.exe -O http://172.29.0.3/BBS/3.12/bioc/src/contrib/MSstatsSampleSize_1.4.0.tar.gz && rm -rf MSstatsSampleSize.buildbin-libdir && mkdir MSstatsSampleSize.buildbin-libdir && C:\Users\biocbuild\bbs-3.12-bioc\R\bin\R.exe CMD INSTALL --merge-multiarch --build --library=MSstatsSampleSize.buildbin-libdir MSstatsSampleSize_1.4.0.tar.gz && C:\Users\biocbuild\bbs-3.12-bioc\R\bin\R.exe CMD INSTALL MSstatsSampleSize_1.4.0.zip && rm MSstatsSampleSize_1.4.0.tar.gz MSstatsSampleSize_1.4.0.zip
###
##############################################################################
##############################################################################
% Total % Received % Xferd Average Speed Time Time Time Current
Dload Upload Total Spent Left Speed
0 0 0 0 0 0 0 0 --:--:-- --:--:-- --:--:-- 0
100 3280k 100 3280k 0 0 41.8M 0 --:--:-- --:--:-- --:--:-- 42.7M
install for i386
* installing *source* package 'MSstatsSampleSize' ...
** using staged installation
** R
** data
*** moving datasets to lazyload DB
** inst
** byte-compile and prepare package for lazy loading
** help
*** installing help indices
converting help for package 'MSstatsSampleSize'
finding HTML links ... done
MSstatsSampleSize html
OV_SRM_train html
OV_SRM_train_annotation html
classification_results html
designSampleSizeClassification html
designSampleSizeClassificationPlots html
designSampleSizeHypothesisTestingPlot html
designSampleSizePCAplot html
dot-classification html
dot-classificationModel html
dot-classificationPerformance html
dot-logGeneration html
dot-randomImputation html
dot-sampleSimulation html
estimateVar html
meanSDplot html
simulateDataset html
simulated_datasets html
variance_estimation html
** building package indices
** installing vignettes
** testing if installed package can be loaded from temporary location
** testing if installed package can be loaded from final location
** testing if installed package keeps a record of temporary installation path
install for x64
* installing *source* package 'MSstatsSampleSize' ...
** testing if installed package can be loaded
* MD5 sums
packaged installation of 'MSstatsSampleSize' as MSstatsSampleSize_1.4.0.zip
* DONE (MSstatsSampleSize)
* installing to library 'C:/Users/biocbuild/bbs-3.12-bioc/R/library'
package 'MSstatsSampleSize' successfully unpacked and MD5 sums checked
|
MSstatsSampleSize.Rcheck/tests_i386/testthat.Rout
R version 4.0.5 (2021-03-31) -- "Shake and Throw"
Copyright (C) 2021 The R Foundation for Statistical Computing
Platform: i386-w64-mingw32/i386 (32-bit)
R is free software and comes with ABSOLUTELY NO WARRANTY.
You are welcome to redistribute it under certain conditions.
Type 'license()' or 'licence()' for distribution details.
R is a collaborative project with many contributors.
Type 'contributors()' for more information and
'citation()' on how to cite R or R packages in publications.
Type 'demo()' for some demos, 'help()' for on-line help, or
'help.start()' for an HTML browser interface to help.
Type 'q()' to quit R.
> library(testthat)
> library(MSstatsSampleSize)
>
> test_check("MSstatsSampleSize")
[ FAIL 0 | WARN 0 | SKIP 0 | PASS 7 ]
>
> proc.time()
user system elapsed
20.09 0.54 20.62
|
MSstatsSampleSize.Rcheck/tests_x64/testthat.Rout
R version 4.0.5 (2021-03-31) -- "Shake and Throw"
Copyright (C) 2021 The R Foundation for Statistical Computing
Platform: x86_64-w64-mingw32/x64 (64-bit)
R is free software and comes with ABSOLUTELY NO WARRANTY.
You are welcome to redistribute it under certain conditions.
Type 'license()' or 'licence()' for distribution details.
R is a collaborative project with many contributors.
Type 'contributors()' for more information and
'citation()' on how to cite R or R packages in publications.
Type 'demo()' for some demos, 'help()' for on-line help, or
'help.start()' for an HTML browser interface to help.
Type 'q()' to quit R.
> library(testthat)
> library(MSstatsSampleSize)
>
> test_check("MSstatsSampleSize")
[ FAIL 0 | WARN 0 | SKIP 0 | PASS 7 ]
>
> proc.time()
user system elapsed
20.03 0.57 20.60
|
|
MSstatsSampleSize.Rcheck/examples_i386/MSstatsSampleSize-Ex.timings
|
MSstatsSampleSize.Rcheck/examples_x64/MSstatsSampleSize-Ex.timings
|