| Back to Multiple platform build/check report for BioC 3.12 |
|
This page was generated on 2021-05-06 12:31:23 -0400 (Thu, 06 May 2021).
|
To the developers/maintainers of the GARS package: Please make sure to use the following settings in order to reproduce any error or warning you see on this page. |
| Package 665/1974 | Hostname | OS / Arch | INSTALL | BUILD | CHECK | BUILD BIN | ||||||||
| GARS 1.10.0 (landing page) Mattia Chiesa
| malbec1 | Linux (Ubuntu 18.04.5 LTS) / x86_64 | OK | OK | OK | |||||||||
| tokay1 | Windows Server 2012 R2 Standard / x64 | OK | OK | WARNINGS | OK | |||||||||
| merida1 | macOS 10.14.6 Mojave / x86_64 | ERROR | ERROR | skipped | skipped | |||||||||
| Package: GARS |
| Version: 1.10.0 |
| Command: C:\Users\biocbuild\bbs-3.12-bioc\R\bin\R.exe --arch x64 CMD check --no-multiarch --install=check:GARS.install-out.txt --library=C:\Users\biocbuild\bbs-3.12-bioc\R\library --no-vignettes --timings GARS_1.10.0.tar.gz |
| StartedAt: 2021-05-06 02:57:01 -0400 (Thu, 06 May 2021) |
| EndedAt: 2021-05-06 03:04:42 -0400 (Thu, 06 May 2021) |
| EllapsedTime: 461.3 seconds |
| RetCode: 0 |
| Status: WARNINGS |
| CheckDir: GARS.Rcheck |
| Warnings: 1 |
##############################################################################
##############################################################################
###
### Running command:
###
### C:\Users\biocbuild\bbs-3.12-bioc\R\bin\R.exe --arch x64 CMD check --no-multiarch --install=check:GARS.install-out.txt --library=C:\Users\biocbuild\bbs-3.12-bioc\R\library --no-vignettes --timings GARS_1.10.0.tar.gz
###
##############################################################################
##############################################################################
* using log directory 'C:/Users/biocbuild/bbs-3.12-bioc/meat/GARS.Rcheck'
* using R version 4.0.5 (2021-03-31)
* using platform: x86_64-w64-mingw32 (64-bit)
* using session charset: ISO8859-1
* using option '--no-vignettes'
* checking for file 'GARS/DESCRIPTION' ... OK
* checking extension type ... Package
* this is package 'GARS' version '1.10.0'
* package encoding: UTF-8
* checking package namespace information ... OK
* checking package dependencies ... OK
* checking if this is a source package ... OK
* checking if there is a namespace ... OK
* checking for hidden files and directories ... NOTE
Found the following hidden files and directories:
.BBSoptions
These were most likely included in error. See section 'Package
structure' in the 'Writing R Extensions' manual.
* checking for portable file names ... OK
* checking whether package 'GARS' can be installed ... OK
* checking installed package size ... OK
* checking package directory ... OK
* checking 'build' directory ... OK
* checking DESCRIPTION meta-information ... OK
* checking top-level files ... OK
* checking for left-over files ... OK
* checking index information ... OK
* checking package subdirectories ... OK
* checking R files for non-ASCII characters ... OK
* checking R files for syntax errors ... OK
* checking whether the package can be loaded ... OK
* checking whether the package can be loaded with stated dependencies ... OK
* checking whether the package can be unloaded cleanly ... OK
* checking whether the namespace can be loaded with stated dependencies ... OK
* checking whether the namespace can be unloaded cleanly ... OK
* checking dependencies in R code ... OK
* checking S3 generic/method consistency ... OK
* checking replacement functions ... OK
* checking foreign function calls ... OK
* checking R code for possible problems ... OK
* checking Rd files ... OK
* checking Rd metadata ... OK
* checking Rd cross-references ... OK
* checking for missing documentation entries ... OK
* checking for code/documentation mismatches ... OK
* checking Rd \usage sections ... OK
* checking Rd contents ... OK
* checking for unstated dependencies in examples ... OK
* checking contents of 'data' directory ... OK
* checking data for non-ASCII characters ... WARNING
Error loading dataset 'GARS_res_GA':
Error in .requirePackage(package) :
unable to find required package 'GARS'
The dataset(s) may use package(s) not declared in the DESCRIPTION file.
* checking data for ASCII and uncompressed saves ... OK
* checking files in 'vignettes' ... OK
* checking examples ... OK
* checking for unstated dependencies in 'tests' ... OK
* checking tests ...
Running 'testthat.R'
OK
* checking for unstated dependencies in vignettes ... OK
* checking package vignettes in 'inst/doc' ... OK
* checking running R code from vignettes ... SKIPPED
* checking re-building of vignette outputs ... SKIPPED
* checking PDF version of manual ... OK
* DONE
Status: 1 WARNING, 1 NOTE
See
'C:/Users/biocbuild/bbs-3.12-bioc/meat/GARS.Rcheck/00check.log'
for details.
GARS.Rcheck/00install.out
##############################################################################
##############################################################################
###
### Running command:
###
### C:\Users\biocbuild\bbs-3.12-bioc\R\bin\R.exe --arch x64 CMD INSTALL --no-multiarch GARS
###
##############################################################################
##############################################################################
* installing to library 'C:/Users/biocbuild/bbs-3.12-bioc/R/library'
* installing *source* package 'GARS' ...
** using staged installation
** R
** data
*** moving datasets to lazyload DB
** inst
** byte-compile and prepare package for lazy loading
** help
*** installing help indices
converting help for package 'GARS'
finding HTML links ... done
AllPop html
FitScore html
GARS html
GARS_Crossover html
GARS_Elitism html
GARS_FitFun html
GARS_Fitness_score html
GARS_GA html
GARS_Mutation html
GARS_PlotFeaturesUsage html
GARS_PlotFitnessEvolution html
GARS_Selection html
GARS_classes html
GARS_create_rnd_population html
GARS_data_norm html
GARS_fit_list html
GARS_pop_list html
GARS_popul html
GARS_res_GA html
GarsSelectedFeatures-class html
LastPop html
MatrixFeatures html
** building package indices
** installing vignettes
** testing if installed package can be loaded from temporary location
** testing if installed package can be loaded from final location
** testing if installed package keeps a record of temporary installation path
* DONE (GARS)
Making 'packages.html' ... done
GARS.Rcheck/tests/testthat.Rout
R version 4.0.5 (2021-03-31) -- "Shake and Throw"
Copyright (C) 2021 The R Foundation for Statistical Computing
Platform: x86_64-w64-mingw32/x64 (64-bit)
R is free software and comes with ABSOLUTELY NO WARRANTY.
You are welcome to redistribute it under certain conditions.
Type 'license()' or 'licence()' for distribution details.
R is a collaborative project with many contributors.
Type 'contributors()' for more information and
'citation()' on how to cite R or R packages in publications.
Type 'demo()' for some demos, 'help()' for on-line help, or
'help.start()' for an HTML browser interface to help.
Type 'q()' to quit R.
> library(testthat)
> library(GARS)
Loading required package: ggplot2
Loading required package: cluster
>
> test_check("GARS")
GARS found a solution after 5 iterations.
[ FAIL 0 | WARN 0 | SKIP 0 | PASS 117 ]
>
> proc.time()
user system elapsed
26.65 1.40 28.68
GARS.Rcheck/GARS-Ex.timings
| name | user | system | elapsed | |
| AllPop | 0.00 | 0.01 | 0.01 | |
| FitScore | 0 | 0 | 0 | |
| GARS_Crossover | 0 | 0 | 0 | |
| GARS_Elitism | 0.00 | 0.02 | 0.01 | |
| GARS_FitFun | 0.21 | 0.01 | 0.22 | |
| GARS_GA | 2.76 | 0.04 | 2.80 | |
| GARS_Mutation | 0.02 | 0.01 | 0.03 | |
| GARS_PlotFeaturesUsage | 0.47 | 0.00 | 0.47 | |
| GARS_PlotFitnessEvolution | 0.15 | 0.02 | 0.17 | |
| GARS_Selection | 0.02 | 0.00 | 0.01 | |
| GARS_create_rnd_population | 0 | 0 | 0 | |
| GarsSelectedFeatures-class | 0 | 0 | 0 | |
| LastPop | 0.00 | 0.01 | 0.02 | |
| MatrixFeatures | 0 | 0 | 0 | |