| Back to Multiple platform build/check report for BioC 3.12 |
|
This page was generated on 2021-05-06 12:26:57 -0400 (Thu, 06 May 2021).
|
To the developers/maintainers of the BEclear package: Please make sure to use the following settings in order to reproduce any error or warning you see on this page. |
| Package 139/1974 | Hostname | OS / Arch | INSTALL | BUILD | CHECK | BUILD BIN | ||||||||
| BEclear 2.6.0 (landing page) David Rasp
| malbec1 | Linux (Ubuntu 18.04.5 LTS) / x86_64 | OK | OK | WARNINGS | |||||||||
| tokay1 | Windows Server 2012 R2 Standard / x64 | OK | OK | WARNINGS | OK | |||||||||
| merida1 | macOS 10.14.6 Mojave / x86_64 | OK | OK | WARNINGS | OK | |||||||||
| Package: BEclear |
| Version: 2.6.0 |
| Command: /home/biocbuild/bbs-3.12-bioc/R/bin/R CMD check --install=check:BEclear.install-out.txt --library=/home/biocbuild/bbs-3.12-bioc/R/library --no-vignettes --timings BEclear_2.6.0.tar.gz |
| StartedAt: 2021-05-05 23:20:04 -0400 (Wed, 05 May 2021) |
| EndedAt: 2021-05-05 23:22:46 -0400 (Wed, 05 May 2021) |
| EllapsedTime: 161.7 seconds |
| RetCode: 0 |
| Status: WARNINGS |
| CheckDir: BEclear.Rcheck |
| Warnings: 1 |
##############################################################################
##############################################################################
###
### Running command:
###
### /home/biocbuild/bbs-3.12-bioc/R/bin/R CMD check --install=check:BEclear.install-out.txt --library=/home/biocbuild/bbs-3.12-bioc/R/library --no-vignettes --timings BEclear_2.6.0.tar.gz
###
##############################################################################
##############################################################################
* using log directory ‘/home/biocbuild/bbs-3.12-bioc/meat/BEclear.Rcheck’
* using R version 4.0.5 (2021-03-31)
* using platform: x86_64-pc-linux-gnu (64-bit)
* using session charset: UTF-8
* using option ‘--no-vignettes’
* checking for file ‘BEclear/DESCRIPTION’ ... OK
* checking extension type ... Package
* this is package ‘BEclear’ version ‘2.6.0’
* package encoding: UTF-8
* checking package namespace information ... OK
* checking package dependencies ... OK
* checking if this is a source package ... OK
* checking if there is a namespace ... OK
* checking for hidden files and directories ... NOTE
Found the following hidden files and directories:
.travis.yml
These were most likely included in error. See section ‘Package
structure’ in the ‘Writing R Extensions’ manual.
* checking for portable file names ... OK
* checking for sufficient/correct file permissions ... OK
* checking whether package ‘BEclear’ can be installed ... OK
* checking installed package size ... OK
* checking package directory ... OK
* checking ‘build’ directory ... OK
* checking DESCRIPTION meta-information ... OK
* checking top-level files ... NOTE
File
LICENSE
is not mentioned in the DESCRIPTION file.
* checking for left-over files ... OK
* checking index information ... OK
* checking package subdirectories ... OK
* checking R files for non-ASCII characters ... OK
* checking R files for syntax errors ... OK
* checking whether the package can be loaded ... OK
* checking whether the package can be loaded with stated dependencies ... OK
* checking whether the package can be unloaded cleanly ... OK
* checking whether the namespace can be loaded with stated dependencies ... OK
* checking whether the namespace can be unloaded cleanly ... OK
* checking dependencies in R code ... OK
* checking S3 generic/method consistency ... OK
* checking replacement functions ... OK
* checking foreign function calls ... OK
* checking R code for possible problems ... OK
* checking Rd files ... WARNING
prepare_Rd: x:1: unexpected END_OF_INPUT '%} confidence level}'
* checking Rd metadata ... OK
* checking Rd cross-references ... OK
* checking for missing documentation entries ... OK
* checking for code/documentation mismatches ... OK
* checking Rd \usage sections ... OK
* checking Rd contents ... OK
* checking for unstated dependencies in examples ... OK
* checking contents of ‘data’ directory ... OK
* checking data for non-ASCII characters ... OK
* checking data for ASCII and uncompressed saves ... OK
* checking line endings in C/C++/Fortran sources/headers ... OK
* checking compiled code ... NOTE
Note: information on .o files is not available
* checking files in ‘vignettes’ ... OK
* checking examples ... OK
Examples with CPU (user + system) or elapsed time > 5s
user system elapsed
calcBatchEffects 66.536 0.132 66.533
BEclear-package 14.944 0.020 14.895
* checking for unstated dependencies in ‘tests’ ... OK
* checking tests ...
Running ‘testthat.R’
OK
* checking for unstated dependencies in vignettes ... OK
* checking package vignettes in ‘inst/doc’ ... OK
* checking running R code from vignettes ... SKIPPED
* checking re-building of vignette outputs ... SKIPPED
* checking PDF version of manual ... OK
* DONE
Status: 1 WARNING, 3 NOTEs
See
‘/home/biocbuild/bbs-3.12-bioc/meat/BEclear.Rcheck/00check.log’
for details.
BEclear.Rcheck/00install.out
############################################################################## ############################################################################## ### ### Running command: ### ### /home/biocbuild/bbs-3.12-bioc/R/bin/R CMD INSTALL BEclear ### ############################################################################## ############################################################################## * installing to library ‘/home/biocbuild/bbs-3.12-bioc/R/library’ * installing *source* package ‘BEclear’ ... ** using staged installation ** libs g++ -std=gnu++11 -I"/home/biocbuild/bbs-3.12-bioc/R/include" -DNDEBUG -I'/home/biocbuild/bbs-3.12-bioc/R/library/Rcpp/include' -I/usr/local/include -fpic -g -O2 -Wall -c RcppExports.cpp -o RcppExports.o g++ -std=gnu++11 -I"/home/biocbuild/bbs-3.12-bioc/R/include" -DNDEBUG -I'/home/biocbuild/bbs-3.12-bioc/R/library/Rcpp/include' -I/usr/local/include -fpic -g -O2 -Wall -c localLoss.cpp -o localLoss.o g++ -std=gnu++11 -shared -L/home/biocbuild/bbs-3.12-bioc/R/lib -L/usr/local/lib -o BEclear.so RcppExports.o localLoss.o -L/home/biocbuild/bbs-3.12-bioc/R/lib -lR installing to /home/biocbuild/bbs-3.12-bioc/R/library/00LOCK-BEclear/00new/BEclear/libs ** R ** data ** inst ** byte-compile and prepare package for lazy loading ** help Loading required namespace: BEclear Warning in tools::parseLatex(x) : x:1: unexpected END_OF_INPUT '%} confidence level}' *** installing help indices ** building package indices ** installing vignettes ** testing if installed package can be loaded from temporary location ** checking absolute paths in shared objects and dynamic libraries ** testing if installed package can be loaded from final location ** testing if installed package keeps a record of temporary installation path * DONE (BEclear)
BEclear.Rcheck/tests/testthat.Rout
R version 4.0.5 (2021-03-31) -- "Shake and Throw"
Copyright (C) 2021 The R Foundation for Statistical Computing
Platform: x86_64-pc-linux-gnu (64-bit)
R is free software and comes with ABSOLUTELY NO WARRANTY.
You are welcome to redistribute it under certain conditions.
Type 'license()' or 'licence()' for distribution details.
R is a collaborative project with many contributors.
Type 'contributors()' for more information and
'citation()' on how to cite R or R packages in publications.
Type 'demo()' for some demos, 'help()' for on-line help, or
'help.start()' for an HTML browser interface to help.
Type 'q()' to quit R.
> library(testthat)
> library(BEclear)
Loading required package: BiocParallel
>
> test_check("BEclear")
INFO [2021-05-05 23:22:38] Calculate the batch effects for 2 batches
INFO [2021-05-05 23:22:38] Calculate the batch effects for 3 batches
INFO [2021-05-05 23:22:38] Calculate the batch effects for 3 batches
INFO [2021-05-05 23:22:38] Adjusting p-values
INFO [2021-05-05 23:22:39] Transforming matrix to data.table
INFO [2021-05-05 23:22:39] Calculate the batch effects for 4 batches
INFO [2021-05-05 23:22:41] Adjusting p-values
INFO [2021-05-05 23:22:41] Generating a summary table
INFO [2021-05-05 23:22:41] Calculating the scores for 4 batches
INFO [2021-05-05 23:22:41] Generating a summary table
INFO [2021-05-05 23:22:41] Generating a summary table
INFO [2021-05-05 23:22:41] Transforming matrix to data.table
INFO [2021-05-05 23:22:41] Calculate the batch effects for 3 batches
INFO [2021-05-05 23:22:41] Adjusting p-values
INFO [2021-05-05 23:22:41] Generating a summary table
INFO [2021-05-05 23:22:41] Calculating the scores for 3 batches
INFO [2021-05-05 23:22:41] Removing values with batch effect:
INFO [2021-05-05 23:22:41] 4 values ( 26.6666666666667 % of the data) set to NA
INFO [2021-05-05 23:22:41] Starting the imputation of missing values.
INFO [2021-05-05 23:22:41] This might take a while.
INFO [2021-05-05 23:22:41] BEclear imputation is started:
INFO [2021-05-05 23:22:41] block size: 60 x 60
INFO [2021-05-05 23:22:41] Impute missing data for block 1 of 1
INFO [2021-05-05 23:22:41] Replacing values below 0 or above 1:
INFO [2021-05-05 23:22:41] 0 values replaced
WARN [2021-05-05 23:22:41] 3 values are above 1 or below 0. Check your data
WARN [2021-05-05 23:22:41] Replacing them with missing values
INFO [2021-05-05 23:22:41] Transforming matrix to data.table
INFO [2021-05-05 23:22:41] Calculate the batch effects for 3 batches
INFO [2021-05-05 23:22:41] Adjusting p-values
INFO [2021-05-05 23:22:41] Generating a summary table
INFO [2021-05-05 23:22:41] Calculating the scores for 3 batches
INFO [2021-05-05 23:22:41] Removing values with batch effect:
INFO [2021-05-05 23:22:41] 3 values ( 20 % of the data) set to NA
INFO [2021-05-05 23:22:41] Starting the imputation of missing values.
INFO [2021-05-05 23:22:41] This might take a while.
INFO [2021-05-05 23:22:41] BEclear imputation is started:
INFO [2021-05-05 23:22:41] block size: 60 x 60
INFO [2021-05-05 23:22:41] Impute missing data for block 1 of 1
INFO [2021-05-05 23:22:41] Replacing values below 0 or above 1:
INFO [2021-05-05 23:22:41] 0 values replaced
WARN [2021-05-05 23:22:41] 2 values are above 1 or below 0. Check your data
WARN [2021-05-05 23:22:41] Replacing them with missing values
WARN [2021-05-05 23:22:41] The following samples are annotated in the sample matrix,
WARN [2021-05-05 23:22:41] Dropping those samples now
WARN [2021-05-05 23:22:41] Sample names aren't unique
WARN [2021-05-05 23:22:41] Transforming them to unique IDs. List with annotations will be added to the results
INFO [2021-05-05 23:22:41] Transforming matrix to data.table
INFO [2021-05-05 23:22:41] Calculate the batch effects for 2 batches
INFO [2021-05-05 23:22:42] Adjusting p-values
INFO [2021-05-05 23:22:42] Generating a summary table
INFO [2021-05-05 23:22:42] There were no batch effects detected
INFO [2021-05-05 23:22:42] Starting the imputation of missing values.
INFO [2021-05-05 23:22:42] This might take a while.
INFO [2021-05-05 23:22:42] BEclear imputation is started:
INFO [2021-05-05 23:22:42] block size: 60 x 60
INFO [2021-05-05 23:22:42] Impute missing data for block 1 of 1
INFO [2021-05-05 23:22:42] Replacing values below 0 or above 1:
INFO [2021-05-05 23:22:42] 0 values replaced
INFO [2021-05-05 23:22:42] 3 values outside of the boundaries found
INFO [2021-05-05 23:22:42] Starting the imputation of missing values.
INFO [2021-05-05 23:22:42] This might take a while.
INFO [2021-05-05 23:22:42] BEclear imputation is started:
INFO [2021-05-05 23:22:42] block size: 10 x 10
INFO [2021-05-05 23:22:42] loading futile.logger package
INFO [2021-05-05 23:22:42] Impute missing data for block 1 of 25
INFO [2021-05-05 23:22:42] Impute missing data for block 2 of 25
INFO [2021-05-05 23:22:42] Impute missing data for block 3 of 25
INFO [2021-05-05 23:22:42] Impute missing data for block 4 of 25
INFO [2021-05-05 23:22:42] Impute missing data for block 5 of 25
INFO [2021-05-05 23:22:42] Impute missing data for block 6 of 25
INFO [2021-05-05 23:22:42] Impute missing data for block 7 of 25
INFO [2021-05-05 23:22:42] Impute missing data for block 8 of 25
INFO [2021-05-05 23:22:42] Impute missing data for block 9 of 25
INFO [2021-05-05 23:22:42] Impute missing data for block 10 of 25
INFO [2021-05-05 23:22:42] Impute missing data for block 11 of 25
INFO [2021-05-05 23:22:42] Impute missing data for block 12 of 25
INFO [2021-05-05 23:22:42] Impute missing data for block 13 of 25
INFO [2021-05-05 23:22:42] Impute missing data for block 14 of 25
INFO [2021-05-05 23:22:42] Impute missing data for block 15 of 25
INFO [2021-05-05 23:22:42] Impute missing data for block 16 of 25
INFO [2021-05-05 23:22:42] Impute missing data for block 17 of 25
INFO [2021-05-05 23:22:42] Impute missing data for block 18 of 25
INFO [2021-05-05 23:22:42] Impute missing data for block 19 of 25
INFO [2021-05-05 23:22:42] Impute missing data for block 20 of 25
INFO [2021-05-05 23:22:42] Impute missing data for block 21 of 25
INFO [2021-05-05 23:22:42] Impute missing data for block 22 of 25
INFO [2021-05-05 23:22:42] Impute missing data for block 23 of 25
INFO [2021-05-05 23:22:42] Impute missing data for block 24 of 25
INFO [2021-05-05 23:22:42] Impute missing data for block 25 of 25
INFO [2021-05-05 23:22:42] Starting the imputation of missing values.
INFO [2021-05-05 23:22:42] This might take a while.
INFO [2021-05-05 23:22:42] BEclear imputation is started:
INFO [2021-05-05 23:22:42] block size: 0 x 0
INFO [2021-05-05 23:22:42] loading futile.logger package
INFO [2021-05-05 23:22:42] Impute missing data for block 1 of 1
INFO [2021-05-05 23:22:43] Replacing values below 0 or above 1:
INFO [2021-05-05 23:22:43] 3 values replaced
[ FAIL 0 | WARN 0 | SKIP 0 | PASS 83 ]
>
> proc.time()
user system elapsed
7.820 0.136 7.943
BEclear.Rcheck/BEclear-Ex.timings
| name | user | system | elapsed | |
| BEclear-package | 14.944 | 0.020 | 14.895 | |
| calcBatchEffects | 66.536 | 0.132 | 66.533 | |
| calcScore | 1.680 | 0.000 | 1.663 | |
| calcSummary | 1.840 | 0.008 | 1.841 | |
| clearBEgenes | 1.640 | 0.008 | 1.627 | |
| correctBatchEffect | 1.844 | 0.004 | 1.844 | |
| countValuesToPredict | 1.652 | 0.004 | 1.657 | |
| findOutsideValues | 0.368 | 0.000 | 0.366 | |
| imputeMissingData | 2.036 | 0.008 | 2.029 | |
| makeBoxplot | 1.804 | 0.004 | 1.786 | |
| preprocessBEclear | 0.004 | 0.000 | 0.007 | |
| replaceOutsideValues | 0.016 | 0.000 | 0.018 | |