| Back to Multiple platform build/check report for BioC 3.11 |
|
This page was generated on 2020-10-17 11:55:02 -0400 (Sat, 17 Oct 2020).
| TO THE DEVELOPERS/MAINTAINERS OF THE lumi PACKAGE: Please make sure to use the following settings in order to reproduce any error or warning you see on this page. |
| Package 961/1905 | Hostname | OS / Arch | INSTALL | BUILD | CHECK | BUILD BIN | ||||||
| lumi 2.40.0 Lei Huang
| malbec2 | Linux (Ubuntu 18.04.4 LTS) / x86_64 | OK | OK | [ WARNINGS ] | |||||||
| tokay2 | Windows Server 2012 R2 Standard / x64 | OK | OK | WARNINGS | OK | |||||||
| machv2 | macOS 10.14.6 Mojave / x86_64 | OK | OK | WARNINGS | OK |
| Package: lumi |
| Version: 2.40.0 |
| Command: /home/biocbuild/bbs-3.11-bioc/R/bin/R CMD check --install=check:lumi.install-out.txt --library=/home/biocbuild/bbs-3.11-bioc/R/library --no-vignettes --timings lumi_2.40.0.tar.gz |
| StartedAt: 2020-10-17 02:43:26 -0400 (Sat, 17 Oct 2020) |
| EndedAt: 2020-10-17 02:52:10 -0400 (Sat, 17 Oct 2020) |
| EllapsedTime: 523.9 seconds |
| RetCode: 0 |
| Status: WARNINGS |
| CheckDir: lumi.Rcheck |
| Warnings: 3 |
##############################################################################
##############################################################################
###
### Running command:
###
### /home/biocbuild/bbs-3.11-bioc/R/bin/R CMD check --install=check:lumi.install-out.txt --library=/home/biocbuild/bbs-3.11-bioc/R/library --no-vignettes --timings lumi_2.40.0.tar.gz
###
##############################################################################
##############################################################################
* using log directory ‘/home/biocbuild/bbs-3.11-bioc/meat/lumi.Rcheck’
* using R version 4.0.3 (2020-10-10)
* using platform: x86_64-pc-linux-gnu (64-bit)
* using session charset: UTF-8
* using option ‘--no-vignettes’
* checking for file ‘lumi/DESCRIPTION’ ... OK
* checking extension type ... Package
* this is package ‘lumi’ version ‘2.40.0’
* checking package namespace information ... OK
* checking package dependencies ... OK
* checking if this is a source package ... OK
* checking if there is a namespace ... OK
* checking for hidden files and directories ... OK
* checking for portable file names ... OK
* checking for sufficient/correct file permissions ... OK
* checking whether package ‘lumi’ can be installed ... OK
* checking installed package size ... OK
* checking package directory ... OK
* checking DESCRIPTION meta-information ... OK
* checking top-level files ... OK
* checking for left-over files ... OK
* checking index information ... OK
* checking package subdirectories ... OK
* checking R files for non-ASCII characters ... OK
* checking R files for syntax errors ... OK
* checking whether the package can be loaded ... OK
* checking whether the package can be loaded with stated dependencies ... OK
* checking whether the package can be unloaded cleanly ... OK
* checking whether the namespace can be loaded with stated dependencies ... OK
* checking whether the namespace can be unloaded cleanly ... OK
* checking dependencies in R code ... WARNING
'::' or ':::' imports not declared from:
‘IRanges’ ‘bigmemoryExtras’
* checking S3 generic/method consistency ... OK
* checking replacement functions ... OK
* checking foreign function calls ... OK
* checking R code for possible problems ... OK
* checking Rd files ... OK
* checking Rd metadata ... OK
* checking Rd cross-references ... WARNING
Package unavailable to check Rd xrefs: ‘hdrcde’
Missing link or links in documentation object 'lumiN.Rd':
‘[vsn]{vsn}’
See section 'Cross-references' in the 'Writing R Extensions' manual.
* checking for missing documentation entries ... OK
* checking for code/documentation mismatches ... OK
* checking Rd \usage sections ... OK
* checking Rd contents ... OK
* checking for unstated dependencies in examples ... OK
* checking contents of ‘data’ directory ... OK
* checking data for non-ASCII characters ... OK
* checking data for ASCII and uncompressed saves ... OK
* checking files in ‘vignettes’ ... WARNING
Files in the 'vignettes' directory but no files in 'inst/doc':
‘IlluminaAnnotation.R’, ‘IlluminaAnnotation.pdf’, ‘lumi.R’,
‘lumi.pdf’, ‘lumi_VST_evaluation.R’, ‘lumi_VST_evaluation.pdf’,
‘methylationAnalysis.R’, ‘methylationAnalysis.pdf’
Package has no Sweave vignette sources and no VignetteBuilder field.
* checking examples ... OK
Examples with CPU (user + system) or elapsed time > 5s
user system elapsed
lumiMethyStatus 53.183 0.048 53.232
* checking PDF version of manual ... OK
* DONE
Status: 3 WARNINGs
See
‘/home/biocbuild/bbs-3.11-bioc/meat/lumi.Rcheck/00check.log’
for details.
lumi.Rcheck/00install.out
############################################################################## ############################################################################## ### ### Running command: ### ### /home/biocbuild/bbs-3.11-bioc/R/bin/R CMD INSTALL lumi ### ############################################################################## ############################################################################## * installing to library ‘/home/biocbuild/bbs-3.11-bioc/R/library’ * installing *source* package ‘lumi’ ... ** using staged installation ** R ** data ** inst ** byte-compile and prepare package for lazy loading No methods found in package ‘RSQLite’ for request: ‘dbListFields’ when loading ‘lumi’ ** help *** installing help indices ** building package indices ** installing vignettes ** testing if installed package can be loaded from temporary location No methods found in package ‘RSQLite’ for request: ‘dbListFields’ when loading ‘lumi’ ** testing if installed package can be loaded from final location No methods found in package ‘RSQLite’ for request: ‘dbListFields’ when loading ‘lumi’ ** testing if installed package keeps a record of temporary installation path * DONE (lumi)
lumi.Rcheck/lumi-Ex.timings
| name | user | system | elapsed | |
| LumiBatch-class | 1.871 | 0.044 | 1.915 | |
| MAplot-methods | 4.400 | 0.012 | 4.415 | |
| addAnnotationInfo | 0.081 | 0.004 | 0.084 | |
| addControlData2lumi | 0 | 0 | 0 | |
| addNuID2lumi | 0 | 0 | 0 | |
| adjColorBias.quantile | 1.887 | 0.004 | 1.891 | |
| adjColorBias.ssn | 0.468 | 0.000 | 0.468 | |
| bgAdjust | 0.081 | 0.000 | 0.080 | |
| bgAdjustMethylation | 0.139 | 0.000 | 0.139 | |
| boxplot-MethyLumiM-methods | 0.467 | 0.004 | 0.470 | |
| boxplot-methods | 0.082 | 0.000 | 0.081 | |
| boxplotColorBias | 0.123 | 0.000 | 0.123 | |
| density-methods | 0.082 | 0.004 | 0.086 | |
| detectOutlier | 0.084 | 0.000 | 0.084 | |
| detectionCall | 0.139 | 0.000 | 0.139 | |
| estimateBeta | 0.144 | 0.004 | 0.148 | |
| estimateIntensity | 0.19 | 0.00 | 0.19 | |
| estimateLumiCV | 0.116 | 0.000 | 0.116 | |
| estimateM | 0.432 | 0.004 | 0.436 | |
| estimateMethylationBG | 0.114 | 0.000 | 0.114 | |
| example.lumi | 0.072 | 0.000 | 0.072 | |
| example.lumiMethy | 0.072 | 0.000 | 0.072 | |
| example.methyTitration | 0.172 | 0.008 | 0.180 | |
| gammaFitEM | 2.834 | 0.000 | 2.836 | |
| getChipInfo | 4.519 | 0.107 | 4.886 | |
| getControlData | 0.001 | 0.000 | 0.002 | |
| getControlProbe | 0.001 | 0.000 | 0.001 | |
| getControlType | 0.001 | 0.000 | 0.001 | |
| getNuIDMappingInfo | 2.283 | 0.036 | 2.320 | |
| hist-methods | 0.157 | 0.000 | 0.157 | |
| id2seq | 0.001 | 0.000 | 0.001 | |
| inverseVST | 0.567 | 0.004 | 0.571 | |
| is.nuID | 0 | 0 | 0 | |
| lumiB | 0.127 | 0.004 | 0.131 | |
| lumiExpresso | 0.345 | 0.004 | 0.349 | |
| lumiMethyB | 0.088 | 0.000 | 0.088 | |
| lumiMethyC | 0.984 | 0.016 | 1.000 | |
| lumiMethyN | 0.093 | 0.000 | 0.093 | |
| lumiMethyStatus | 53.183 | 0.048 | 53.232 | |
| lumiN | 0.398 | 0.010 | 0.408 | |
| lumiQ | 0.239 | 0.004 | 0.244 | |
| lumiR | 0.001 | 0.000 | 0.000 | |
| lumiR.batch | 0 | 0 | 0 | |
| lumiT | 0.302 | 0.008 | 0.310 | |
| methylationCall | 2.360 | 0.000 | 2.361 | |
| normalizeMethylation.quantile | 0.138 | 0.004 | 0.142 | |
| normalizeMethylation.ssn | 0.146 | 0.000 | 0.146 | |
| nuID2EntrezID | 0.755 | 0.008 | 0.763 | |
| nuID2IlluminaID | 3.077 | 0.012 | 3.089 | |
| nuID2RefSeqID | 0.805 | 0.004 | 0.809 | |
| nuID2probeID | 3.195 | 0.004 | 3.199 | |
| nuID2targetID | 3.47 | 0.00 | 3.47 | |
| pairs-methods | 0.988 | 0.012 | 1.012 | |
| plot-methods | 2.036 | 0.008 | 2.044 | |
| plotCDF | 0.215 | 0.000 | 0.215 | |
| plotColorBias1D | 0.282 | 0.000 | 0.282 | |
| plotColorBias2D | 0.253 | 0.008 | 0.261 | |
| plotControlData | 0.001 | 0.000 | 0.002 | |
| plotDensity | 0.165 | 0.008 | 0.172 | |
| plotGammaFit | 4.840 | 0.000 | 4.841 | |
| plotHousekeepingGene | 0.001 | 0.000 | 0.001 | |
| plotSampleRelation | 0.819 | 0.000 | 0.819 | |
| plotStringencyGene | 0.001 | 0.000 | 0.002 | |
| plotVST | 0.401 | 0.004 | 0.404 | |
| probeID2nuID | 4.523 | 0.008 | 4.531 | |
| produceGEOPlatformFile | 0 | 0 | 0 | |
| produceGEOSubmissionFile | 0 | 0 | 0 | |
| produceMethylationGEOSubmissionFile | 0 | 0 | 0 | |
| seq2id | 0 | 0 | 0 | |
| targetID2nuID | 3.026 | 0.004 | 3.031 | |
| vst | 0.165 | 0.000 | 0.164 | |