| Back to Multiple platform build/check report for BioC 3.11 |
|
This page was generated on 2020-10-17 11:54:58 -0400 (Sat, 17 Oct 2020).
| TO THE DEVELOPERS/MAINTAINERS OF THE igvR PACKAGE: Please make sure to use the following settings in order to reproduce any error or warning you see on this page. |
| Package 862/1905 | Hostname | OS / Arch | INSTALL | BUILD | CHECK | BUILD BIN | ||||||
| igvR 1.8.2 Paul Shannon
| malbec2 | Linux (Ubuntu 18.04.4 LTS) / x86_64 | OK | OK | [ WARNINGS ] | |||||||
| tokay2 | Windows Server 2012 R2 Standard / x64 | OK | OK | WARNINGS | OK | |||||||
| machv2 | macOS 10.14.6 Mojave / x86_64 | OK | OK | WARNINGS | OK |
| Package: igvR |
| Version: 1.8.2 |
| Command: /home/biocbuild/bbs-3.11-bioc/R/bin/R CMD check --install=check:igvR.install-out.txt --library=/home/biocbuild/bbs-3.11-bioc/R/library --no-vignettes --timings igvR_1.8.2.tar.gz |
| StartedAt: 2020-10-17 02:18:49 -0400 (Sat, 17 Oct 2020) |
| EndedAt: 2020-10-17 02:26:15 -0400 (Sat, 17 Oct 2020) |
| EllapsedTime: 446.0 seconds |
| RetCode: 0 |
| Status: WARNINGS |
| CheckDir: igvR.Rcheck |
| Warnings: 2 |
############################################################################## ############################################################################## ### ### Running command: ### ### /home/biocbuild/bbs-3.11-bioc/R/bin/R CMD check --install=check:igvR.install-out.txt --library=/home/biocbuild/bbs-3.11-bioc/R/library --no-vignettes --timings igvR_1.8.2.tar.gz ### ############################################################################## ############################################################################## * using log directory ‘/home/biocbuild/bbs-3.11-bioc/meat/igvR.Rcheck’ * using R version 4.0.3 (2020-10-10) * using platform: x86_64-pc-linux-gnu (64-bit) * using session charset: UTF-8 * using option ‘--no-vignettes’ * checking for file ‘igvR/DESCRIPTION’ ... OK * checking extension type ... Package * this is package ‘igvR’ version ‘1.8.2’ * package encoding: UTF-8 * checking package namespace information ... OK * checking package dependencies ... OK * checking if this is a source package ... OK * checking if there is a namespace ... OK * checking for hidden files and directories ... OK * checking for portable file names ... OK * checking for sufficient/correct file permissions ... OK * checking whether package ‘igvR’ can be installed ... OK * checking installed package size ... OK * checking package directory ... OK * checking ‘build’ directory ... OK * checking DESCRIPTION meta-information ... OK * checking top-level files ... OK * checking for left-over files ... OK * checking index information ... OK * checking package subdirectories ... OK * checking R files for non-ASCII characters ... OK * checking R files for syntax errors ... OK * checking whether the package can be loaded ... OK * checking whether the package can be loaded with stated dependencies ... OK * checking whether the package can be unloaded cleanly ... OK * checking whether the namespace can be loaded with stated dependencies ... OK * checking whether the namespace can be unloaded cleanly ... OK * checking dependencies in R code ... OK * checking S3 generic/method consistency ... OK * checking replacement functions ... OK * checking foreign function calls ... OK * checking R code for possible problems ... OK * checking Rd files ... OK * checking Rd metadata ... OK * checking Rd cross-references ... OK * checking for missing documentation entries ... OK * checking for code/documentation mismatches ... OK * checking Rd \usage sections ... WARNING Undocumented arguments in documentation object 'BedpeInteractionsTrack-class' ‘table’ ‘displayMode’ Functions with \usage entries need to have the appropriate \alias entries, and all their arguments documented. The \usage entries must correspond to syntactically valid R code. See chapter ‘Writing R documentation files’ in the ‘Writing R Extensions’ manual. * checking Rd contents ... OK * checking for unstated dependencies in examples ... OK * checking include directives in Makefiles ... OK * checking files in ‘vignettes’ ... OK * checking examples ... OK * checking for unstated dependencies in vignettes ... OK * checking package vignettes in ‘inst/doc’ ... WARNING Found ‘inst/doc/makefile’: should be ‘Makefile’ and will be ignored * checking running R code from vignettes ... SKIPPED * checking re-building of vignette outputs ... SKIPPED * checking PDF version of manual ... OK * DONE Status: 2 WARNINGs See ‘/home/biocbuild/bbs-3.11-bioc/meat/igvR.Rcheck/00check.log’ for details.
igvR.Rcheck/00install.out
##############################################################################
##############################################################################
###
### Running command:
###
### /home/biocbuild/bbs-3.11-bioc/R/bin/R CMD INSTALL igvR
###
##############################################################################
##############################################################################
* installing to library ‘/home/biocbuild/bbs-3.11-bioc/R/library’
* installing *source* package ‘igvR’ ...
** using staged installation
** R
** inst
** byte-compile and prepare package for lazy loading
See system.file("LICENSE", package="MotifDb") for use restrictions.
** help
*** installing help indices
** building package indices
** installing vignettes
** testing if installed package can be loaded from temporary location
See system.file("LICENSE", package="MotifDb") for use restrictions.
** testing if installed package can be loaded from final location
See system.file("LICENSE", package="MotifDb") for use restrictions.
** testing if installed package keeps a record of temporary installation path
* DONE (igvR)
igvR.Rcheck/igvR-Ex.timings
| name | user | system | elapsed | |
| BedpeInteractionsTrack-class | 0.013 | 0.004 | 0.076 | |
| DataFrameAnnotationTrack-class | 0.017 | 0.000 | 0.017 | |
| DataFrameQuantitativeTrack-class | 0.009 | 0.000 | 0.010 | |
| GRangesAnnotationTrack-class | 0.087 | 0.000 | 0.087 | |
| GRangesQuantitativeTrack-class | 0.040 | 0.000 | 0.039 | |
| GenomicAlignmentTrack-class | 0.257 | 0.016 | 0.322 | |
| UCSCBedAnnotationTrack-class | 0.571 | 0.064 | 0.636 | |
| UCSCBedGraphQuantitativeTrack-class | 0.159 | 0.008 | 0.205 | |
| VariantTrack-class | 0.653 | 0.000 | 0.653 | |
| displayTrack | 0.001 | 0.000 | 0.001 | |
| enableMotifLogoPopups | 0.001 | 0.000 | 0.001 | |
| getGenomicRegion | 0.001 | 0.000 | 0.000 | |
| getSupportedGenomes | 0 | 0 | 0 | |
| getTrackNames | 0 | 0 | 0 | |
| igvR-class | 0.001 | 0.000 | 0.001 | |
| ping | 0 | 0 | 0 | |
| removeTracksByName | 0.002 | 0.000 | 0.002 | |
| setGenome | 0 | 0 | 0 | |
| showGenomicRegion | 0.000 | 0.000 | 0.001 | |
| trackInfo | 0.001 | 0.000 | 0.001 | |
| trackSize-DataFrameAnnotationTrack-method | 0.004 | 0.000 | 0.003 | |
| trackSize-UCSCBedAnnotationTrack-method | 0.108 | 0.000 | 0.107 | |