| Back to Multiple platform build/check report for BioC 3.11 | 
  | 
This page was generated on 2020-10-17 11:54:49 -0400 (Sat, 17 Oct 2020).
| TO THE DEVELOPERS/MAINTAINERS OF THE genbankr PACKAGE: Please make sure to use the following settings in order to reproduce any error or warning you see on this page. | 
| Package 672/1905 | Hostname | OS / Arch | INSTALL | BUILD | CHECK | BUILD BIN | ||||||
| genbankr 1.16.0 Gabriel Becker 
  | malbec2 | Linux (Ubuntu 18.04.4 LTS) / x86_64 | OK | [ ERROR ] | skipped | |||||||
| tokay2 | Windows Server 2012 R2 Standard / x64 | OK | OK | OK | OK | |||||||
| machv2 | macOS 10.14.6 Mojave / x86_64 | OK | OK | OK | OK | 
| Package: genbankr | 
| Version: 1.16.0 | 
| Command: /home/biocbuild/bbs-3.11-bioc/R/bin/R CMD build --keep-empty-dirs --no-resave-data genbankr | 
| StartedAt: 2020-10-16 19:19:27 -0400 (Fri, 16 Oct 2020) | 
| EndedAt: 2020-10-16 19:20:44 -0400 (Fri, 16 Oct 2020) | 
| EllapsedTime: 76.9 seconds | 
| RetCode: 1 | 
| Status: ERROR | 
| PackageFile: None | 
| PackageFileSize: NA | 
############################################################################## ############################################################################## ### ### Running command: ### ### /home/biocbuild/bbs-3.11-bioc/R/bin/R CMD build --keep-empty-dirs --no-resave-data genbankr ### ############################################################################## ############################################################################## * checking for file ‘genbankr/DESCRIPTION’ ... OK * preparing ‘genbankr’: * checking DESCRIPTION meta-information ... OK * installing the package to build vignettes * creating vignettes ... ERROR --- re-building ‘genbankr.Rmd’ using rmarkdown Quitting from lines 111-112 (genbankr.Rmd) Error: processing vignette 'genbankr.Rmd' failed with diagnostics: subscript out of bounds --- failed re-building ‘genbankr.Rmd’ SUMMARY: processing the following file failed: ‘genbankr.Rmd’ Error: Vignette re-building failed. Execution halted