| Back to Multiple platform build/check report for BioC 3.11 | 
  | 
This page was generated on 2020-10-17 11:58:30 -0400 (Sat, 17 Oct 2020).
| TO THE DEVELOPERS/MAINTAINERS OF THE focalCall PACKAGE: Please make sure to use the following settings in order to reproduce any error or warning you see on this page. | 
| Package 635/1905 | Hostname | OS / Arch | INSTALL | BUILD | CHECK | BUILD BIN | ||||||
| focalCall 1.22.0 Oscar Krijgsman 
  | malbec2 | Linux (Ubuntu 18.04.4 LTS) / x86_64 | OK | OK | ERROR | |||||||
| tokay2 | Windows Server 2012 R2 Standard / x64 | OK | OK | ERROR | OK | |||||||
| machv2 | macOS 10.14.6 Mojave / x86_64 | OK | OK | [ ERROR ] | OK | 
| Package: focalCall | 
| Version: 1.22.0 | 
| Command: /Library/Frameworks/R.framework/Versions/Current/Resources/bin/R CMD check --install=check:focalCall.install-out.txt --library=/Library/Frameworks/R.framework/Versions/Current/Resources/library --no-vignettes --timings focalCall_1.22.0.tar.gz | 
| StartedAt: 2020-10-17 01:15:16 -0400 (Sat, 17 Oct 2020) | 
| EndedAt: 2020-10-17 01:16:34 -0400 (Sat, 17 Oct 2020) | 
| EllapsedTime: 77.1 seconds | 
| RetCode: 1 | 
| Status: ERROR | 
| CheckDir: focalCall.Rcheck | 
| Warnings: NA | 
##############################################################################
##############################################################################
###
### Running command:
###
###   /Library/Frameworks/R.framework/Versions/Current/Resources/bin/R CMD check --install=check:focalCall.install-out.txt --library=/Library/Frameworks/R.framework/Versions/Current/Resources/library --no-vignettes --timings focalCall_1.22.0.tar.gz
###
##############################################################################
##############################################################################
* using log directory ‘/Users/biocbuild/bbs-3.11-bioc/meat/focalCall.Rcheck’
* using R version 4.0.3 (2020-10-10)
* using platform: x86_64-apple-darwin17.0 (64-bit)
* using session charset: UTF-8
* using option ‘--no-vignettes’
* checking for file ‘focalCall/DESCRIPTION’ ... OK
* checking extension type ... Package
* this is package ‘focalCall’ version ‘1.22.0’
* checking package namespace information ... OK
* checking package dependencies ... OK
* checking if this is a source package ... OK
* checking if there is a namespace ... OK
* checking for hidden files and directories ... OK
* checking for portable file names ... OK
* checking for sufficient/correct file permissions ... OK
* checking whether package ‘focalCall’ can be installed ... OK
* checking installed package size ... OK
* checking package directory ... OK
* checking ‘build’ directory ... OK
* checking DESCRIPTION meta-information ... NOTE
Malformed Description field: should contain one or more complete sentences.
* checking top-level files ... OK
* checking for left-over files ... OK
* checking index information ... OK
* checking package subdirectories ... OK
* checking R files for non-ASCII characters ... OK
* checking R files for syntax errors ... OK
* checking whether the package can be loaded ... OK
* checking whether the package can be loaded with stated dependencies ... OK
* checking whether the package can be unloaded cleanly ... OK
* checking whether the namespace can be loaded with stated dependencies ... OK
* checking whether the namespace can be unloaded cleanly ... OK
* checking dependencies in R code ... OK
* checking S3 generic/method consistency ... OK
* checking replacement functions ... OK
* checking foreign function calls ... OK
* checking R code for possible problems ... NOTE
.match_CNV2CGH: no visible global function definition for ‘bpstart’
.match_CNV2CGH: no visible global function definition for ‘chromosomes’
.match_CNV2CGH: no visible global function definition for ‘bpend’
FreqPlot: no visible global function definition for ‘chromosomes’
FreqPlot: no visible global function definition for ‘points’
FreqPlot: no visible global function definition for ‘abline’
FreqPlot: no visible global function definition for ‘axis’
FreqPlotfocal: no visible global function definition for ‘chromosomes’
FreqPlotfocal: no visible global function definition for
  ‘assayDataElement’
FreqPlotfocal: no visible global function definition for ‘fData’
FreqPlotfocal: no visible global function definition for ‘points’
FreqPlotfocal: no visible global function definition for ‘abline’
FreqPlotfocal: no visible global function definition for ‘axis’
focalCall: no visible global function definition for ‘calls’
focalCall: no visible global function definition for ‘featureNames’
focalCall: no visible global function definition for ‘segmented’
focalCall: no visible global function definition for ‘chromosomes’
focalCall: no visible global function definition for ‘bpstart’
focalCall: no visible global function definition for
  ‘assayDataElement<-’
focalCall: no visible global function definition for ‘assayDataElement’
focalCall: no visible global function definition for ‘bpend’
focalCall: no visible global function definition for ‘fData’
focalCall: no visible global function definition for ‘fData<-’
focalCall: no visible global function definition for ‘write.table’
igvFiles: no visible global function definition for ‘calls’
igvFiles: no visible global function definition for ‘chromosomes’
igvFiles: no visible global function definition for ‘bpstart’
igvFiles: no visible global function definition for ‘bpend’
igvFiles: no visible global function definition for ‘featureNames’
igvFiles: no visible global function definition for ‘segmented’
igvFiles: no visible global function definition for ‘write.table’
igvFiles: no visible global function definition for ‘assayDataElement’
singleSample: no visible global function definition for ‘calls’
singleSample: no visible global function definition for ‘featureNames’
singleSample: no visible global function definition for ‘fData’
singleSample: no visible global function definition for ‘fData<-’
singleSample: no visible global function definition for
  ‘assayDataElement<-’
singleSample: no visible global function definition for ‘segmented’
singleSample: no visible global function definition for ‘chromosomes’
singleSample: no visible global function definition for ‘bpend’
singleSample: no visible global function definition for ‘bpstart’
singleSample: no visible global function definition for
  ‘assayDataElement’
singleSample: no visible global function definition for ‘median’
singleSample: no visible global function definition for ‘png’
singleSample: no visible global function definition for ‘dev.off’
singleSample: no visible global function definition for ‘write.table’
Undefined global functions or variables:
  abline assayDataElement assayDataElement<- axis bpend bpstart calls
  chromosomes dev.off fData fData<- featureNames median png points
  segmented write.table
Consider adding
  importFrom("grDevices", "dev.off", "png")
  importFrom("graphics", "abline", "axis", "points")
  importFrom("stats", "median")
  importFrom("utils", "write.table")
to your NAMESPACE file.
* checking Rd files ... OK
* checking Rd metadata ... OK
* checking Rd cross-references ... OK
* checking for missing documentation entries ... OK
* checking for code/documentation mismatches ... OK
* checking Rd \usage sections ... OK
* checking Rd contents ... OK
* checking for unstated dependencies in examples ... OK
* checking contents of ‘data’ directory ... OK
* checking data for non-ASCII characters ... OK
* checking data for ASCII and uncompressed saves ... OK
* checking sizes of PDF files under ‘inst/doc’ ... OK
* checking files in ‘vignettes’ ... OK
* checking examples ... ERROR
Running examples in ‘focalCall-Ex.R’ failed
The error most likely occurred in:
> base::assign(".ptime", proc.time(), pos = "CheckExEnv")
> ### Name: singleSample
> ### Title: Detection focal aberrations with 1 sample only
> ### Aliases: singleSample
> 
> ### ** Examples
> 
> 
> # generate object of cghCall class object and input files
> data(BierkensCNA)
> 
> # Extract focal aberrations and distinguish somatic from germ-line copy number aberrations (CNA) in a single sample
> singleSample(CGHset[,1], CNVset, focalSize=3)
Array resolution too low for calling aberrations smaller than 3MB. 
Counted number of segments for tumor sample 
Generated matrix with detected aberrations <3MB. 
Error in (function (classes, fdef, mtable)  : 
  unable to find an inherited method for function ‘plot.cghCall’ for signature ‘"cghCall"’
Calls: singleSample -> plot -> plot.cghCall -> <Anonymous>
Execution halted
* checking for unstated dependencies in ‘tests’ ... OK
* checking tests ...
  Running ‘runTests.R’
 OK
* checking for unstated dependencies in vignettes ... OK
* checking package vignettes in ‘inst/doc’ ... OK
* checking running R code from vignettes ... SKIPPED
* checking re-building of vignette outputs ... SKIPPED
* checking PDF version of manual ... OK
* DONE
Status: 1 ERROR, 2 NOTEs
See
  ‘/Users/biocbuild/bbs-3.11-bioc/meat/focalCall.Rcheck/00check.log’
for details.
focalCall.Rcheck/00install.out
############################################################################## ############################################################################## ### ### Running command: ### ### /Library/Frameworks/R.framework/Versions/Current/Resources/bin/R CMD INSTALL focalCall ### ############################################################################## ############################################################################## * installing to library ‘/Library/Frameworks/R.framework/Versions/4.0/Resources/library’ * installing *source* package ‘focalCall’ ... ** using staged installation ** R ** data ** inst ** byte-compile and prepare package for lazy loading ** help *** installing help indices ** building package indices ** installing vignettes ** testing if installed package can be loaded from temporary location ** testing if installed package can be loaded from final location ** testing if installed package keeps a record of temporary installation path * DONE (focalCall)
focalCall.Rcheck/tests/runTests.Rout
R version 4.0.3 (2020-10-10) -- "Bunny-Wunnies Freak Out"
Copyright (C) 2020 The R Foundation for Statistical Computing
Platform: x86_64-apple-darwin17.0 (64-bit)
R is free software and comes with ABSOLUTELY NO WARRANTY.
You are welcome to redistribute it under certain conditions.
Type 'license()' or 'licence()' for distribution details.
R is a collaborative project with many contributors.
Type 'contributors()' for more information and
'citation()' on how to cite R or R packages in publications.
Type 'demo()' for some demos, 'help()' for on-line help, or
'help.start()' for an HTML browser interface to help.
Type 'q()' to quit R.
> BiocGenerics:::testPackage("focalCall")
Attaching package: 'BiocGenerics'
The following objects are masked from 'package:parallel':
    clusterApply, clusterApplyLB, clusterCall, clusterEvalQ,
    clusterExport, clusterMap, parApply, parCapply, parLapply,
    parLapplyLB, parRapply, parSapply, parSapplyLB
The following objects are masked from 'package:stats':
    IQR, mad, sd, var, xtabs
The following objects are masked from 'package:base':
    Filter, Find, Map, Position, Reduce, anyDuplicated, append,
    as.data.frame, basename, cbind, colnames, dirname, do.call,
    duplicated, eval, evalq, get, grep, grepl, intersect, is.unsorted,
    lapply, mapply, match, mget, order, paste, pmax, pmax.int, pmin,
    pmin.int, rank, rbind, rownames, sapply, setdiff, sort, table,
    tapply, union, unique, unsplit, which, which.max, which.min
Welcome to Bioconductor
    Vignettes contain introductory material; view with
    'browseVignettes()'. To cite Bioconductor, see
    'citation("Biobase")', and for packages 'citation("pkgname")'.
Attaching package: 'limma'
The following object is masked from 'package:BiocGenerics':
    plotMA
Attaching package: 'snow'
The following objects are masked from 'package:BiocGenerics':
    clusterApply, clusterApplyLB, clusterCall, clusterEvalQ,
    clusterExport, clusterMap, clusterSplit, parApply, parCapply,
    parLapply, parRapply, parSapply
The following objects are masked from 'package:parallel':
    clusterApply, clusterApplyLB, clusterCall, clusterEvalQ,
    clusterExport, clusterMap, clusterSplit, makeCluster, parApply,
    parCapply, parLapply, parRapply, parSapply, splitIndices,
    stopCluster
Attaching package: 'CGHcall'
The following object is masked from 'package:BiocGenerics':
    normalize
RUNIT TEST PROTOCOL -- Sat Oct 17 01:16:24 2020 
*********************************************** 
Number of test functions: 0 
Number of errors: 0 
Number of failures: 0 
 
1 Test Suite : 
focalCall RUnit Tests - 0 test functions, 0 errors, 0 failures
Number of test functions: 0 
Number of errors: 0 
Number of failures: 0 
> 
> proc.time()
   user  system elapsed 
  1.798   0.151   1.926 
focalCall.Rcheck/focalCall-Ex.timings
| name | user | system | elapsed | |
| BierkensCNA | 0.476 | 0.030 | 0.506 | |
| FreqPlot | 0.550 | 0.031 | 0.583 | |
| FreqPlotfocal | 0.785 | 0.025 | 0.812 | |
| focalCall | 5.931 | 0.139 | 6.075 | |
| igvFiles | 1.918 | 0.069 | 2.053 | |