This page was generated on 2020-10-17 11:54:25 -0400 (Sat, 17 Oct 2020).
bgafun 1.50.0 Iain Wallace
 
| Snapshot Date: 2020-10-16 14:40:19 -0400 (Fri, 16 Oct 2020) |  
| URL: https://git.bioconductor.org/packages/bgafun |  
| Branch: RELEASE_3_11 |  
| Last Commit: a3ade48 |  
| Last Changed Date: 2020-04-27 14:15:51 -0400 (Mon, 27 Apr 2020) |  
 
 | malbec2  | Linux (Ubuntu 18.04.4 LTS) / x86_64  |  OK  | [ ERROR ] |  skipped  |  |  | 
| tokay2  | Windows Server 2012 R2 Standard / x64  |  OK  |  ERROR  |  skipped  |  skipped  |  | 
| machv2  | macOS 10.14.6 Mojave / x86_64  |  OK  |  ERROR  |  skipped  |  skipped  |  | 
##############################################################################
##############################################################################
###
### Running command:
###
###   /home/biocbuild/bbs-3.11-bioc/R/bin/R CMD build --keep-empty-dirs --no-resave-data bgafun
###
##############################################################################
##############################################################################
* checking for file ‘bgafun/DESCRIPTION’ ... OK
* preparing ‘bgafun’:
* checking DESCRIPTION meta-information ... OK
* installing the package to build vignettes
* creating vignettes ... ERROR
--- re-building ‘bgafun.rnw’ using Sweave
Loading required package: made4
Loading required package: ade4
Loading required package: RColorBrewer
Loading required package: gplots
Attaching package: ‘gplots’
The following object is masked from ‘package:stats’:
    lowess
Loading required package: scatterplot3d
Loading required package: Biobase
Loading required package: BiocGenerics
Loading required package: parallel
Attaching package: ‘BiocGenerics’
The following objects are masked from ‘package:parallel’:
    clusterApply, clusterApplyLB, clusterCall, clusterEvalQ,
    clusterExport, clusterMap, parApply, parCapply, parLapply,
    parLapplyLB, parRapply, parSapply, parSapplyLB
The following object is masked from ‘package:ade4’:
    score
The following objects are masked from ‘package:stats’:
    IQR, mad, sd, var, xtabs
The following objects are masked from ‘package:base’:
    Filter, Find, Map, Position, Reduce, anyDuplicated, append,
    as.data.frame, basename, cbind, colnames, dirname, do.call,
    duplicated, eval, evalq, get, grep, grepl, intersect, is.unsorted,
    lapply, mapply, match, mget, order, paste, pmax, pmax.int, pmin,
    pmin.int, rank, rbind, rownames, sapply, setdiff, sort, table,
    tapply, union, unique, unsplit, which, which.max, which.min
Welcome to Bioconductor
    Vignettes contain introductory material; view with
    'browseVignettes()'. To cite Bioconductor, see
    'citation("Biobase")', and for packages 'citation("pkgname")'.
Loading required package: SummarizedExperiment
Loading required package: GenomicRanges
Loading required package: stats4
Loading required package: S4Vectors
Attaching package: ‘S4Vectors’
The following object is masked from ‘package:gplots’:
    space
The following object is masked from ‘package:base’:
    expand.grid
Loading required package: IRanges
Loading required package: GenomeInfoDb
Loading required package: DelayedArray
Loading required package: matrixStats
Attaching package: ‘matrixStats’
The following objects are masked from ‘package:Biobase’:
    anyMissing, rowMedians
Attaching package: ‘DelayedArray’
The following objects are masked from ‘package:matrixStats’:
    colMaxs, colMins, colRanges, rowMaxs, rowMins, rowRanges
The following objects are masked from ‘package:base’:
    aperm, apply, rowsum
Loading required package: seqinr
Attaching package: ‘seqinr’
The following object is masked from ‘package:matrixStats’:
    count
Warning: Package 'bgafun' is deprecated and will be removed from Bioconductor
  version 3.12
Error: processing vignette 'bgafun.rnw' failed with diagnostics:
 chunk 8 
Error in switch(class(arraydata), matrix = { : 
  EXPR must be a length 1 vector
--- failed re-building ‘bgafun.rnw’
SUMMARY: processing the following file failed:
  ‘bgafun.rnw’
Error: Vignette re-building failed.
Execution halted