| Back to Multiple platform build/check report for BioC 3.11 |
|
This page was generated on 2020-10-17 11:56:02 -0400 (Sat, 17 Oct 2020).
| TO THE DEVELOPERS/MAINTAINERS OF THE a4 PACKAGE: Please make sure to use the following settings in order to reproduce any error or warning you see on this page. |
| Package 1/1905 | Hostname | OS / Arch | INSTALL | BUILD | CHECK | BUILD BIN | ||||||
| a4 1.36.0 Tobias Verbeke
| malbec2 | Linux (Ubuntu 18.04.4 LTS) / x86_64 | OK | OK | WARNINGS | |||||||
| tokay2 | Windows Server 2012 R2 Standard / x64 | OK | OK | [ WARNINGS ] | OK | |||||||
| machv2 | macOS 10.14.6 Mojave / x86_64 | OK | OK | WARNINGS | OK |
| Package: a4 |
| Version: 1.36.0 |
| Command: C:\Users\biocbuild\bbs-3.11-bioc\R\bin\R.exe CMD check --force-multiarch --install=check:a4.install-out.txt --library=C:\Users\biocbuild\bbs-3.11-bioc\R\library --no-vignettes --timings a4_1.36.0.tar.gz |
| StartedAt: 2020-10-17 01:25:25 -0400 (Sat, 17 Oct 2020) |
| EndedAt: 2020-10-17 01:27:45 -0400 (Sat, 17 Oct 2020) |
| EllapsedTime: 139.9 seconds |
| RetCode: 0 |
| Status: WARNINGS |
| CheckDir: a4.Rcheck |
| Warnings: 1 |
##############################################################################
##############################################################################
###
### Running command:
###
### C:\Users\biocbuild\bbs-3.11-bioc\R\bin\R.exe CMD check --force-multiarch --install=check:a4.install-out.txt --library=C:\Users\biocbuild\bbs-3.11-bioc\R\library --no-vignettes --timings a4_1.36.0.tar.gz
###
##############################################################################
##############################################################################
* using log directory 'C:/Users/biocbuild/bbs-3.11-bioc/meat/a4.Rcheck'
* using R version 4.0.3 (2020-10-10)
* using platform: x86_64-w64-mingw32 (64-bit)
* using session charset: ISO8859-1
* using option '--no-vignettes'
* checking for file 'a4/DESCRIPTION' ... OK
* checking extension type ... Package
* this is package 'a4' version '1.36.0'
* checking package namespace information ... OK
* checking package dependencies ... OK
* checking if this is a source package ... OK
* checking if there is a namespace ... OK
* checking for hidden files and directories ... OK
* checking for portable file names ... OK
* checking whether package 'a4' can be installed ... WARNING
Found the following significant warnings:
Warning: Package 'KEGG.db' is deprecated and will be removed from Bioconductor
See 'C:/Users/biocbuild/bbs-3.11-bioc/meat/a4.Rcheck/00install.out' for details.
* checking installed package size ... OK
* checking package directory ... OK
* checking 'build' directory ... OK
* checking DESCRIPTION meta-information ... NOTE
Malformed Description field: should contain one or more complete sentences.
* checking top-level files ... OK
* checking for left-over files ... OK
* checking index information ... OK
* checking package subdirectories ... OK
* checking R files for non-ASCII characters ... OK
* checking R files for syntax errors ... OK
* loading checks for arch 'i386'
** checking whether the package can be loaded ... OK
** checking whether the package can be loaded with stated dependencies ... OK
** checking whether the package can be unloaded cleanly ... OK
** checking whether the namespace can be loaded with stated dependencies ... OK
** checking whether the namespace can be unloaded cleanly ... OK
* loading checks for arch 'x64'
** checking whether the package can be loaded ... OK
** checking whether the package can be loaded with stated dependencies ... OK
** checking whether the package can be unloaded cleanly ... OK
** checking whether the namespace can be loaded with stated dependencies ... OK
** checking whether the namespace can be unloaded cleanly ... OK
* checking dependencies in R code ... NOTE
Packages in Depends field not imported from:
'a4Base' 'a4Classif' 'a4Core' 'a4Preproc' 'a4Reporting'
These packages need to be imported from (in the NAMESPACE file)
for when this namespace is loaded but not attached.
* checking S3 generic/method consistency ... OK
* checking replacement functions ... OK
* checking foreign function calls ... OK
* checking R code for possible problems ... NOTE
.onAttach: no visible global function definition for
'packageDescription'
Undefined global functions or variables:
packageDescription
Consider adding
importFrom("utils", "packageDescription")
to your NAMESPACE file.
* checking for missing documentation entries ... OK
* checking files in 'vignettes' ... OK
* checking examples ... NONE
* checking for unstated dependencies in vignettes ... OK
* checking package vignettes in 'inst/doc' ... OK
* checking running R code from vignettes ... SKIPPED
* checking re-building of vignette outputs ... SKIPPED
* checking PDF version of manual ... OK
* DONE
Status: 1 WARNING, 3 NOTEs
See
'C:/Users/biocbuild/bbs-3.11-bioc/meat/a4.Rcheck/00check.log'
for details.
a4.Rcheck/00install.out
##############################################################################
##############################################################################
###
### Running command:
###
### C:\cygwin\bin\curl.exe -O https://malbec2.bioconductor.org/BBS/3.11/bioc/src/contrib/a4_1.36.0.tar.gz && rm -rf a4.buildbin-libdir && mkdir a4.buildbin-libdir && C:\Users\biocbuild\bbs-3.11-bioc\R\bin\R.exe CMD INSTALL --merge-multiarch --build --library=a4.buildbin-libdir a4_1.36.0.tar.gz && C:\Users\biocbuild\bbs-3.11-bioc\R\bin\R.exe CMD INSTALL a4_1.36.0.zip && rm a4_1.36.0.tar.gz a4_1.36.0.zip
###
##############################################################################
##############################################################################
% Total % Received % Xferd Average Speed Time Time Time Current
Dload Upload Total Spent Left Speed
0 0 0 0 0 0 0 0 --:--:-- --:--:-- --:--:-- 0
100 23498 100 23498 0 0 375k 0 --:--:-- --:--:-- --:--:-- 417k
install for i386
* installing *source* package 'a4' ...
** using staged installation
** R
** inst
** byte-compile and prepare package for lazy loading
Warning message:
Package 'KEGG.db' is deprecated and will be removed from Bioconductor
version 3.12
** help
No man pages found in package 'a4'
*** installing help indices
** building package indices
** installing vignettes
** testing if installed package can be loaded from temporary location
Warning: Package 'KEGG.db' is deprecated and will be removed from Bioconductor
version 3.12
** testing if installed package can be loaded from final location
Warning: Package 'KEGG.db' is deprecated and will be removed from Bioconductor
version 3.12
** testing if installed package keeps a record of temporary installation path
install for x64
* installing *source* package 'a4' ...
** testing if installed package can be loaded
Warning: Package 'KEGG.db' is deprecated and will be removed from Bioconductor
version 3.12
* MD5 sums
packaged installation of 'a4' as a4_1.36.0.zip
* DONE (a4)
* installing to library 'C:/Users/biocbuild/bbs-3.11-bioc/R/library'
package 'a4' successfully unpacked and MD5 sums checked