| Back to Multiple platform build/check report for BioC 3.11 |
|
This page was generated on 2020-10-17 11:56:00 -0400 (Sat, 17 Oct 2020).
| TO THE DEVELOPERS/MAINTAINERS OF THE ViSEAGO PACKAGE: Please make sure to use the following settings in order to reproduce any error or warning you see on this page. |
| Package 1876/1905 | Hostname | OS / Arch | INSTALL | BUILD | CHECK | BUILD BIN | ||||||
| ViSEAGO 1.2.0 Aurelien Brionne
| malbec2 | Linux (Ubuntu 18.04.4 LTS) / x86_64 | OK | OK | [ WARNINGS ] | |||||||
| tokay2 | Windows Server 2012 R2 Standard / x64 | OK | OK | WARNINGS | NA | |||||||
| machv2 | macOS 10.14.6 Mojave / x86_64 | OK | OK | ERROR | OK |
| Package: ViSEAGO |
| Version: 1.2.0 |
| Command: /home/biocbuild/bbs-3.11-bioc/R/bin/R CMD check --install=check:ViSEAGO.install-out.txt --library=/home/biocbuild/bbs-3.11-bioc/R/library --no-vignettes --timings ViSEAGO_1.2.0.tar.gz |
| StartedAt: 2020-10-17 06:25:08 -0400 (Sat, 17 Oct 2020) |
| EndedAt: 2020-10-17 06:28:53 -0400 (Sat, 17 Oct 2020) |
| EllapsedTime: 224.6 seconds |
| RetCode: 0 |
| Status: WARNINGS |
| CheckDir: ViSEAGO.Rcheck |
| Warnings: 1 |
##############################################################################
##############################################################################
###
### Running command:
###
### /home/biocbuild/bbs-3.11-bioc/R/bin/R CMD check --install=check:ViSEAGO.install-out.txt --library=/home/biocbuild/bbs-3.11-bioc/R/library --no-vignettes --timings ViSEAGO_1.2.0.tar.gz
###
##############################################################################
##############################################################################
* using log directory ‘/home/biocbuild/bbs-3.11-bioc/meat/ViSEAGO.Rcheck’
* using R version 4.0.3 (2020-10-10)
* using platform: x86_64-pc-linux-gnu (64-bit)
* using session charset: UTF-8
* using option ‘--no-vignettes’
* checking for file ‘ViSEAGO/DESCRIPTION’ ... OK
* this is package ‘ViSEAGO’ version ‘1.2.0’
* checking package namespace information ... OK
* checking package dependencies ... OK
* checking if this is a source package ... OK
* checking if there is a namespace ... OK
* checking for hidden files and directories ... OK
* checking for portable file names ... OK
* checking for sufficient/correct file permissions ... OK
* checking whether package ‘ViSEAGO’ can be installed ... OK
* checking installed package size ... OK
* checking package directory ... OK
* checking ‘build’ directory ... OK
* checking DESCRIPTION meta-information ... OK
* checking top-level files ... OK
* checking for left-over files ... OK
* checking index information ... OK
* checking package subdirectories ... OK
* checking R files for non-ASCII characters ... OK
* checking R files for syntax errors ... OK
* checking whether the package can be loaded ... OK
* checking whether the package can be loaded with stated dependencies ... OK
* checking whether the package can be unloaded cleanly ... OK
* checking whether the namespace can be loaded with stated dependencies ... OK
* checking whether the namespace can be unloaded cleanly ... OK
* checking dependencies in R code ... WARNING
'library' or 'require' call not declared from: ‘topGO’
'library' or 'require' call to ‘topGO’ in package code.
Please use :: or requireNamespace() instead.
See section 'Suggested packages' in the 'Writing R Extensions' manual.
* checking S3 generic/method consistency ... OK
* checking replacement functions ... OK
* checking foreign function calls ... OK
* checking R code for possible problems ... NOTE
annotate,character-genomic_ressource: warning in getBM(attributes =
c("ensembl_gene_id", "go_id", "go_linkage_type", "namespace_1003"),
filters = unlist(go_filter[grep("with GO ID", ignore.case = TRUE,
go_filter$description), "name", with = FALSE]), value = TRUE, mart =
myspecies): partial argument match of 'value' to 'values'
compute_SS_distances,ANY-character: warning in select(GO.db, keys =
onto$values, column = "TERM"): partial argument match of 'column' to
'columns'
merge_enrich_terms,list : <anonymous>: warning in getBM(attributes =
c("ensembl_gene_id", "external_gene_name"), value = TRUE, mart =
myspecies): partial argument match of 'value' to 'values'
GOterms_heatmap,GO_SS: no visible binding for global variable ‘GO.ID’
MDSplot,ANY: no visible binding for global variable ‘text’
annotate,character-genomic_ressource: no visible global function
definition for ‘.’
annotate,character-genomic_ressource: no visible binding for global
variable ‘ENTREZID’
annotate,character-genomic_ressource: no visible binding for global
variable ‘GO’
annotate,character-genomic_ressource: no visible binding for global
variable ‘EVIDENCE’
annotate,character-genomic_ressource: no visible binding for global
variable ‘ONTOLOGY’
compute_SS_distances,ANY-character: no visible binding for global
variable ‘N’
compute_SS_distances,ANY-character: no visible binding for global
variable ‘IC’
merge_enrich_terms,list : <anonymous> : esummary : <anonymous>: no
visible binding for global variable ‘start’
merge_enrich_terms,list : <anonymous> : esummary : <anonymous>: no
visible binding for global variable ‘end’
Undefined global functions or variables:
. ENTREZID EVIDENCE GO GO.ID IC N ONTOLOGY end start text
Consider adding
importFrom("graphics", "text")
importFrom("stats", "end", "start")
to your NAMESPACE file.
* checking Rd files ... OK
* checking Rd metadata ... OK
* checking Rd cross-references ... OK
* checking for missing documentation entries ... OK
* checking for code/documentation mismatches ... OK
* checking Rd \usage sections ... OK
* checking Rd contents ... OK
* checking for unstated dependencies in examples ... OK
* checking contents of ‘data’ directory ... OK
* checking data for non-ASCII characters ... OK
* checking data for ASCII and uncompressed saves ... OK
* checking files in ‘vignettes’ ... OK
* checking examples ... OK
* checking for unstated dependencies in vignettes ... OK
* checking package vignettes in ‘inst/doc’ ... OK
* checking running R code from vignettes ... SKIPPED
* checking re-building of vignette outputs ... SKIPPED
* checking PDF version of manual ... OK
* DONE
Status: 1 WARNING, 1 NOTE
See
‘/home/biocbuild/bbs-3.11-bioc/meat/ViSEAGO.Rcheck/00check.log’
for details.
ViSEAGO.Rcheck/00install.out
############################################################################## ############################################################################## ### ### Running command: ### ### /home/biocbuild/bbs-3.11-bioc/R/bin/R CMD INSTALL ViSEAGO ### ############################################################################## ############################################################################## * installing to library ‘/home/biocbuild/bbs-3.11-bioc/R/library’ * installing *source* package ‘ViSEAGO’ ... ** using staged installation ** R ** data ** inst ** byte-compile and prepare package for lazy loading ** help *** installing help indices ** building package indices ** installing vignettes ** testing if installed package can be loaded from temporary location ** testing if installed package can be loaded from final location ** testing if installed package keeps a record of temporary installation path * DONE (ViSEAGO)
ViSEAGO.Rcheck/ViSEAGO-Ex.timings
| name | user | system | elapsed | |
| Bioconductor2GO | 0.056 | 0.004 | 0.253 | |
| Custom2GO | 0.241 | 0.000 | 0.250 | |
| Ensembl2GO | 0.000 | 0.000 | 0.001 | |
| EntrezGene2GO | 0.000 | 0.000 | 0.001 | |
| EntrezGene_orthologs | 0.000 | 0.000 | 0.001 | |
| GOclusters_heatmap-methods | 0.092 | 0.000 | 0.093 | |
| GOcount-methods | 0.947 | 0.032 | 0.979 | |
| GOterms_heatmap-methods | 0.092 | 0.000 | 0.091 | |
| MDSplot-methods | 0.085 | 0.004 | 0.090 | |
| Uniprot2GO | 0.006 | 0.032 | 1.244 | |
| Upset-methods | 0.665 | 0.045 | 0.709 | |
| annotate-methods | 0.000 | 0.000 | 0.001 | |
| available_organisms-methods | 0.087 | 0.012 | 0.427 | |
| build_GO_SS-methods | 0.054 | 0.004 | 0.057 | |
| clusters_cor-methods | 0.068 | 0.000 | 0.068 | |
| compare_clusters-methods | 0.073 | 0.000 | 0.073 | |
| compute_SS_distances-methods | 0.056 | 0.000 | 0.056 | |
| create_topGOdata-methods | 0.018 | 0.004 | 0.167 | |
| merge_enrich_terms-methods | 0.027 | 0.000 | 0.040 | |
| overLapper | 0 | 0 | 0 | |
| pkgdiagram | 0.165 | 0.035 | 0.315 | |
| show_heatmap-methods | 0.085 | 0.004 | 0.088 | |
| show_table-methods | 0.333 | 0.015 | 0.619 | |
| taxonomy | 0.107 | 0.016 | 0.442 | |