| Back to Multiple platform build/check report for BioC 3.11 |
|
This page was generated on 2020-10-17 11:57:49 -0400 (Sat, 17 Oct 2020).
| TO THE DEVELOPERS/MAINTAINERS OF THE SingleR PACKAGE: Please make sure to use the following settings in order to reproduce any error or warning you see on this page. |
| Package 1674/1905 | Hostname | OS / Arch | INSTALL | BUILD | CHECK | BUILD BIN | ||||||
| SingleR 1.2.4 Aaron Lun
| malbec2 | Linux (Ubuntu 18.04.4 LTS) / x86_64 | OK | OK | OK | |||||||
| tokay2 | Windows Server 2012 R2 Standard / x64 | OK | OK | [ WARNINGS ] | NA | |||||||
| machv2 | macOS 10.14.6 Mojave / x86_64 | OK | ERROR | skipped | skipped |
| Package: SingleR |
| Version: 1.2.4 |
| Command: C:\Users\biocbuild\bbs-3.11-bioc\R\bin\R.exe CMD check --force-multiarch --install=check:SingleR.install-out.txt --library=C:\Users\biocbuild\bbs-3.11-bioc\R\library --no-vignettes --timings SingleR_1.2.4.tar.gz |
| StartedAt: 2020-10-17 08:22:13 -0400 (Sat, 17 Oct 2020) |
| EndedAt: 2020-10-17 08:45:17 -0400 (Sat, 17 Oct 2020) |
| EllapsedTime: 1384.2 seconds |
| RetCode: 0 |
| Status: WARNINGS |
| CheckDir: SingleR.Rcheck |
| Warnings: 1 |
##############################################################################
##############################################################################
###
### Running command:
###
### C:\Users\biocbuild\bbs-3.11-bioc\R\bin\R.exe CMD check --force-multiarch --install=check:SingleR.install-out.txt --library=C:\Users\biocbuild\bbs-3.11-bioc\R\library --no-vignettes --timings SingleR_1.2.4.tar.gz
###
##############################################################################
##############################################################################
* using log directory 'C:/Users/biocbuild/bbs-3.11-bioc/meat/SingleR.Rcheck'
* using R version 4.0.3 (2020-10-10)
* using platform: x86_64-w64-mingw32 (64-bit)
* using session charset: ISO8859-1
* using option '--no-vignettes'
* checking for file 'SingleR/DESCRIPTION' ... OK
* this is package 'SingleR' version '1.2.4'
* package encoding: UTF-8
* checking package namespace information ... OK
* checking package dependencies ... OK
* checking if this is a source package ... OK
* checking if there is a namespace ... OK
* checking for hidden files and directories ... NOTE
Found the following hidden files and directories:
.github
These were most likely included in error. See section 'Package
structure' in the 'Writing R Extensions' manual.
* checking for portable file names ... OK
* checking whether package 'SingleR' can be installed ... WARNING
Found the following significant warnings:
Rd warning: C:/Users/biocbuild/bbs-3.11-bioc/tmpdir/RtmpgB2bOC/R.INSTALL18206353720c/SingleR/man/plotScoreDistribution.Rd:67: file link 'grid.arrange' in package 'gridExtra' does not exist and so has been treated as a topic
Rd warning: C:/Users/biocbuild/bbs-3.11-bioc/tmpdir/RtmpgB2bOC/R.INSTALL18206353720c/SingleR/man/plotScoreDistribution.Rd:197: file link 'grid.arrange' in package 'gridExtra' does not exist and so has been treated as a topic
Rd warning: C:/Users/biocbuild/bbs-3.11-bioc/tmpdir/RtmpgB2bOC/R.INSTALL18206353720c/SingleR/man/plotScoreHeatmap.Rd:75: file link 'grid.arrange' in package 'gridExtra' does not exist and so has been treated as a topic
Rd warning: C:/Users/biocbuild/bbs-3.11-bioc/tmpdir/RtmpgB2bOC/R.INSTALL18206353720c/SingleR/man/plotScoreHeatmap.Rd:208: file link 'grid.arrange' in package 'gridExtra' does not exist and so has been treated as a topic
See 'C:/Users/biocbuild/bbs-3.11-bioc/meat/SingleR.Rcheck/00install.out' for details.
* checking installed package size ... OK
* checking package directory ... OK
* checking 'build' directory ... OK
* checking DESCRIPTION meta-information ... OK
* checking top-level files ... OK
* checking for left-over files ... OK
* checking index information ... OK
* checking package subdirectories ... OK
* checking R files for non-ASCII characters ... OK
* checking R files for syntax errors ... OK
* loading checks for arch 'i386'
** checking whether the package can be loaded ... OK
** checking whether the package can be loaded with stated dependencies ... OK
** checking whether the package can be unloaded cleanly ... OK
** checking whether the namespace can be loaded with stated dependencies ... OK
** checking whether the namespace can be unloaded cleanly ... OK
* loading checks for arch 'x64'
** checking whether the package can be loaded ... OK
** checking whether the package can be loaded with stated dependencies ... OK
** checking whether the package can be unloaded cleanly ... OK
** checking whether the namespace can be loaded with stated dependencies ... OK
** checking whether the namespace can be unloaded cleanly ... OK
* checking dependencies in R code ... OK
* checking S3 generic/method consistency ... OK
* checking replacement functions ... OK
* checking foreign function calls ... OK
* checking R code for possible problems ... OK
* checking Rd files ... OK
* checking Rd metadata ... OK
* checking Rd cross-references ... OK
* checking for missing documentation entries ... OK
* checking for code/documentation mismatches ... OK
* checking Rd \usage sections ... OK
* checking Rd contents ... OK
* checking for unstated dependencies in examples ... OK
* checking line endings in C/C++/Fortran sources/headers ... OK
* checking compiled code ... NOTE
Note: information on .o files for i386 is not available
Note: information on .o files for x64 is not available
File 'C:/Users/biocbuild/bbs-3.11-bioc/R/library/SingleR/libs/i386/SingleR.dll':
Found 'abort', possibly from 'abort' (C), 'runtime' (Fortran)
Found 'exit', possibly from 'exit' (C), 'stop' (Fortran)
Found 'printf', possibly from 'printf' (C)
File 'C:/Users/biocbuild/bbs-3.11-bioc/R/library/SingleR/libs/x64/SingleR.dll':
Found 'abort', possibly from 'abort' (C), 'runtime' (Fortran)
Found 'exit', possibly from 'exit' (C), 'stop' (Fortran)
Found 'printf', possibly from 'printf' (C)
Compiled code should not call entry points which might terminate R nor
write to stdout/stderr instead of to the console, nor use Fortran I/O
nor system RNGs. The detected symbols are linked into the code but
might come from libraries and not actually be called.
See 'Writing portable packages' in the 'Writing R Extensions' manual.
* checking files in 'vignettes' ... OK
* checking examples ...
** running examples for arch 'i386' ... OK
Examples with CPU (user + system) or elapsed time > 5s
user system elapsed
plotScoreDistribution 23.44 0.67 24.11
DatabaseImmuneCellExpressionData 15.08 0.78 66.97
BlueprintEncodeData 8.50 1.22 10.47
HumanPrimaryCellAtlasData 6.82 0.44 11.88
ImmGenData 5.88 0.43 6.56
MouseRNAseqData 5.05 0.29 8.05
MonacoImmuneData 5.06 0.18 8.16
NovershternHematopoieticData 5.03 0.14 6.62
** running examples for arch 'x64' ... OK
Examples with CPU (user + system) or elapsed time > 5s
user system elapsed
plotScoreDistribution 20.21 0.05 20.26
DatabaseImmuneCellExpressionData 10.25 0.67 11.19
BlueprintEncodeData 8.31 1.06 9.82
HumanPrimaryCellAtlasData 7.16 0.44 7.82
ImmGenData 6.39 0.37 7.02
MouseRNAseqData 5.53 0.29 6.25
MonacoImmuneData 5.52 0.28 6.05
NovershternHematopoieticData 4.70 0.17 5.73
* checking for unstated dependencies in 'tests' ... OK
* checking tests ...
** running tests for arch 'i386' ...
Running 'testthat.R'
OK
** running tests for arch 'x64' ...
Running 'testthat.R'
OK
* checking for unstated dependencies in vignettes ... OK
* checking package vignettes in 'inst/doc' ... OK
* checking running R code from vignettes ... SKIPPED
* checking re-building of vignette outputs ... SKIPPED
* checking PDF version of manual ... OK
* DONE
Status: 1 WARNING, 2 NOTEs
See
'C:/Users/biocbuild/bbs-3.11-bioc/meat/SingleR.Rcheck/00check.log'
for details.
SingleR.Rcheck/00install.out
##############################################################################
##############################################################################
###
### Running command:
###
### C:\cygwin\bin\curl.exe -O https://malbec2.bioconductor.org/BBS/3.11/bioc/src/contrib/SingleR_1.2.4.tar.gz && rm -rf SingleR.buildbin-libdir && mkdir SingleR.buildbin-libdir && C:\Users\biocbuild\bbs-3.11-bioc\R\bin\R.exe CMD INSTALL --merge-multiarch --build --library=SingleR.buildbin-libdir SingleR_1.2.4.tar.gz && C:\Users\biocbuild\bbs-3.11-bioc\R\bin\R.exe CMD INSTALL SingleR_1.2.4.zip && rm SingleR_1.2.4.tar.gz SingleR_1.2.4.zip
###
##############################################################################
##############################################################################
% Total % Received % Xferd Average Speed Time Time Time Current
Dload Upload Total Spent Left Speed
0 0 0 0 0 0 0 0 --:--:-- --:--:-- --:--:-- 0
100 123k 100 123k 0 0 1868k 0 --:--:-- --:--:-- --:--:-- 2089k
install for i386
* installing *source* package 'SingleR' ...
** using staged installation
** libs
"C:/rtools40/mingw32/bin/"g++ -std=gnu++11 -I"C:/Users/BIOCBU~1/BBS-3~1.11-/R/include" -DNDEBUG -I'C:/Users/biocbuild/bbs-3.11-bioc/R/library/Rcpp/include' -I'C:/Users/biocbuild/bbs-3.11-bioc/R/library/beachmat/include' -I"C:/extsoft/include" -O2 -Wall -mfpmath=sse -msse2 -mstackrealign -c RcppExports.cpp -o RcppExports.o
"C:/rtools40/mingw32/bin/"g++ -std=gnu++11 -I"C:/Users/BIOCBU~1/BBS-3~1.11-/R/include" -DNDEBUG -I'C:/Users/biocbuild/bbs-3.11-bioc/R/library/Rcpp/include' -I'C:/Users/biocbuild/bbs-3.11-bioc/R/library/beachmat/include' -I"C:/extsoft/include" -O2 -Wall -mfpmath=sse -msse2 -mstackrealign -c fine_tune_de.cpp -o fine_tune_de.o
fine_tune_de.cpp: In constructor 'de_markers::de_markers(Rcpp::List)':
fine_tune_de.cpp:6:27: warning: comparison of integer expressions of different signedness: 'size_t' {aka 'unsigned int'} and 'R_xlen_t' {aka 'int'} [-Wsign-compare]
for (size_t i=0; i<marker_genes.size(); ++i) {
~^~~~~~~~~~~~~~~~~~~~
fine_tune_de.cpp:9:31: warning: comparison of integer expressions of different signedness: 'size_t' {aka 'unsigned int'} and 'R_xlen_t' {aka 'int'} [-Wsign-compare]
for (size_t j=0; j<internals.size(); ++j) {
~^~~~~~~~~~~~~~~~~
fine_tune_de.cpp: In function 'Rcpp::List fine_tune_label_de(SEXP, Rcpp::NumericMatrix, Rcpp::List, double, double, Rcpp::List)':
fine_tune_de.cpp:41:23: warning: comparison of integer expressions of different signedness: 'size_t' {aka 'unsigned int'} and 'R_xlen_t' {aka 'int'} [-Wsign-compare]
for (size_t i=0; i<References.size(); ++i) {
~^~~~~~~~~~~~~~~~~~
In file included from fine_tune_de.cpp:2:
fine_tuner.h: In instantiation of 'tuned_stats fine_tuner::assign(int, beachmat::numeric_matrix*, Rcpp::NumericMatrix, const matrix_list&, double, double, const PICKER&) [with PICKER = de_markers; tuned_stats = std::tuple<int, double, double>; beachmat::numeric_matrix = beachmat::lin_matrix<double, Rcpp::Vector<14, Rcpp::PreserveStorage> >; Rcpp::NumericMatrix = Rcpp::Matrix<14>; matrix_list = std::vector<std::unique_ptr<beachmat::lin_matrix<double, Rcpp::Vector<14, Rcpp::PreserveStorage> > > >]':
fine_tune_de.cpp:54:95: required from here
fine_tuner.h:40:27: warning: comparison of integer expressions of different signedness: 'size_t' {aka 'unsigned int'} and 'int' [-Wsign-compare]
for (size_t i=0; i<cur_scores.size(); ++i) {
~^~~~~~~~~~~~~~~~~~
"C:/rtools40/mingw32/bin/"g++ -std=gnu++11 -I"C:/Users/BIOCBU~1/BBS-3~1.11-/R/include" -DNDEBUG -I'C:/Users/biocbuild/bbs-3.11-bioc/R/library/Rcpp/include' -I'C:/Users/biocbuild/bbs-3.11-bioc/R/library/beachmat/include' -I"C:/extsoft/include" -O2 -Wall -mfpmath=sse -msse2 -mstackrealign -c fine_tune_sd.cpp -o fine_tune_sd.o
fine_tune_sd.cpp: In function 'Rcpp::List fine_tune_label_sd(SEXP, Rcpp::NumericMatrix, Rcpp::List, double, double, Rcpp::NumericMatrix, double)':
fine_tune_sd.cpp:46:23: warning: comparison of integer expressions of different signedness: 'size_t' {aka 'unsigned int'} and 'R_xlen_t' {aka 'int'} [-Wsign-compare]
for (size_t i=0; i<References.size(); ++i) {
~^~~~~~~~~~~~~~~~~~
In file included from fine_tune_sd.cpp:2:
fine_tuner.h: In instantiation of 'tuned_stats fine_tuner::assign(int, beachmat::numeric_matrix*, Rcpp::NumericMatrix, const matrix_list&, double, double, const PICKER&) [with PICKER = sd_markers; tuned_stats = std::tuple<int, double, double>; beachmat::numeric_matrix = beachmat::lin_matrix<double, Rcpp::Vector<14, Rcpp::PreserveStorage> >; Rcpp::NumericMatrix = Rcpp::Matrix<14>; matrix_list = std::vector<std::unique_ptr<beachmat::lin_matrix<double, Rcpp::Vector<14, Rcpp::PreserveStorage> > > >]':
fine_tune_sd.cpp:59:95: required from here
fine_tuner.h:40:27: warning: comparison of integer expressions of different signedness: 'size_t' {aka 'unsigned int'} and 'int' [-Wsign-compare]
for (size_t i=0; i<cur_scores.size(); ++i) {
~^~~~~~~~~~~~~~~~~~
"C:/rtools40/mingw32/bin/"g++ -std=gnu++11 -I"C:/Users/BIOCBU~1/BBS-3~1.11-/R/include" -DNDEBUG -I'C:/Users/biocbuild/bbs-3.11-bioc/R/library/Rcpp/include' -I'C:/Users/biocbuild/bbs-3.11-bioc/R/library/beachmat/include' -I"C:/extsoft/include" -O2 -Wall -mfpmath=sse -msse2 -mstackrealign -c recompute_scores.cpp -o recompute_scores.o
recompute_scores.cpp: In function 'Rcpp::RObject recompute_scores(Rcpp::List, Rcpp::RObject, Rcpp::IntegerMatrix, Rcpp::List, Rcpp::List, double)':
recompute_scores.cpp:38:22: warning: comparison of integer expressions of different signedness: 'int' and 'const size_t' {aka 'const unsigned int'} [-Wsign-compare]
if (Labels.nrow()!=nref) {
~~~~~~~~~~~~~^~~~~~
recompute_scores.cpp:41:22: warning: comparison of integer expressions of different signedness: 'int' and 'const size_t' {aka 'const unsigned int'} [-Wsign-compare]
if (Labels.ncol()!=ncells) {
~~~~~~~~~~~~~^~~~~~~~
recompute_scores.cpp:45:21: warning: comparison of integer expressions of different signedness: 'R_xlen_t' {aka 'int'} and 'const size_t' {aka 'const unsigned int'} [-Wsign-compare]
if (Genes.size()!=nref) {
~~~~~~~~~~~~^~~~~~
C:/rtools40/mingw32/bin/g++ -shared -s -static-libgcc -o SingleR.dll tmp.def RcppExports.o fine_tune_de.o fine_tune_sd.o recompute_scores.o -LC:/extsoft/lib/i386 -LC:/extsoft/lib -LC:/Users/BIOCBU~1/BBS-3~1.11-/R/bin/i386 -lR
installing to C:/Users/biocbuild/bbs-3.11-bioc/meat/SingleR.buildbin-libdir/00LOCK-SingleR/00new/SingleR/libs/i386
** R
** inst
** byte-compile and prepare package for lazy loading
** help
*** installing help indices
converting help for package 'SingleR'
finding HTML links ... done
BlueprintEncodeData html
finding level-2 HTML links ... done
DatabaseImmuneCellExpressionData html
HumanPrimaryCellAtlasData html
ImmGenData html
MonacoImmuneData html
MouseRNAseqData html
NovershternHematopoieticData html
SingleR html
aggregateReference html
classifySingleR html
combine-predictions html
combineCommonResults html
combineRecomputedResults html
getDeltaFromMedian html
matchReferences html
mockData html
plotScoreDistribution html
Rd warning: C:/Users/biocbuild/bbs-3.11-bioc/tmpdir/RtmpgB2bOC/R.INSTALL18206353720c/SingleR/man/plotScoreDistribution.Rd:67: file link 'grid.arrange' in package 'gridExtra' does not exist and so has been treated as a topic
Rd warning: C:/Users/biocbuild/bbs-3.11-bioc/tmpdir/RtmpgB2bOC/R.INSTALL18206353720c/SingleR/man/plotScoreDistribution.Rd:197: file link 'grid.arrange' in package 'gridExtra' does not exist and so has been treated as a topic
plotScoreHeatmap html
Rd warning: C:/Users/biocbuild/bbs-3.11-bioc/tmpdir/RtmpgB2bOC/R.INSTALL18206353720c/SingleR/man/plotScoreHeatmap.Rd:75: file link 'grid.arrange' in package 'gridExtra' does not exist and so has been treated as a topic
Rd warning: C:/Users/biocbuild/bbs-3.11-bioc/tmpdir/RtmpgB2bOC/R.INSTALL18206353720c/SingleR/man/plotScoreHeatmap.Rd:208: file link 'grid.arrange' in package 'gridExtra' does not exist and so has been treated as a topic
pruneScores html
trainSingleR html
** building package indices
** installing vignettes
** testing if installed package can be loaded from temporary location
** testing if installed package can be loaded from final location
** testing if installed package keeps a record of temporary installation path
install for x64
* installing *source* package 'SingleR' ...
** libs
"C:/rtools40/mingw64/bin/"g++ -std=gnu++11 -I"C:/Users/BIOCBU~1/BBS-3~1.11-/R/include" -DNDEBUG -I'C:/Users/biocbuild/bbs-3.11-bioc/R/library/Rcpp/include' -I'C:/Users/biocbuild/bbs-3.11-bioc/R/library/beachmat/include' -I"C:/extsoft/include" -O2 -Wall -mfpmath=sse -msse2 -mstackrealign -c RcppExports.cpp -o RcppExports.o
"C:/rtools40/mingw64/bin/"g++ -std=gnu++11 -I"C:/Users/BIOCBU~1/BBS-3~1.11-/R/include" -DNDEBUG -I'C:/Users/biocbuild/bbs-3.11-bioc/R/library/Rcpp/include' -I'C:/Users/biocbuild/bbs-3.11-bioc/R/library/beachmat/include' -I"C:/extsoft/include" -O2 -Wall -mfpmath=sse -msse2 -mstackrealign -c fine_tune_de.cpp -o fine_tune_de.o
fine_tune_de.cpp: In constructor 'de_markers::de_markers(Rcpp::List)':
fine_tune_de.cpp:6:27: warning: comparison of integer expressions of different signedness: 'size_t' {aka 'long long unsigned int'} and 'R_xlen_t' {aka 'long long int'} [-Wsign-compare]
for (size_t i=0; i<marker_genes.size(); ++i) {
~^~~~~~~~~~~~~~~~~~~~
fine_tune_de.cpp:9:31: warning: comparison of integer expressions of different signedness: 'size_t' {aka 'long long unsigned int'} and 'R_xlen_t' {aka 'long long int'} [-Wsign-compare]
for (size_t j=0; j<internals.size(); ++j) {
~^~~~~~~~~~~~~~~~~
fine_tune_de.cpp: In function 'Rcpp::List fine_tune_label_de(SEXP, Rcpp::NumericMatrix, Rcpp::List, double, double, Rcpp::List)':
fine_tune_de.cpp:41:23: warning: comparison of integer expressions of different signedness: 'size_t' {aka 'long long unsigned int'} and 'R_xlen_t' {aka 'long long int'} [-Wsign-compare]
for (size_t i=0; i<References.size(); ++i) {
~^~~~~~~~~~~~~~~~~~
In file included from fine_tune_de.cpp:2:
fine_tuner.h: In instantiation of 'tuned_stats fine_tuner::assign(int, beachmat::numeric_matrix*, Rcpp::NumericMatrix, const matrix_list&, double, double, const PICKER&) [with PICKER = de_markers; tuned_stats = std::tuple<int, double, double>; beachmat::numeric_matrix = beachmat::lin_matrix<double, Rcpp::Vector<14, Rcpp::PreserveStorage> >; Rcpp::NumericMatrix = Rcpp::Matrix<14>; matrix_list = std::vector<std::unique_ptr<beachmat::lin_matrix<double, Rcpp::Vector<14, Rcpp::PreserveStorage> > > >]':
fine_tune_de.cpp:54:95: required from here
fine_tuner.h:40:27: warning: comparison of integer expressions of different signedness: 'size_t' {aka 'long long unsigned int'} and 'int' [-Wsign-compare]
for (size_t i=0; i<cur_scores.size(); ++i) {
~^~~~~~~~~~~~~~~~~~
"C:/rtools40/mingw64/bin/"g++ -std=gnu++11 -I"C:/Users/BIOCBU~1/BBS-3~1.11-/R/include" -DNDEBUG -I'C:/Users/biocbuild/bbs-3.11-bioc/R/library/Rcpp/include' -I'C:/Users/biocbuild/bbs-3.11-bioc/R/library/beachmat/include' -I"C:/extsoft/include" -O2 -Wall -mfpmath=sse -msse2 -mstackrealign -c fine_tune_sd.cpp -o fine_tune_sd.o
fine_tune_sd.cpp: In function 'Rcpp::List fine_tune_label_sd(SEXP, Rcpp::NumericMatrix, Rcpp::List, double, double, Rcpp::NumericMatrix, double)':
fine_tune_sd.cpp:46:23: warning: comparison of integer expressions of different signedness: 'size_t' {aka 'long long unsigned int'} and 'R_xlen_t' {aka 'long long int'} [-Wsign-compare]
for (size_t i=0; i<References.size(); ++i) {
~^~~~~~~~~~~~~~~~~~
In file included from fine_tune_sd.cpp:2:
fine_tuner.h: In instantiation of 'tuned_stats fine_tuner::assign(int, beachmat::numeric_matrix*, Rcpp::NumericMatrix, const matrix_list&, double, double, const PICKER&) [with PICKER = sd_markers; tuned_stats = std::tuple<int, double, double>; beachmat::numeric_matrix = beachmat::lin_matrix<double, Rcpp::Vector<14, Rcpp::PreserveStorage> >; Rcpp::NumericMatrix = Rcpp::Matrix<14>; matrix_list = std::vector<std::unique_ptr<beachmat::lin_matrix<double, Rcpp::Vector<14, Rcpp::PreserveStorage> > > >]':
fine_tune_sd.cpp:59:95: required from here
fine_tuner.h:40:27: warning: comparison of integer expressions of different signedness: 'size_t' {aka 'long long unsigned int'} and 'int' [-Wsign-compare]
for (size_t i=0; i<cur_scores.size(); ++i) {
~^~~~~~~~~~~~~~~~~~
"C:/rtools40/mingw64/bin/"g++ -std=gnu++11 -I"C:/Users/BIOCBU~1/BBS-3~1.11-/R/include" -DNDEBUG -I'C:/Users/biocbuild/bbs-3.11-bioc/R/library/Rcpp/include' -I'C:/Users/biocbuild/bbs-3.11-bioc/R/library/beachmat/include' -I"C:/extsoft/include" -O2 -Wall -mfpmath=sse -msse2 -mstackrealign -c recompute_scores.cpp -o recompute_scores.o
recompute_scores.cpp: In function 'Rcpp::RObject recompute_scores(Rcpp::List, Rcpp::RObject, Rcpp::IntegerMatrix, Rcpp::List, Rcpp::List, double)':
recompute_scores.cpp:38:22: warning: comparison of integer expressions of different signedness: 'int' and 'const size_t' {aka 'const long long unsigned int'} [-Wsign-compare]
if (Labels.nrow()!=nref) {
~~~~~~~~~~~~~^~~~~~
recompute_scores.cpp:41:22: warning: comparison of integer expressions of different signedness: 'int' and 'const size_t' {aka 'const long long unsigned int'} [-Wsign-compare]
if (Labels.ncol()!=ncells) {
~~~~~~~~~~~~~^~~~~~~~
recompute_scores.cpp:45:21: warning: comparison of integer expressions of different signedness: 'R_xlen_t' {aka 'long long int'} and 'const size_t' {aka 'const long long unsigned int'} [-Wsign-compare]
if (Genes.size()!=nref) {
~~~~~~~~~~~~^~~~~~
C:/rtools40/mingw64/bin/g++ -shared -s -static-libgcc -o SingleR.dll tmp.def RcppExports.o fine_tune_de.o fine_tune_sd.o recompute_scores.o -LC:/extsoft/lib/x64 -LC:/extsoft/lib -LC:/Users/BIOCBU~1/BBS-3~1.11-/R/bin/x64 -lR
installing to C:/Users/biocbuild/bbs-3.11-bioc/meat/SingleR.buildbin-libdir/SingleR/libs/x64
** testing if installed package can be loaded
* MD5 sums
packaged installation of 'SingleR' as SingleR_1.2.4.zip
* DONE (SingleR)
* installing to library 'C:/Users/biocbuild/bbs-3.11-bioc/R/library'
package 'SingleR' successfully unpacked and MD5 sums checked
|
SingleR.Rcheck/tests_i386/testthat.Rout
R version 4.0.3 (2020-10-10) -- "Bunny-Wunnies Freak Out"
Copyright (C) 2020 The R Foundation for Statistical Computing
Platform: i386-w64-mingw32/i386 (32-bit)
R is free software and comes with ABSOLUTELY NO WARRANTY.
You are welcome to redistribute it under certain conditions.
Type 'license()' or 'licence()' for distribution details.
R is a collaborative project with many contributors.
Type 'contributors()' for more information and
'citation()' on how to cite R or R packages in publications.
Type 'demo()' for some demos, 'help()' for on-line help, or
'help.start()' for an HTML browser interface to help.
Type 'q()' to quit R.
> library(testthat)
> library(SingleR)
Loading required package: SummarizedExperiment
Loading required package: GenomicRanges
Loading required package: stats4
Loading required package: BiocGenerics
Loading required package: parallel
Attaching package: 'BiocGenerics'
The following objects are masked from 'package:parallel':
clusterApply, clusterApplyLB, clusterCall, clusterEvalQ,
clusterExport, clusterMap, parApply, parCapply, parLapply,
parLapplyLB, parRapply, parSapply, parSapplyLB
The following objects are masked from 'package:stats':
IQR, mad, sd, var, xtabs
The following objects are masked from 'package:base':
Filter, Find, Map, Position, Reduce, anyDuplicated, append,
as.data.frame, basename, cbind, colnames, dirname, do.call,
duplicated, eval, evalq, get, grep, grepl, intersect, is.unsorted,
lapply, mapply, match, mget, order, paste, pmax, pmax.int, pmin,
pmin.int, rank, rbind, rownames, sapply, setdiff, sort, table,
tapply, union, unique, unsplit, which, which.max, which.min
Loading required package: S4Vectors
Attaching package: 'S4Vectors'
The following object is masked from 'package:base':
expand.grid
Loading required package: IRanges
Attaching package: 'IRanges'
The following object is masked from 'package:grDevices':
windows
Loading required package: GenomeInfoDb
Loading required package: Biobase
Welcome to Bioconductor
Vignettes contain introductory material; view with
'browseVignettes()'. To cite Bioconductor, see
'citation("Biobase")', and for packages 'citation("pkgname")'.
Loading required package: DelayedArray
Loading required package: matrixStats
Attaching package: 'matrixStats'
The following objects are masked from 'package:Biobase':
anyMissing, rowMedians
Attaching package: 'DelayedArray'
The following objects are masked from 'package:matrixStats':
colMaxs, colMins, colRanges, rowMaxs, rowMins, rowRanges
The following objects are masked from 'package:base':
aperm, apply, rowsum
> test_check("SingleR")
== testthat results ===========================================================
[ OK: 528 | SKIPPED: 0 | WARNINGS: 17 | FAILED: 0 ]
Warning message:
call dbDisconnect() when finished working with a connection
>
> proc.time()
user system elapsed
299.45 17.35 439.36
|
SingleR.Rcheck/tests_x64/testthat.Rout
R version 4.0.3 (2020-10-10) -- "Bunny-Wunnies Freak Out"
Copyright (C) 2020 The R Foundation for Statistical Computing
Platform: x86_64-w64-mingw32/x64 (64-bit)
R is free software and comes with ABSOLUTELY NO WARRANTY.
You are welcome to redistribute it under certain conditions.
Type 'license()' or 'licence()' for distribution details.
R is a collaborative project with many contributors.
Type 'contributors()' for more information and
'citation()' on how to cite R or R packages in publications.
Type 'demo()' for some demos, 'help()' for on-line help, or
'help.start()' for an HTML browser interface to help.
Type 'q()' to quit R.
> library(testthat)
> library(SingleR)
Loading required package: SummarizedExperiment
Loading required package: GenomicRanges
Loading required package: stats4
Loading required package: BiocGenerics
Loading required package: parallel
Attaching package: 'BiocGenerics'
The following objects are masked from 'package:parallel':
clusterApply, clusterApplyLB, clusterCall, clusterEvalQ,
clusterExport, clusterMap, parApply, parCapply, parLapply,
parLapplyLB, parRapply, parSapply, parSapplyLB
The following objects are masked from 'package:stats':
IQR, mad, sd, var, xtabs
The following objects are masked from 'package:base':
Filter, Find, Map, Position, Reduce, anyDuplicated, append,
as.data.frame, basename, cbind, colnames, dirname, do.call,
duplicated, eval, evalq, get, grep, grepl, intersect, is.unsorted,
lapply, mapply, match, mget, order, paste, pmax, pmax.int, pmin,
pmin.int, rank, rbind, rownames, sapply, setdiff, sort, table,
tapply, union, unique, unsplit, which, which.max, which.min
Loading required package: S4Vectors
Attaching package: 'S4Vectors'
The following object is masked from 'package:base':
expand.grid
Loading required package: IRanges
Attaching package: 'IRanges'
The following object is masked from 'package:grDevices':
windows
Loading required package: GenomeInfoDb
Loading required package: Biobase
Welcome to Bioconductor
Vignettes contain introductory material; view with
'browseVignettes()'. To cite Bioconductor, see
'citation("Biobase")', and for packages 'citation("pkgname")'.
Loading required package: DelayedArray
Loading required package: matrixStats
Attaching package: 'matrixStats'
The following objects are masked from 'package:Biobase':
anyMissing, rowMedians
Attaching package: 'DelayedArray'
The following objects are masked from 'package:matrixStats':
colMaxs, colMins, colRanges, rowMaxs, rowMins, rowRanges
The following objects are masked from 'package:base':
aperm, apply, rowsum
> test_check("SingleR")
== testthat results ===========================================================
[ OK: 528 | SKIPPED: 0 | WARNINGS: 17 | FAILED: 0 ]
Warning message:
call dbDisconnect() when finished working with a connection
>
> proc.time()
user system elapsed
296.64 10.70 422.45
|
|
SingleR.Rcheck/examples_i386/SingleR-Ex.timings
|
SingleR.Rcheck/examples_x64/SingleR-Ex.timings
|