| Back to Multiple platform build/check report for BioC 3.11 |
|
This page was generated on 2020-10-17 11:55:46 -0400 (Sat, 17 Oct 2020).
| TO THE DEVELOPERS/MAINTAINERS OF THE SISPA PACKAGE: Please make sure to use the following settings in order to reproduce any error or warning you see on this page. |
| Package 1676/1905 | Hostname | OS / Arch | INSTALL | BUILD | CHECK | BUILD BIN | ||||||
| SISPA 1.18.0 Bhakti Dwivedi
| malbec2 | Linux (Ubuntu 18.04.4 LTS) / x86_64 | OK | OK | [ WARNINGS ] | |||||||
| tokay2 | Windows Server 2012 R2 Standard / x64 | OK | OK | WARNINGS | NA | |||||||
| machv2 | macOS 10.14.6 Mojave / x86_64 | OK | OK | WARNINGS | OK |
| Package: SISPA |
| Version: 1.18.0 |
| Command: /home/biocbuild/bbs-3.11-bioc/R/bin/R CMD check --install=check:SISPA.install-out.txt --library=/home/biocbuild/bbs-3.11-bioc/R/library --no-vignettes --timings SISPA_1.18.0.tar.gz |
| StartedAt: 2020-10-17 05:35:02 -0400 (Sat, 17 Oct 2020) |
| EndedAt: 2020-10-17 05:38:21 -0400 (Sat, 17 Oct 2020) |
| EllapsedTime: 198.9 seconds |
| RetCode: 0 |
| Status: WARNINGS |
| CheckDir: SISPA.Rcheck |
| Warnings: 1 |
##############################################################################
##############################################################################
###
### Running command:
###
### /home/biocbuild/bbs-3.11-bioc/R/bin/R CMD check --install=check:SISPA.install-out.txt --library=/home/biocbuild/bbs-3.11-bioc/R/library --no-vignettes --timings SISPA_1.18.0.tar.gz
###
##############################################################################
##############################################################################
* using log directory ‘/home/biocbuild/bbs-3.11-bioc/meat/SISPA.Rcheck’
* using R version 4.0.3 (2020-10-10)
* using platform: x86_64-pc-linux-gnu (64-bit)
* using session charset: UTF-8
* using option ‘--no-vignettes’
* checking for file ‘SISPA/DESCRIPTION’ ... OK
* checking extension type ... Package
* this is package ‘SISPA’ version ‘1.18.0’
* checking package namespace information ... OK
* checking package dependencies ... OK
* checking if this is a source package ... OK
* checking if there is a namespace ... OK
* checking for hidden files and directories ... OK
* checking for portable file names ... OK
* checking for sufficient/correct file permissions ... OK
* checking whether package ‘SISPA’ can be installed ... OK
* checking installed package size ... OK
* checking package directory ... OK
* checking DESCRIPTION meta-information ... OK
* checking top-level files ... OK
* checking for left-over files ... OK
* checking index information ... OK
* checking package subdirectories ... OK
* checking R files for non-ASCII characters ... OK
* checking R files for syntax errors ... OK
* checking whether the package can be loaded ... OK
* checking whether the package can be loaded with stated dependencies ... OK
* checking whether the package can be unloaded cleanly ... OK
* checking whether the namespace can be loaded with stated dependencies ... OK
* checking whether the namespace can be unloaded cleanly ... OK
* checking dependencies in R code ... OK
* checking S3 generic/method consistency ... OK
* checking replacement functions ... OK
* checking foreign function calls ... OK
* checking R code for possible problems ... NOTE
cptSamples : cptsPlot: no visible global function definition for
‘abline’
cptSamples : cptsPlot: no visible global function definition for ‘text’
Undefined global functions or variables:
abline text
Consider adding
importFrom("graphics", "abline", "text")
to your NAMESPACE file.
* checking Rd files ... OK
* checking Rd metadata ... OK
* checking Rd cross-references ... OK
* checking for missing documentation entries ... OK
* checking for code/documentation mismatches ... OK
* checking Rd \usage sections ... OK
* checking Rd contents ... OK
* checking for unstated dependencies in examples ... OK
* checking contents of ‘data’ directory ... OK
* checking data for non-ASCII characters ... OK
* checking data for ASCII and uncompressed saves ... OK
* checking files in ‘vignettes’ ... WARNING
Files in the 'vignettes' directory but no files in 'inst/doc':
‘SISPA.Rmd’, ‘SISPA.md’, ‘SISPA_data.Rda’,
‘SISPA_files/figure-html/unnamed-chunk-2-1.png’,
‘SISPA_files/figure-html/unnamed-chunk-3-1.png’,
‘SISPA_files/figure-html/unnamed-chunk-4-1.png’,
‘SISPA_files/figure-html/unnamed-chunk-5-1.png’,
‘SISPA_files/figure-html/unnamed-chunk-6-1.png’,
‘SISPA_files/figure-html/unnamed-chunk-7-1.png’,
‘sispa_overview.png’
Files named as vignettes but with no recognized vignette engine:
‘vignettes/SISPA.Rmd’
(Is a VignetteBuilder field missing?)
* checking examples ... OK
Examples with CPU (user + system) or elapsed time > 5s
user system elapsed
cptSamples 2.668 2.957 3.035
* checking PDF version of manual ... OK
* DONE
Status: 1 WARNING, 1 NOTE
See
‘/home/biocbuild/bbs-3.11-bioc/meat/SISPA.Rcheck/00check.log’
for details.
SISPA.Rcheck/00install.out
############################################################################## ############################################################################## ### ### Running command: ### ### /home/biocbuild/bbs-3.11-bioc/R/bin/R CMD INSTALL SISPA ### ############################################################################## ############################################################################## * installing to library ‘/home/biocbuild/bbs-3.11-bioc/R/library’ * installing *source* package ‘SISPA’ ... ** using staged installation ** R ** data *** moving datasets to lazyload DB ** byte-compile and prepare package for lazy loading ** help *** installing help indices ** building package indices ** installing vignettes ** testing if installed package can be loaded from temporary location ** testing if installed package can be loaded from final location ** testing if installed package keeps a record of temporary installation path * DONE (SISPA)
SISPA.Rcheck/SISPA-Ex.timings
| name | user | system | elapsed | |
| SISPA | 0.352 | 1.974 | 1.061 | |
| callGSVA | 0.202 | 0.948 | 0.558 | |
| callZSCORE | 0.004 | 0.000 | 0.004 | |
| cptSamples | 2.668 | 2.957 | 3.035 | |
| filterVars | 0 | 0 | 0 | |
| freqplot | 0.185 | 0.008 | 0.193 | |
| sortData | 0.002 | 0.000 | 0.001 | |
| waterfallplot | 0.132 | 0.012 | 0.144 | |