| Back to Multiple platform build/check report for BioC 3.11 | 
  | 
This page was generated on 2020-01-16 13:48:38 -0500 (Thu, 16 Jan 2020).
| Package 1498/1818 | Hostname | OS / Arch | INSTALL | BUILD | CHECK | BUILD BIN | ||||||
| RVS 1.9.0 Thomas Sherman 
  | malbec2 | Linux (Ubuntu 18.04.3 LTS) / x86_64 | OK | ERROR | skipped | |||||||
| tokay2 | Windows Server 2012 R2 Standard / x64 | OK | ERROR | skipped | skipped | |||||||
| celaya2 | OS X 10.11.6 El Capitan / x86_64 | OK | [ ERROR ] | skipped | skipped | 
| Package: RVS | 
| Version: 1.9.0 | 
| Command: /Library/Frameworks/R.framework/Versions/Current/Resources/bin/R CMD build --keep-empty-dirs --no-resave-data RVS | 
| StartedAt: 2020-01-15 23:31:19 -0500 (Wed, 15 Jan 2020) | 
| EndedAt: 2020-01-15 23:31:48 -0500 (Wed, 15 Jan 2020) | 
| EllapsedTime: 29.0 seconds | 
| RetCode: 1 | 
| Status: ERROR | 
| PackageFile: None | 
| PackageFileSize: NA | 
##############################################################################
##############################################################################
###
### Running command:
###
###   /Library/Frameworks/R.framework/Versions/Current/Resources/bin/R CMD build --keep-empty-dirs --no-resave-data RVS
###
##############################################################################
##############################################################################
* checking for file ‘RVS/DESCRIPTION’ ... OK
* preparing ‘RVS’:
* checking DESCRIPTION meta-information ... OK
* installing the package to build vignettes
* creating vignettes ... ERROR
--- re-building ‘RVS.Rmd’ using rmarkdown
Warning in has_utility("convert", "ImageMagick") :
  ImageMagick not installed or not in PATH
Quitting from lines 79-80 (RVS.Rmd) 
Error: processing vignette 'RVS.Rmd' failed with diagnostics:
'retractEvidence' is not an exported object from 'namespace:gRain'
--- failed re-building ‘RVS.Rmd’
SUMMARY: processing the following file failed:
  ‘RVS.Rmd’
Error: Vignette re-building failed.
Execution halted