| Back to Multiple platform build/check report for BioC 3.11 |
|
This page was generated on 2020-10-17 11:55:35 -0400 (Sat, 17 Oct 2020).
| TO THE DEVELOPERS/MAINTAINERS OF THE RIPSeeker PACKAGE: Please make sure to use the following settings in order to reproduce any error or warning you see on this page. |
| Package 1493/1905 | Hostname | OS / Arch | INSTALL | BUILD | CHECK | BUILD BIN | ||||||
Yue Li
| malbec2 | Linux (Ubuntu 18.04.4 LTS) / x86_64 | OK | OK | [ ERROR ] | |||||||
| tokay2 | Windows Server 2012 R2 Standard / x64 | OK | OK | ERROR | OK | |||||||
| machv2 | macOS 10.14.6 Mojave / x86_64 | OK | OK | ERROR | OK |
| Package: RIPSeeker |
| Version: 1.28.0 |
| Command: /home/biocbuild/bbs-3.11-bioc/R/bin/R CMD check --install=check:RIPSeeker.install-out.txt --library=/home/biocbuild/bbs-3.11-bioc/R/library --no-vignettes --timings RIPSeeker_1.28.0.tar.gz |
| StartedAt: 2020-10-17 04:49:01 -0400 (Sat, 17 Oct 2020) |
| EndedAt: 2020-10-17 04:53:09 -0400 (Sat, 17 Oct 2020) |
| EllapsedTime: 247.8 seconds |
| RetCode: 1 |
| Status: ERROR |
| CheckDir: RIPSeeker.Rcheck |
| Warnings: NA |
##############################################################################
##############################################################################
###
### Running command:
###
### /home/biocbuild/bbs-3.11-bioc/R/bin/R CMD check --install=check:RIPSeeker.install-out.txt --library=/home/biocbuild/bbs-3.11-bioc/R/library --no-vignettes --timings RIPSeeker_1.28.0.tar.gz
###
##############################################################################
##############################################################################
* using log directory ‘/home/biocbuild/bbs-3.11-bioc/meat/RIPSeeker.Rcheck’
* using R version 4.0.3 (2020-10-10)
* using platform: x86_64-pc-linux-gnu (64-bit)
* using session charset: UTF-8
* using option ‘--no-vignettes’
* checking for file ‘RIPSeeker/DESCRIPTION’ ... OK
* checking extension type ... Package
* this is package ‘RIPSeeker’ version ‘1.28.0’
* checking package namespace information ... OK
* checking package dependencies ... NOTE
Depends: includes the non-default packages:
'S4Vectors', 'IRanges', 'GenomicRanges', 'SummarizedExperiment',
'Rsamtools', 'GenomicAlignments', 'rtracklayer'
Adding so many packages to the search path is excessive and importing
selectively is preferable.
* checking if this is a source package ... OK
* checking if there is a namespace ... OK
* checking for hidden files and directories ... OK
* checking for portable file names ... OK
* checking for sufficient/correct file permissions ... OK
* checking whether package ‘RIPSeeker’ can be installed ... WARNING
Found the following significant warnings:
Warning: Package 'RIPSeeker' is deprecated and will be removed from Bioconductor
See ‘/home/biocbuild/bbs-3.11-bioc/meat/RIPSeeker.Rcheck/00install.out’ for details.
* checking installed package size ... OK
* checking package directory ... OK
* checking ‘build’ directory ... OK
* checking DESCRIPTION meta-information ... OK
* checking top-level files ... OK
* checking for left-over files ... OK
* checking index information ... OK
* checking package subdirectories ... OK
* checking R files for non-ASCII characters ... OK
* checking R files for syntax errors ... OK
* checking whether the package can be loaded ... OK
* checking whether the package can be loaded with stated dependencies ... OK
* checking whether the package can be unloaded cleanly ... OK
* checking whether the namespace can be loaded with stated dependencies ... OK
* checking whether the namespace can be unloaded cleanly ... OK
* checking dependencies in R code ... NOTE
'library' or 'require' call to ‘Rsamtools’ which was already attached by Depends.
Please remove these calls from your code.
'library' or 'require' calls in package code:
‘ChIPpeakAnno’ ‘GenomicFeatures’ ‘biomaRt’ ‘parallel’
Please use :: or requireNamespace() instead.
See section 'Suggested packages' in the 'Writing R Extensions' manual.
* checking S3 generic/method consistency ... NOTE
Found the following apparent S3 methods exported but not registered:
nbh.GRanges nbh.integer
See section ‘Registering S3 methods’ in the ‘Writing R Extensions’
manual.
* checking replacement functions ... OK
* checking foreign function calls ... OK
* checking R code for possible problems ... NOTE
annotateRIP: no visible global function definition for ‘getAnnotation’
annotateRIP: no visible global function definition for ‘getBM’
annotateRIP: no visible global function definition for ‘write.table’
binCount: no visible global function definition for ‘seqlengths’
combineRIP: no visible global function definition for ‘seqlengths<-’
combineRIP: no visible global function definition for ‘seqlengths’
computeRPKM: no visible global function definition for ‘exonsBy’
computeRPKM: no visible global function definition for ‘cdsBy’
computeRPKM: no visible global function definition for
‘intronsByTranscript’
computeRPKM: no visible global function definition for
‘fiveUTRsByTranscript’
computeRPKM: no visible global function definition for
‘threeUTRsByTranscript’
computeRPKM: no visible global function definition for ‘seqlevels<-’
computeRPKM: no visible global function definition for ‘seqlevels’
computeRPKM: no visible global function definition for ‘read.delim’
computeRPKM: no visible global function definition for ‘getBM’
exportGRanges: no visible global function definition for ‘write.table’
galp2gal: no visible global function definition for ‘seqlengths’
getAlignGal: no visible global function definition for ‘seqlengths<-’
getAlignGal: no visible global function definition for ‘seqlengths’
mainSeek: no visible global function definition for ‘mclapply’
mainSeekSingleChrom: no visible global function definition for
‘seqlengths’
plotCoverage: no visible global function definition for ‘seqlengths’
ripSeek: no visible global function definition for ‘as.roman’
ripSeek: no visible global function definition for ‘write.table’
rulebaseRIPSeek: no visible global function definition for ‘getBM’
rulebaseRIPSeek: no visible global function definition for
‘write.table’
selectBinSize: no visible global function definition for ‘seqlengths’
viewRIP: no visible global function definition for
‘GRangesForUCSCGenome’
Undefined global functions or variables:
GRangesForUCSCGenome as.roman cdsBy exonsBy fiveUTRsByTranscript
getAnnotation getBM intronsByTranscript mclapply read.delim
seqlengths seqlengths<- seqlevels seqlevels<- threeUTRsByTranscript
write.table
Consider adding
importFrom("utils", "as.roman", "read.delim", "write.table")
to your NAMESPACE file.
* checking Rd files ... OK
* checking Rd metadata ... OK
* checking Rd cross-references ... OK
* checking for missing documentation entries ... OK
* checking for code/documentation mismatches ... OK
* checking Rd \usage sections ... OK
* checking Rd contents ... OK
* checking for unstated dependencies in examples ... OK
* checking files in ‘vignettes’ ... OK
* checking examples ... ERROR
Running examples in ‘RIPSeeker-Ex.R’ failed
The error most likely occurred in:
> base::assign(".ptime", proc.time(), pos = "CheckExEnv")
> ### Name: nbh
> ### Title: Generic function of negative binomial HMM
> ### Aliases: nbh
>
> ### ** Examples
>
> # Retrieve system files
> extdata.dir <- system.file("extdata", package="RIPSeeker")
>
> bamFiles <- list.files(extdata.dir, ".bam$", recursive=TRUE, full.names=TRUE)
>
> bamFiles <- grep("PRC2", bamFiles, value=TRUE)
>
> alignGal <- getAlignGal(bamFiles[1], reverseComplement=TRUE, genomeBuild="mm9")
Processing /home/biocbuild/bbs-3.11-bioc/R/library/RIPSeeker/extdata/PRC2/SRR039210_processed_tophat/accepted_hits_noDup_sel_chrX.bam ... All hits are returned with flags.
>
> alignGR <- as(alignGal, "GRanges")
>
> alignGRList <- GRangesList(as.list(split(alignGR, seqnames(alignGR))))
>
> binSize <- 1e5 # use a large fixed bin size for demo only
>
> binGR <- binCount(alignGRList$chrX, binSize)
>
> # test on GRanges object
> nbhGR <- nbh(binGR, 2, runViterbi=TRUE)
Error in UseMethod("nbh") :
no applicable method for 'nbh' applied to an object of class "c('GRanges', 'GenomicRanges', 'Ranges', 'GenomicRanges_OR_missing', 'GenomicRanges_OR_GenomicRangesList', 'GenomicRanges_OR_GRangesList', 'List', 'Vector', 'list_OR_List', 'Annotated', 'vector_OR_Vector')"
Calls: nbh
Execution halted
* checking for unstated dependencies in vignettes ... OK
* checking package vignettes in ‘inst/doc’ ... OK
* checking running R code from vignettes ... SKIPPED
* checking re-building of vignette outputs ... SKIPPED
* checking PDF version of manual ... OK
* DONE
Status: 1 ERROR, 1 WARNING, 4 NOTEs
See
‘/home/biocbuild/bbs-3.11-bioc/meat/RIPSeeker.Rcheck/00check.log’
for details.
RIPSeeker.Rcheck/00install.out
############################################################################## ############################################################################## ### ### Running command: ### ### /home/biocbuild/bbs-3.11-bioc/R/bin/R CMD INSTALL RIPSeeker ### ############################################################################## ############################################################################## * installing to library ‘/home/biocbuild/bbs-3.11-bioc/R/library’ * installing *source* package ‘RIPSeeker’ ... ** using staged installation ** R ** inst ** byte-compile and prepare package for lazy loading ** help *** installing help indices ** building package indices ** installing vignettes ** testing if installed package can be loaded from temporary location Warning: Package 'RIPSeeker' is deprecated and will be removed from Bioconductor version 3.12 ** testing if installed package can be loaded from final location Warning: Package 'RIPSeeker' is deprecated and will be removed from Bioconductor version 3.12 ** testing if installed package keeps a record of temporary installation path * DONE (RIPSeeker)
RIPSeeker.Rcheck/RIPSeeker-Ex.timings
| name | user | system | elapsed | |
| RIPSeeker-package | 0.001 | 0.000 | 0.000 | |
| addDummyProb | 1.038 | 0.028 | 1.499 | |
| addPseudoAlignment | 1.229 | 0.000 | 1.229 | |
| annotateRIP | 0.011 | 0.000 | 0.012 | |
| binCount | 0.572 | 0.011 | 0.582 | |
| combineAlignGals | 0.379 | 0.004 | 0.393 | |
| combineRIP | 1.770 | 0.020 | 15.507 | |
| computeLogOdd | 1.560 | 0.004 | 1.564 | |
| computeRPKM | 0.002 | 0.000 | 0.002 | |
| disambiguateMultihits | 16.945 | 0.028 | 16.974 | |
| empiricalFDR | 0 | 0 | 0 | |
| evalBinSize | 0.340 | 0.004 | 0.344 | |
| exportGRanges | 0.000 | 0.000 | 0.001 | |
| galp2gal | 0.212 | 0.000 | 0.228 | |
| getAlignGal | 0.216 | 0.004 | 0.220 | |
| logScoreWithControl | 0.006 | 0.000 | 0.006 | |
| logScoreWithoutControl | 0.002 | 0.000 | 0.003 | |
| mainSeek | 18.248 | 0.008 | 18.256 | |
| mainSeekSingleChrom | 1.302 | 0.000 | 1.303 | |
| nbh.GRanges | 0 | 0 | 0 | |