| Back to Multiple platform build/check report for BioC 3.11 |
|
This page was generated on 2020-10-17 11:57:13 -0400 (Sat, 17 Oct 2020).
| TO THE DEVELOPERS/MAINTAINERS OF THE MTseeker PACKAGE: Please make sure to use the following settings in order to reproduce any error or warning you see on this page. |
| Package 1149/1905 | Hostname | OS / Arch | INSTALL | BUILD | CHECK | BUILD BIN | ||||||
Tim Triche
| malbec2 | Linux (Ubuntu 18.04.4 LTS) / x86_64 | OK | ERROR | skipped | |||||||
| tokay2 | Windows Server 2012 R2 Standard / x64 | OK | [ ERROR ] | skipped | skipped | |||||||
| machv2 | macOS 10.14.6 Mojave / x86_64 | OK | ERROR | skipped | skipped |
| Package: MTseeker |
| Version: 1.6.0 |
| Command: chmod a+r MTseeker -R && C:\Users\biocbuild\bbs-3.11-bioc\R\bin\R.exe CMD build --keep-empty-dirs --no-resave-data MTseeker |
| StartedAt: 2020-10-16 23:02:22 -0400 (Fri, 16 Oct 2020) |
| EndedAt: 2020-10-16 23:04:32 -0400 (Fri, 16 Oct 2020) |
| EllapsedTime: 130.1 seconds |
| RetCode: 1 |
| Status: ERROR |
| PackageFile: None |
| PackageFileSize: NA |
############################################################################## ############################################################################## ### ### Running command: ### ### chmod a+r MTseeker -R && C:\Users\biocbuild\bbs-3.11-bioc\R\bin\R.exe CMD build --keep-empty-dirs --no-resave-data MTseeker ### ############################################################################## ############################################################################## * checking for file 'MTseeker/DESCRIPTION' ... OK * preparing 'MTseeker': * checking DESCRIPTION meta-information ... OK * installing the package to build vignettes * creating vignettes ... ERROR --- re-building 'oncocytomas.Rmd' using rmarkdown Quitting from lines 150-154 (oncocytomas.Rmd) Error: processing vignette 'oncocytomas.Rmd' failed with diagnostics: attempt to set too many names (1) on IRanges object of length 0 --- failed re-building 'oncocytomas.Rmd' SUMMARY: processing the following file failed: 'oncocytomas.Rmd' Error: Vignette re-building failed. Execution halted