| Back to Multiple platform build/check report for BioC 3.11 |
|
This page was generated on 2020-10-17 11:55:00 -0400 (Sat, 17 Oct 2020).
| TO THE DEVELOPERS/MAINTAINERS OF THE IWTomics PACKAGE: Please make sure to use the following settings in order to reproduce any error or warning you see on this page. |
| Package 912/1905 | Hostname | OS / Arch | INSTALL | BUILD | CHECK | BUILD BIN | ||||||
| IWTomics 1.12.0 Marzia A Cremona
| malbec2 | Linux (Ubuntu 18.04.4 LTS) / x86_64 | OK | OK | [ WARNINGS ] | |||||||
| tokay2 | Windows Server 2012 R2 Standard / x64 | OK | OK | WARNINGS | OK | |||||||
| machv2 | macOS 10.14.6 Mojave / x86_64 | OK | OK | WARNINGS | OK |
| Package: IWTomics |
| Version: 1.12.0 |
| Command: /home/biocbuild/bbs-3.11-bioc/R/bin/R CMD check --install=check:IWTomics.install-out.txt --library=/home/biocbuild/bbs-3.11-bioc/R/library --no-vignettes --timings IWTomics_1.12.0.tar.gz |
| StartedAt: 2020-10-17 02:32:34 -0400 (Sat, 17 Oct 2020) |
| EndedAt: 2020-10-17 02:36:27 -0400 (Sat, 17 Oct 2020) |
| EllapsedTime: 232.1 seconds |
| RetCode: 0 |
| Status: WARNINGS |
| CheckDir: IWTomics.Rcheck |
| Warnings: 1 |
##############################################################################
##############################################################################
###
### Running command:
###
### /home/biocbuild/bbs-3.11-bioc/R/bin/R CMD check --install=check:IWTomics.install-out.txt --library=/home/biocbuild/bbs-3.11-bioc/R/library --no-vignettes --timings IWTomics_1.12.0.tar.gz
###
##############################################################################
##############################################################################
* using log directory ‘/home/biocbuild/bbs-3.11-bioc/meat/IWTomics.Rcheck’
* using R version 4.0.3 (2020-10-10)
* using platform: x86_64-pc-linux-gnu (64-bit)
* using session charset: UTF-8
* using option ‘--no-vignettes’
* checking for file ‘IWTomics/DESCRIPTION’ ... OK
* checking extension type ... Package
* this is package ‘IWTomics’ version ‘1.12.0’
* checking package namespace information ... OK
* checking package dependencies ... OK
* checking if this is a source package ... OK
* checking if there is a namespace ... OK
* checking for hidden files and directories ... OK
* checking for portable file names ... OK
* checking for sufficient/correct file permissions ... OK
* checking whether package ‘IWTomics’ can be installed ... OK
* checking installed package size ... OK
* checking package directory ... OK
* checking ‘build’ directory ... OK
* checking DESCRIPTION meta-information ... OK
* checking top-level files ... OK
* checking for left-over files ... OK
* checking index information ... OK
* checking package subdirectories ... OK
* checking R files for non-ASCII characters ... OK
* checking R files for syntax errors ... OK
* checking whether the package can be loaded ... OK
* checking whether the package can be loaded with stated dependencies ... OK
* checking whether the package can be unloaded cleanly ... OK
* checking whether the namespace can be loaded with stated dependencies ... OK
* checking whether the namespace can be unloaded cleanly ... OK
* checking dependencies in R code ... OK
* checking S3 generic/method consistency ... NOTE
Found the following apparent S3 methods exported but not registered:
plot.IWTomicsData
See section ‘Registering S3 methods’ in the ‘Writing R Extensions’
manual.
* checking replacement functions ... OK
* checking foreign function calls ... OK
* checking R code for possible problems ... OK
* checking Rd files ... OK
* checking Rd metadata ... OK
* checking Rd cross-references ... OK
* checking for missing documentation entries ... OK
* checking for code/documentation mismatches ... OK
* checking Rd \usage sections ... OK
* checking Rd contents ... OK
* checking for unstated dependencies in examples ... OK
* checking contents of ‘data’ directory ... OK
* checking data for non-ASCII characters ... OK
* checking data for ASCII and uncompressed saves ... WARNING
Warning: package needs dependence on R (>= 2.10)
* checking files in ‘vignettes’ ... OK
* checking examples ... OK
Examples with CPU (user + system) or elapsed time > 5s
user system elapsed
IWTomicsTest 76.478 0.151 76.640
IWTomicsData-class 15.531 0.009 15.540
IWTomics-package 10.601 0.368 10.971
* checking for unstated dependencies in vignettes ... OK
* checking package vignettes in ‘inst/doc’ ... OK
* checking running R code from vignettes ... SKIPPED
* checking re-building of vignette outputs ... SKIPPED
* checking PDF version of manual ... OK
* DONE
Status: 1 WARNING, 1 NOTE
See
‘/home/biocbuild/bbs-3.11-bioc/meat/IWTomics.Rcheck/00check.log’
for details.
IWTomics.Rcheck/00install.out
############################################################################## ############################################################################## ### ### Running command: ### ### /home/biocbuild/bbs-3.11-bioc/R/bin/R CMD INSTALL IWTomics ### ############################################################################## ############################################################################## * installing to library ‘/home/biocbuild/bbs-3.11-bioc/R/library’ * installing *source* package ‘IWTomics’ ... ** using staged installation ** R ** data ** inst ** byte-compile and prepare package for lazy loading Creating a new generic function for ‘smooth’ in package ‘IWTomics’ ** help *** installing help indices ** building package indices ** installing vignettes ** testing if installed package can be loaded from temporary location ** testing if installed package can be loaded from final location ** testing if installed package keeps a record of temporary installation path * DONE (IWTomics)
IWTomics.Rcheck/IWTomics-Ex.timings
| name | user | system | elapsed | |
| ETn_example | 0.276 | 0.000 | 0.278 | |
| IWTomics-package | 10.601 | 0.368 | 10.971 | |
| IWTomicsData-class | 15.531 | 0.009 | 15.540 | |
| IWTomicsTest | 76.478 | 0.151 | 76.640 | |
| features_example | 0.003 | 0.000 | 0.002 | |
| plot-IWTomicsData | 0.744 | 0.008 | 0.752 | |
| plotSummary | 4.814 | 0.012 | 4.825 | |
| plotTest | 3.455 | 0.088 | 3.544 | |
| regionsFeatures_center | 0.016 | 0.000 | 0.016 | |
| regionsFeatures_scale | 0.016 | 0.000 | 0.017 | |
| regions_example | 0.000 | 0.002 | 0.002 | |
| smooth-IWTomicsData | 1.752 | 0.005 | 1.758 | |