| Back to Multiple platform build/check report for BioC 3.11 |
|
This page was generated on 2020-10-17 11:54:38 -0400 (Sat, 17 Oct 2020).
| TO THE DEVELOPERS/MAINTAINERS OF THE DChIPRep PACKAGE: Please make sure to use the following settings in order to reproduce any error or warning you see on this page. |
| Package 426/1905 | Hostname | OS / Arch | INSTALL | BUILD | CHECK | BUILD BIN | ||||||
Bernd Klaus
| malbec2 | Linux (Ubuntu 18.04.4 LTS) / x86_64 | OK | OK | [ WARNINGS ] | |||||||
| tokay2 | Windows Server 2012 R2 Standard / x64 | OK | OK | WARNINGS | OK | |||||||
| machv2 | macOS 10.14.6 Mojave / x86_64 | OK | OK | WARNINGS | OK |
| Package: DChIPRep |
| Version: 1.18.0 |
| Command: /home/biocbuild/bbs-3.11-bioc/R/bin/R CMD check --install=check:DChIPRep.install-out.txt --library=/home/biocbuild/bbs-3.11-bioc/R/library --no-vignettes --timings DChIPRep_1.18.0.tar.gz |
| StartedAt: 2020-10-17 00:30:34 -0400 (Sat, 17 Oct 2020) |
| EndedAt: 2020-10-17 00:39:41 -0400 (Sat, 17 Oct 2020) |
| EllapsedTime: 546.6 seconds |
| RetCode: 0 |
| Status: WARNINGS |
| CheckDir: DChIPRep.Rcheck |
| Warnings: 1 |
##############################################################################
##############################################################################
###
### Running command:
###
### /home/biocbuild/bbs-3.11-bioc/R/bin/R CMD check --install=check:DChIPRep.install-out.txt --library=/home/biocbuild/bbs-3.11-bioc/R/library --no-vignettes --timings DChIPRep_1.18.0.tar.gz
###
##############################################################################
##############################################################################
* using log directory ‘/home/biocbuild/bbs-3.11-bioc/meat/DChIPRep.Rcheck’
* using R version 4.0.3 (2020-10-10)
* using platform: x86_64-pc-linux-gnu (64-bit)
* using session charset: UTF-8
* using option ‘--no-vignettes’
* checking for file ‘DChIPRep/DESCRIPTION’ ... OK
* this is package ‘DChIPRep’ version ‘1.18.0’
* checking package namespace information ... OK
* checking package dependencies ... OK
* checking if this is a source package ... OK
* checking if there is a namespace ... OK
* checking for hidden files and directories ... OK
* checking for portable file names ... OK
* checking for sufficient/correct file permissions ... OK
* checking whether package ‘DChIPRep’ can be installed ... WARNING
Found the following significant warnings:
Warning: Package 'DChIPRep' is deprecated and will be removed from Bioconductor
See ‘/home/biocbuild/bbs-3.11-bioc/meat/DChIPRep.Rcheck/00install.out’ for details.
* checking installed package size ... OK
* checking package directory ... OK
* checking ‘build’ directory ... OK
* checking DESCRIPTION meta-information ... NOTE
Malformed Description field: should contain one or more complete sentences.
* checking top-level files ... OK
* checking for left-over files ... OK
* checking index information ... OK
* checking package subdirectories ... OK
* checking R files for non-ASCII characters ... OK
* checking R files for syntax errors ... OK
* checking whether the package can be loaded ... OK
* checking whether the package can be loaded with stated dependencies ... OK
* checking whether the package can be unloaded cleanly ... OK
* checking whether the namespace can be loaded with stated dependencies ... OK
* checking whether the namespace can be unloaded cleanly ... OK
* checking dependencies in R code ... OK
* checking S3 generic/method consistency ... OK
* checking replacement functions ... OK
* checking foreign function calls ... OK
* checking R code for possible problems ... OK
* checking Rd files ... OK
* checking Rd metadata ... OK
* checking Rd cross-references ... OK
* checking for missing documentation entries ... OK
* checking for code/documentation mismatches ... OK
* checking Rd \usage sections ... OK
* checking Rd contents ... OK
* checking for unstated dependencies in examples ... OK
* checking contents of ‘data’ directory ... OK
* checking data for non-ASCII characters ... OK
* checking data for ASCII and uncompressed saves ... OK
* checking files in 'vignettes' ... OK
* checking examples ... OK
Examples with CPU (user + system) or elapsed time > 5s
user system elapsed
plotProfiles 6.729 0.044 6.774
FDRresults 5.793 0.104 5.897
plotSignificance 5.533 0.008 5.541
show 5.448 0.004 5.452
runTesting 5.028 0.000 5.029
* checking for unstated dependencies in 'tests' ... OK
* checking tests ...
Running ‘testthat.R’
OK
* checking for unstated dependencies in vignettes ... OK
* checking package vignettes in 'inst/doc' ... OK
* checking running R code from vignettes ... SKIPPED
* checking re-building of vignette outputs ... SKIPPED
* checking PDF version of manual ... OK
* DONE
Status: 1 WARNING, 1 NOTE
See
'/home/biocbuild/bbs-3.11-bioc/meat/DChIPRep.Rcheck/00check.log'
for details.
DChIPRep.Rcheck/00install.out
############################################################################## ############################################################################## ### ### Running command: ### ### /home/biocbuild/bbs-3.11-bioc/R/bin/R CMD INSTALL DChIPRep ### ############################################################################## ############################################################################## * installing to library ‘/home/biocbuild/bbs-3.11-bioc/R/library’ * installing *source* package ‘DChIPRep’ ... ** using staged installation ** R ** data *** moving datasets to lazyload DB ** exec ** inst ** byte-compile and prepare package for lazy loading ** help *** installing help indices ** building package indices ** installing vignettes ** testing if installed package can be loaded from temporary location Warning: Package 'DChIPRep' is deprecated and will be removed from Bioconductor version 3.12 ** testing if installed package can be loaded from final location Warning: Package 'DChIPRep' is deprecated and will be removed from Bioconductor version 3.12 ** testing if installed package keeps a record of temporary installation path * DONE (DChIPRep)
DChIPRep.Rcheck/tests/testthat.Rout
R version 4.0.3 (2020-10-10) -- "Bunny-Wunnies Freak Out"
Copyright (C) 2020 The R Foundation for Statistical Computing
Platform: x86_64-pc-linux-gnu (64-bit)
R is free software and comes with ABSOLUTELY NO WARRANTY.
You are welcome to redistribute it under certain conditions.
Type 'license()' or 'licence()' for distribution details.
R is a collaborative project with many contributors.
Type 'contributors()' for more information and
'citation()' on how to cite R or R packages in publications.
Type 'demo()' for some demos, 'help()' for on-line help, or
'help.start()' for an HTML browser interface to help.
Type 'q()' to quit R.
> library(testthat)
> library(DChIPRep)
Loading required package: DESeq2
Loading required package: S4Vectors
Loading required package: stats4
Loading required package: BiocGenerics
Loading required package: parallel
Attaching package: 'BiocGenerics'
The following objects are masked from 'package:parallel':
clusterApply, clusterApplyLB, clusterCall, clusterEvalQ,
clusterExport, clusterMap, parApply, parCapply, parLapply,
parLapplyLB, parRapply, parSapply, parSapplyLB
The following objects are masked from 'package:stats':
IQR, mad, sd, var, xtabs
The following objects are masked from 'package:base':
Filter, Find, Map, Position, Reduce, anyDuplicated, append,
as.data.frame, basename, cbind, colnames, dirname, do.call,
duplicated, eval, evalq, get, grep, grepl, intersect, is.unsorted,
lapply, mapply, match, mget, order, paste, pmax, pmax.int, pmin,
pmin.int, rank, rbind, rownames, sapply, setdiff, sort, table,
tapply, union, unique, unsplit, which, which.max, which.min
Attaching package: 'S4Vectors'
The following object is masked from 'package:base':
expand.grid
Loading required package: IRanges
Loading required package: GenomicRanges
Loading required package: GenomeInfoDb
Loading required package: SummarizedExperiment
Loading required package: Biobase
Welcome to Bioconductor
Vignettes contain introductory material; view with
'browseVignettes()'. To cite Bioconductor, see
'citation("Biobase")', and for packages 'citation("pkgname")'.
Loading required package: DelayedArray
Loading required package: matrixStats
Attaching package: 'matrixStats'
The following objects are masked from 'package:Biobase':
anyMissing, rowMedians
Attaching package: 'DelayedArray'
The following objects are masked from 'package:matrixStats':
colMaxs, colMins, colRanges, rowMaxs, rowMins, rowRanges
The following objects are masked from 'package:base':
aperm, apply, rowsum
Warning message:
Package 'DChIPRep' is deprecated and will be removed from Bioconductor
version 3.12
>
> test_check("DChIPRep")
Step 1... determine cutoff point
Step 2... estimate parameters of null distribution and eta0
Step 3... compute p-values and estimate empirical PDF/CDF
Step 4... compute q-values and local fdr
Step 1... determine cutoff point
Step 2... estimate parameters of null distribution and eta0
Step 3... compute p-values and estimate empirical PDF/CDF
Step 4... compute q-values and local fdr
Step 1... determine cutoff point
Step 2... estimate parameters of null distribution and eta0
Step 3... compute p-values and estimate empirical PDF/CDF
Step 4... compute q-values and local fdr
Step 1... determine cutoff point
Step 2... estimate parameters of null distribution and eta0
Step 3... compute p-values and estimate empirical PDF/CDF
Step 4... compute q-values and local fdr
══ testthat results ═══════════════════════════════════════════════════════════
[ OK: 19 | SKIPPED: 0 | WARNINGS: 2 | FAILED: 0 ]
>
>
> # code for checking and saving the log
> ## ff <- file("check.out", open = "wt")
> ## sink(file = ff, type = "message")
> ## sink(type = "message")
> ## sink()
>
>
>
> proc.time()
user system elapsed
52.335 0.909 56.086
DChIPRep.Rcheck/DChIPRep-Ex.timings
| name | user | system | elapsed | |
| DChIPRepResults | 0.106 | 0.000 | 0.107 | |
| DESeq2Data | 0.103 | 0.000 | 0.104 | |
| FDRresults | 5.793 | 0.104 | 5.897 | |
| getMATfromDataFrame | 0.532 | 0.020 | 0.559 | |
| importData | 2.974 | 0.000 | 2.986 | |
| importDataFromMatrices | 0.343 | 0.000 | 0.343 | |
| importData_soGGi | 0 | 0 | 0 | |
| plotProfiles | 6.729 | 0.044 | 6.774 | |
| plotSignificance | 5.533 | 0.008 | 5.541 | |
| resultsDChIPRep | 3.228 | 0.004 | 3.231 | |
| robust_mean | 0.046 | 0.000 | 0.046 | |
| runTesting | 5.028 | 0.000 | 5.029 | |
| show | 5.448 | 0.004 | 5.452 | |
| summarizeCountsPerPosition | 1.076 | 0.008 | 1.084 | |