| Back to Multiple platform build/check report for BioC 3.10 |
|
This page was generated on 2020-04-15 12:24:01 -0400 (Wed, 15 Apr 2020).
| Package 1741/1823 | Hostname | OS / Arch | INSTALL | BUILD | CHECK | BUILD BIN | ||||||
| tracktables 1.20.0 Tom Carroll
| malbec1 | Linux (Ubuntu 18.04.4 LTS) / x86_64 | OK | OK | WARNINGS | |||||||
| tokay1 | Windows Server 2012 R2 Standard / x64 | OK | OK | [ WARNINGS ] | OK | |||||||
| merida1 | OS X 10.11.6 El Capitan / x86_64 | OK | OK | WARNINGS | OK |
| Package: tracktables |
| Version: 1.20.0 |
| Command: C:\Users\biocbuild\bbs-3.10-bioc\R\bin\R.exe CMD check --force-multiarch --install=check:tracktables.install-out.txt --library=C:\Users\biocbuild\bbs-3.10-bioc\R\library --no-vignettes --timings tracktables_1.20.0.tar.gz |
| StartedAt: 2020-04-15 07:08:49 -0400 (Wed, 15 Apr 2020) |
| EndedAt: 2020-04-15 07:11:23 -0400 (Wed, 15 Apr 2020) |
| EllapsedTime: 154.1 seconds |
| RetCode: 0 |
| Status: WARNINGS |
| CheckDir: tracktables.Rcheck |
| Warnings: 1 |
##############################################################################
##############################################################################
###
### Running command:
###
### C:\Users\biocbuild\bbs-3.10-bioc\R\bin\R.exe CMD check --force-multiarch --install=check:tracktables.install-out.txt --library=C:\Users\biocbuild\bbs-3.10-bioc\R\library --no-vignettes --timings tracktables_1.20.0.tar.gz
###
##############################################################################
##############################################################################
* using log directory 'C:/Users/biocbuild/bbs-3.10-bioc/meat/tracktables.Rcheck'
* using R version 3.6.3 (2020-02-29)
* using platform: x86_64-w64-mingw32 (64-bit)
* using session charset: ISO8859-1
* using option '--no-vignettes'
* checking for file 'tracktables/DESCRIPTION' ... OK
* checking extension type ... Package
* this is package 'tracktables' version '1.20.0'
* checking package namespace information ... OK
* checking package dependencies ... OK
* checking if this is a source package ... OK
* checking if there is a namespace ... OK
* checking for hidden files and directories ... OK
* checking for portable file names ... OK
* checking whether package 'tracktables' can be installed ... OK
* checking installed package size ... OK
* checking package directory ... OK
* checking 'build' directory ... OK
* checking DESCRIPTION meta-information ... OK
* checking top-level files ... OK
* checking for left-over files ... OK
* checking index information ... OK
* checking package subdirectories ... OK
* checking R files for non-ASCII characters ... OK
* checking R files for syntax errors ... OK
* loading checks for arch 'i386'
** checking whether the package can be loaded ... OK
** checking whether the package can be loaded with stated dependencies ... OK
** checking whether the package can be unloaded cleanly ... OK
** checking whether the namespace can be loaded with stated dependencies ... OK
** checking whether the namespace can be unloaded cleanly ... OK
* loading checks for arch 'x64'
** checking whether the package can be loaded ... OK
** checking whether the package can be loaded with stated dependencies ... OK
** checking whether the package can be unloaded cleanly ... OK
** checking whether the namespace can be loaded with stated dependencies ... OK
** checking whether the namespace can be unloaded cleanly ... OK
* checking dependencies in R code ... WARNING
'library' or 'require' call not declared from: 'ore'
'library' or 'require' call to 'ore' in package code.
Please use :: or requireNamespace() instead.
See section 'Suggested packages' in the 'Writing R Extensions' manual.
* checking S3 generic/method consistency ... OK
* checking replacement functions ... OK
* checking foreign function calls ... OK
* checking R code for possible problems ... NOTE
GetGRanges: no visible global function definition for 'read.delim'
MakeIGVSampleMetadata: no visible global function definition for
'write.table'
MakeIGVSession: no visible global function definition for 'col2rgb'
MakeIGVSessionXML: no visible global function definition for 'col2rgb'
maketracktable: no visible global function definition for 'col2rgb'
Undefined global functions or variables:
col2rgb read.delim write.table
Consider adding
importFrom("grDevices", "col2rgb")
importFrom("utils", "read.delim", "write.table")
to your NAMESPACE file.
* checking Rd files ... OK
* checking Rd metadata ... OK
* checking Rd cross-references ... OK
* checking for missing documentation entries ... OK
* checking for code/documentation mismatches ... OK
* checking Rd \usage sections ... OK
* checking Rd contents ... OK
* checking for unstated dependencies in examples ... OK
* checking contents of 'data' directory ... OK
* checking data for non-ASCII characters ... OK
* checking data for ASCII and uncompressed saves ... OK
* checking files in 'vignettes' ... OK
* checking examples ...
** running examples for arch 'i386' ... OK
** running examples for arch 'x64' ... OK
* checking for unstated dependencies in vignettes ... OK
* checking package vignettes in 'inst/doc' ... OK
* checking running R code from vignettes ... SKIPPED
* checking re-building of vignette outputs ... SKIPPED
* checking PDF version of manual ... OK
* DONE
Status: 1 WARNING, 1 NOTE
See
'C:/Users/biocbuild/bbs-3.10-bioc/meat/tracktables.Rcheck/00check.log'
for details.
tracktables.Rcheck/00install.out
##############################################################################
##############################################################################
###
### Running command:
###
### C:\cygwin\bin\curl.exe -O https://malbec1.bioconductor.org/BBS/3.10/bioc/src/contrib/tracktables_1.20.0.tar.gz && rm -rf tracktables.buildbin-libdir && mkdir tracktables.buildbin-libdir && C:\Users\biocbuild\bbs-3.10-bioc\R\bin\R.exe CMD INSTALL --merge-multiarch --build --library=tracktables.buildbin-libdir tracktables_1.20.0.tar.gz && C:\Users\biocbuild\bbs-3.10-bioc\R\bin\R.exe CMD INSTALL tracktables_1.20.0.zip && rm tracktables_1.20.0.tar.gz tracktables_1.20.0.zip
###
##############################################################################
##############################################################################
% Total % Received % Xferd Average Speed Time Time Time Current
Dload Upload Total Spent Left Speed
0 0 0 0 0 0 0 0 --:--:-- --:--:-- --:--:-- 0
100 184k 100 184k 0 0 4532k 0 --:--:-- --:--:-- --:--:-- 5133k
install for i386
* installing *source* package 'tracktables' ...
** using staged installation
** R
** data
** inst
** byte-compile and prepare package for lazy loading
** help
*** installing help indices
converting help for package 'tracktables'
finding HTML links ... done
Intervals html
MakeIGVSampleMetadata html
MakeIGVSession html
MakeIGVSessionXML html
igvParam html
makebedtable html
maketracktable html
** building package indices
** installing vignettes
** testing if installed package can be loaded from temporary location
** testing if installed package can be loaded from final location
** testing if installed package keeps a record of temporary installation path
install for x64
* installing *source* package 'tracktables' ...
** testing if installed package can be loaded
* MD5 sums
packaged installation of 'tracktables' as tracktables_1.20.0.zip
* DONE (tracktables)
* installing to library 'C:/Users/biocbuild/bbs-3.10-bioc/R/library'
package 'tracktables' successfully unpacked and MD5 sums checked
|
tracktables.Rcheck/examples_i386/tracktables-Ex.timings
|
tracktables.Rcheck/examples_x64/tracktables-Ex.timings
|