| Back to Multiple platform build/check report for BioC 3.10 |
|
This page was generated on 2020-04-15 12:17:12 -0400 (Wed, 15 Apr 2020).
| Package 1652/1823 | Hostname | OS / Arch | INSTALL | BUILD | CHECK | BUILD BIN | ||||||
| spotSegmentation 1.60.0 Chris Fraley
| malbec1 | Linux (Ubuntu 18.04.4 LTS) / x86_64 | OK | OK | WARNINGS | |||||||
| tokay1 | Windows Server 2012 R2 Standard / x64 | OK | OK | [ WARNINGS ] | OK | |||||||
| merida1 | OS X 10.11.6 El Capitan / x86_64 | OK | OK | WARNINGS | OK |
| Package: spotSegmentation |
| Version: 1.60.0 |
| Command: C:\Users\biocbuild\bbs-3.10-bioc\R\bin\R.exe CMD check --force-multiarch --install=check:spotSegmentation.install-out.txt --library=C:\Users\biocbuild\bbs-3.10-bioc\R\library --no-vignettes --timings spotSegmentation_1.60.0.tar.gz |
| StartedAt: 2020-04-15 06:51:26 -0400 (Wed, 15 Apr 2020) |
| EndedAt: 2020-04-15 06:52:04 -0400 (Wed, 15 Apr 2020) |
| EllapsedTime: 38.5 seconds |
| RetCode: 0 |
| Status: WARNINGS |
| CheckDir: spotSegmentation.Rcheck |
| Warnings: 1 |
##############################################################################
##############################################################################
###
### Running command:
###
### C:\Users\biocbuild\bbs-3.10-bioc\R\bin\R.exe CMD check --force-multiarch --install=check:spotSegmentation.install-out.txt --library=C:\Users\biocbuild\bbs-3.10-bioc\R\library --no-vignettes --timings spotSegmentation_1.60.0.tar.gz
###
##############################################################################
##############################################################################
* using log directory 'C:/Users/biocbuild/bbs-3.10-bioc/meat/spotSegmentation.Rcheck'
* using R version 3.6.3 (2020-02-29)
* using platform: x86_64-w64-mingw32 (64-bit)
* using session charset: ISO8859-1
* using option '--no-vignettes'
* checking for file 'spotSegmentation/DESCRIPTION' ... OK
* this is package 'spotSegmentation' version '1.60.0'
* checking package namespace information ... OK
* checking package dependencies ... OK
* checking if this is a source package ... OK
* checking if there is a namespace ... OK
* checking for hidden files and directories ... OK
* checking for portable file names ... OK
* checking whether package 'spotSegmentation' can be installed ... OK
* checking installed package size ... OK
* checking package directory ... OK
* checking DESCRIPTION meta-information ... OK
* checking top-level files ... OK
* checking for left-over files ... OK
* checking index information ... OK
* checking package subdirectories ... OK
* checking R files for non-ASCII characters ... OK
* checking R files for syntax errors ... OK
* loading checks for arch 'i386'
** checking whether the package can be loaded ... OK
** checking whether the package can be loaded with stated dependencies ... OK
** checking whether the package can be unloaded cleanly ... OK
** checking whether the namespace can be loaded with stated dependencies ... OK
** checking whether the namespace can be unloaded cleanly ... OK
* loading checks for arch 'x64'
** checking whether the package can be loaded ... OK
** checking whether the package can be loaded with stated dependencies ... OK
** checking whether the package can be unloaded cleanly ... OK
** checking whether the namespace can be loaded with stated dependencies ... OK
** checking whether the namespace can be unloaded cleanly ... OK
* checking dependencies in R code ... NOTE
Package in Depends field not imported from: 'mclust'
These packages need to be imported from (in the NAMESPACE file)
for when this namespace is loaded but not attached.
* checking S3 generic/method consistency ... OK
* checking replacement functions ... OK
* checking foreign function calls ... OK
* checking R code for possible problems ... NOTE
plot.spotseg : plotSpotImage: no visible global function definition for
'par'
plot.spotseg : plotSpotImage: no visible global function definition for
'image'
plot.spotseg: no visible global function definition for 'postscript'
plotBlockImage: no visible global function definition for 'par'
plotBlockImage: no visible global function definition for 'image'
plotBlockImage: no visible global function definition for 'gray'
spotgrid : spotgridPeaks: no visible global function definition for
'runif'
spotgrid : spotgridPeaks: no visible global function definition for
'embed'
spotgrid: no visible global function definition for 'contour'
spotseg : spotseg1 : plotSpotImage: no visible global function
definition for 'par'
spotseg : spotseg1 : plotSpotImage: no visible global function
definition for 'image'
spotseg : spotseg1: no visible global function definition for
'mclustBIC'
spotseg : spotseg1: no visible global function definition for 'hcE'
spotseg : spotseg1: no visible global function definition for 'frame'
spotseg: no visible global function definition for 'par'
spotseg: no visible global function definition for 'median'
Undefined global functions or variables:
contour embed frame gray hcE image mclustBIC median par postscript
runif
Consider adding
importFrom("grDevices", "gray", "postscript")
importFrom("graphics", "contour", "frame", "image", "par")
importFrom("stats", "embed", "median", "runif")
to your NAMESPACE file.
* checking Rd files ... NOTE
prepare_Rd: plot.spotseg.Rd:23: Dropping empty section \author
prepare_Rd: plotBlockImage.Rd:20: Dropping empty section \author
prepare_Rd: spotgrid.Rd:21: Dropping empty section \details
prepare_Rd: spotgrid.Rd:33: Dropping empty section \note
prepare_Rd: spotgrid.Rd:34: Dropping empty section \author
prepare_Rd: spotseg.Rd:45: Dropping empty section \author
prepare_Rd: summary.spotseg.Rd:27: Dropping empty section \author
* checking Rd metadata ... OK
* checking Rd cross-references ... OK
* checking for missing documentation entries ... OK
* checking for code/documentation mismatches ... OK
* checking Rd \usage sections ... OK
* checking Rd contents ... OK
* checking for unstated dependencies in examples ... OK
* checking contents of 'data' directory ... OK
* checking data for non-ASCII characters ... OK
* checking data for ASCII and uncompressed saves ... OK
* checking files in 'vignettes' ... WARNING
Files in the 'vignettes' directory but no files in 'inst/doc':
'spotsegdoc.pdf'
Package has no Sweave vignette sources and no VignetteBuilder field.
* checking examples ...
** running examples for arch 'i386' ... OK
** running examples for arch 'x64' ... OK
* checking PDF version of manual ... OK
* DONE
Status: 1 WARNING, 3 NOTEs
See
'C:/Users/biocbuild/bbs-3.10-bioc/meat/spotSegmentation.Rcheck/00check.log'
for details.
spotSegmentation.Rcheck/00install.out
##############################################################################
##############################################################################
###
### Running command:
###
### C:\cygwin\bin\curl.exe -O https://malbec1.bioconductor.org/BBS/3.10/bioc/src/contrib/spotSegmentation_1.60.0.tar.gz && rm -rf spotSegmentation.buildbin-libdir && mkdir spotSegmentation.buildbin-libdir && C:\Users\biocbuild\bbs-3.10-bioc\R\bin\R.exe CMD INSTALL --merge-multiarch --build --library=spotSegmentation.buildbin-libdir spotSegmentation_1.60.0.tar.gz && C:\Users\biocbuild\bbs-3.10-bioc\R\bin\R.exe CMD INSTALL spotSegmentation_1.60.0.zip && rm spotSegmentation_1.60.0.tar.gz spotSegmentation_1.60.0.zip
###
##############################################################################
##############################################################################
% Total % Received % Xferd Average Speed Time Time Time Current
Dload Upload Total Spent Left Speed
0 0 0 0 0 0 0 0 --:--:-- --:--:-- --:--:-- 0
100 539k 100 539k 0 0 12.9M 0 --:--:-- --:--:-- --:--:-- 14.2M
install for i386
* installing *source* package 'spotSegmentation' ...
** using staged installation
** R
** data
** byte-compile and prepare package for lazy loading
** help
*** installing help indices
converting help for package 'spotSegmentation'
finding HTML links ... done
plot.spotseg html
plotBlockImage html
spotSegTest html
spotgrid html
spotseg html
summary.spotseg html
** building package indices
** installing vignettes
** testing if installed package can be loaded from temporary location
** testing if installed package can be loaded from final location
** testing if installed package keeps a record of temporary installation path
install for x64
* installing *source* package 'spotSegmentation' ...
** testing if installed package can be loaded
* MD5 sums
packaged installation of 'spotSegmentation' as spotSegmentation_1.60.0.zip
* DONE (spotSegmentation)
* installing to library 'C:/Users/biocbuild/bbs-3.10-bioc/R/library'
package 'spotSegmentation' successfully unpacked and MD5 sums checked
|
spotSegmentation.Rcheck/examples_i386/spotSegmentation-Ex.timings
|
spotSegmentation.Rcheck/examples_x64/spotSegmentation-Ex.timings
|