| Back to Multiple platform build/check report for BioC 3.10 |
|
This page was generated on 2020-04-15 12:13:57 -0400 (Wed, 15 Apr 2020).
| Package 1253/1823 | Hostname | OS / Arch | INSTALL | BUILD | CHECK | BUILD BIN | ||||||
| phantasus 1.6.0 Alexey Sergushichev
| malbec1 | Linux (Ubuntu 18.04.4 LTS) / x86_64 | OK | OK | [ WARNINGS ] | |||||||
| tokay1 | Windows Server 2012 R2 Standard / x64 | OK | OK | WARNINGS | OK | |||||||
| merida1 | OS X 10.11.6 El Capitan / x86_64 | OK | OK | WARNINGS | OK |
| Package: phantasus |
| Version: 1.6.0 |
| Command: /home/biocbuild/bbs-3.10-bioc/R/bin/R CMD check --install=check:phantasus.install-out.txt --library=/home/biocbuild/bbs-3.10-bioc/R/library --no-vignettes --timings phantasus_1.6.0.tar.gz |
| StartedAt: 2020-04-15 05:35:32 -0400 (Wed, 15 Apr 2020) |
| EndedAt: 2020-04-15 05:39:33 -0400 (Wed, 15 Apr 2020) |
| EllapsedTime: 240.7 seconds |
| RetCode: 0 |
| Status: WARNINGS |
| CheckDir: phantasus.Rcheck |
| Warnings: 1 |
##############################################################################
##############################################################################
###
### Running command:
###
### /home/biocbuild/bbs-3.10-bioc/R/bin/R CMD check --install=check:phantasus.install-out.txt --library=/home/biocbuild/bbs-3.10-bioc/R/library --no-vignettes --timings phantasus_1.6.0.tar.gz
###
##############################################################################
##############################################################################
* using log directory ‘/home/biocbuild/bbs-3.10-bioc/meat/phantasus.Rcheck’
* using R version 3.6.3 (2020-02-29)
* using platform: x86_64-pc-linux-gnu (64-bit)
* using session charset: UTF-8
* using option ‘--no-vignettes’
* checking for file ‘phantasus/DESCRIPTION’ ... OK
* this is package ‘phantasus’ version ‘1.6.0’
* package encoding: UTF-8
* checking package namespace information ... OK
* checking package dependencies ... OK
* checking if this is a source package ... OK
* checking if there is a namespace ... OK
* checking for hidden files and directories ... OK
* checking for portable file names ... OK
* checking for sufficient/correct file permissions ... OK
* checking whether package ‘phantasus’ can be installed ... OK
* checking installed package size ... NOTE
installed size is 27.5Mb
sub-directories of 1Mb or more:
testdata 4.1Mb
www 23.1Mb
* checking package directory ... OK
* checking DESCRIPTION meta-information ... OK
* checking top-level files ... OK
* checking for left-over files ... OK
* checking index information ... OK
* checking package subdirectories ... OK
* checking R files for non-ASCII characters ... OK
* checking R files for syntax errors ... OK
* checking whether the package can be loaded ... OK
* checking whether the package can be loaded with stated dependencies ... OK
* checking whether the package can be unloaded cleanly ... OK
* checking whether the namespace can be loaded with stated dependencies ... OK
* checking whether the namespace can be unloaded cleanly ... OK
* checking dependencies in R code ... NOTE
Unexported objects imported by ':::' calls:
'GEOquery:::getDirListing' 'opencpu:::rookhandler'
'opencpu:::tmp_root' 'opencpu:::win_or_mac'
See the note in ?`:::` about the use of this operator.
* checking S3 generic/method consistency ... OK
* checking replacement functions ... OK
* checking foreign function calls ... OK
* checking R code for possible problems ... NOTE
loadSession: no visible binding for global variable 'es'
Undefined global functions or variables:
es
* checking Rd files ... NOTE
prepare_Rd: convertByAnnotationDB.Rd:27-32: Dropping empty section \examples
* checking Rd metadata ... OK
* checking Rd cross-references ... OK
* checking for missing documentation entries ... OK
* checking for code/documentation mismatches ... OK
* checking Rd \usage sections ... WARNING
Documented arguments not in \usage in documentation object 'write.gct':
‘...’
Functions with \usage entries need to have the appropriate \alias
entries, and all their arguments documented.
The \usage entries must correspond to syntactically valid R code.
See chapter ‘Writing R documentation files’ in the ‘Writing R
Extensions’ manual.
* checking Rd contents ... OK
* checking for unstated dependencies in examples ... OK
* checking contents of ‘data’ directory ... OK
* checking data for non-ASCII characters ... OK
* checking data for ASCII and uncompressed saves ... OK
* checking files in ‘vignettes’ ... OK
* checking examples ... OK
Examples with CPU or elapsed time > 5s
user system elapsed
getGSE 7.28 0.188 8.522
* checking for unstated dependencies in ‘tests’ ... OK
* checking tests ...
Running ‘testthat.R’
OK
* checking for unstated dependencies in vignettes ... OK
* checking package vignettes in ‘inst/doc’ ... OK
* checking running R code from vignettes ... SKIPPED
* checking re-building of vignette outputs ... SKIPPED
* checking PDF version of manual ... OK
* DONE
Status: 1 WARNING, 4 NOTEs
See
‘/home/biocbuild/bbs-3.10-bioc/meat/phantasus.Rcheck/00check.log’
for details.
phantasus.Rcheck/00install.out
############################################################################## ############################################################################## ### ### Running command: ### ### /home/biocbuild/bbs-3.10-bioc/R/bin/R CMD INSTALL phantasus ### ############################################################################## ############################################################################## * installing to library ‘/home/biocbuild/bbs-3.10-bioc/R/library’ * installing *source* package ‘phantasus’ ... ** using staged installation ** R ** data *** moving datasets to lazyload DB ** inst ** byte-compile and prepare package for lazy loading ** help *** installing help indices ** building package indices ** installing vignettes ** testing if installed package can be loaded from temporary location ** testing if installed package can be loaded from final location ** testing if installed package keeps a record of temporary installation path * DONE (phantasus)
phantasus.Rcheck/tests/testthat.Rout
R version 3.6.3 (2020-02-29) -- "Holding the Windsock"
Copyright (C) 2020 The R Foundation for Statistical Computing
Platform: x86_64-pc-linux-gnu (64-bit)
R is free software and comes with ABSOLUTELY NO WARRANTY.
You are welcome to redistribute it under certain conditions.
Type 'license()' or 'licence()' for distribution details.
R is a collaborative project with many contributors.
Type 'contributors()' for more information and
'citation()' on how to cite R or R packages in publications.
Type 'demo()' for some demos, 'help()' for on-line help, or
'help.start()' for an HTML browser interface to help.
Type 'q()' to quit R.
> library(testthat)
> library(phantasus)
Setting options('download.file.method.GEOquery'='auto')
Setting options('GEOquery.inmemory.gpl'=FALSE)
Loading config from /home/biocbuild/bbs-3.10-bioc/R/library/opencpu/config/defaults.conf
Loading config from /home/biocbuild/.local/share/opencpu/user.conf
>
> test_check("phantasus")
trying URL 'https://ftp.ncbi.nlm.nih.gov/geo/series/GSE53nnn/GSE53986/matrix/GSE53986_series_matrix.txt.gz'
Content type 'application/x-gzip' length 2848655 bytes (2.7 MB)
==================================================
downloaded 2.7 MB
trying URL 'https://genome.ifmo.ru/files/software/phantasus/geo/series/GSE27nnn/GSE27112/matrix/GSE27112_series_matrix.txt.gz'
trying URL 'https://genome.ifmo.ru/files/software/phantasus/geo/series/GSE27nnn/GSE27112/matrix/GSE27112-GPL6103_series_matrix.txt.gz'
Content type 'application/x-gzip' length 596707 bytes (582 KB)
==================================================
downloaded 582 KB
trying URL 'https://genome.ifmo.ru/files/software/phantasus/geo/series/GSE27nnn/GSE27112/matrix/GSE27112-GPL6885_series_matrix.txt.gz'
Content type 'application/x-gzip' length 1273889 bytes (1.2 MB)
==================================================
downloaded 1.2 MB
trying URL 'https://genome.ifmo.ru/files/software/phantasus/geo/series/GSE14nnn/GSE14308/matrix/GSE14308_series_matrix.txt.gz'
Content type 'application/x-gzip' length 1807552 bytes (1.7 MB)
==================================================
downloaded 1.7 MB
trying URL 'https://genome.ifmo.ru/files/software/phantasus/geo/datasets/GDS4nnn/GDS4885/soft/GDS4885.soft.gz'
Content type 'application/x-gzip' length 1250109 bytes (1.2 MB)
==================================================
downloaded 1.2 MB
trying URL 'https://ftp.ncbi.nlm.nih.gov/geo/series/GSE27nnn/GSE27112/matrix/GSE27112_series_matrix.txt.gz'
══ testthat results ═══════════════════════════════════════════════════════════
[ OK: 94 | SKIPPED: 0 | WARNINGS: 2 | FAILED: 0 ]
>
> proc.time()
user system elapsed
90.828 1.724 102.266
phantasus.Rcheck/phantasus-Ex.timings
| name | user | system | elapsed | |
| adjustDataset | 0 | 0 | 0 | |
| annotationDBMeta | 0 | 0 | 0 | |
| calcPCA | 0.000 | 0.000 | 0.001 | |
| checkGPLs | 0.000 | 0.000 | 0.001 | |
| collapseDataset | 0 | 0 | 0 | |
| createES | 0 | 0 | 0 | |
| es | 0 | 0 | 0 | |
| getES | 1.440 | 0.044 | 1.874 | |
| getGDS | 1.00 | 0.02 | 1.02 | |
| getGSE | 7.280 | 0.188 | 8.522 | |
| limmaAnalysis | 0 | 0 | 0 | |
| loadGEO | 0 | 0 | 0 | |
| performKmeans | 0 | 0 | 0 | |
| queryAnnotationDBMeta | 0 | 0 | 0 | |
| read.gct | 0.032 | 0.004 | 0.051 | |
| reparseCachedESs | 1.708 | 0.032 | 1.744 | |
| servePhantasus | 0 | 0 | 0 | |
| write.gct | 0.048 | 0.000 | 0.049 | |