| Back to Multiple platform build/check report for BioC 3.10 |
|
This page was generated on 2020-04-15 12:28:10 -0400 (Wed, 15 Apr 2020).
| Package 397/1823 | Hostname | OS / Arch | INSTALL | BUILD | CHECK | BUILD BIN | ||||||
| cydar 1.10.0 Aaron Lun
| malbec1 | Linux (Ubuntu 18.04.4 LTS) / x86_64 | OK | OK | OK | |||||||
| tokay1 | Windows Server 2012 R2 Standard / x64 | OK | OK | [ WARNINGS ] | OK | |||||||
| merida1 | OS X 10.11.6 El Capitan / x86_64 | OK | OK | OK | OK |
| Package: cydar |
| Version: 1.10.0 |
| Command: C:\Users\biocbuild\bbs-3.10-bioc\R\bin\R.exe CMD check --force-multiarch --install=check:cydar.install-out.txt --library=C:\Users\biocbuild\bbs-3.10-bioc\R\library --no-vignettes --timings cydar_1.10.0.tar.gz |
| StartedAt: 2020-04-15 02:27:01 -0400 (Wed, 15 Apr 2020) |
| EndedAt: 2020-04-15 02:34:34 -0400 (Wed, 15 Apr 2020) |
| EllapsedTime: 453.6 seconds |
| RetCode: 0 |
| Status: WARNINGS |
| CheckDir: cydar.Rcheck |
| Warnings: 1 |
############################################################################## ############################################################################## ### ### Running command: ### ### C:\Users\biocbuild\bbs-3.10-bioc\R\bin\R.exe CMD check --force-multiarch --install=check:cydar.install-out.txt --library=C:\Users\biocbuild\bbs-3.10-bioc\R\library --no-vignettes --timings cydar_1.10.0.tar.gz ### ############################################################################## ############################################################################## * using log directory 'C:/Users/biocbuild/bbs-3.10-bioc/meat/cydar.Rcheck' * using R version 3.6.3 (2020-02-29) * using platform: x86_64-w64-mingw32 (64-bit) * using session charset: ISO8859-1 * using option '--no-vignettes' * checking for file 'cydar/DESCRIPTION' ... OK * this is package 'cydar' version '1.10.0' * checking package namespace information ... OK * checking package dependencies ... OK * checking if this is a source package ... OK * checking if there is a namespace ... OK * checking for hidden files and directories ... OK * checking for portable file names ... OK * checking whether package 'cydar' can be installed ... WARNING Found the following significant warnings: Rd warning: C:/Users/biocbuild/bbs-3.10-bioc/tmpdir/RtmpGuawA0/R.INSTALL20e8325c3a70/cydar/man/normalizeBatch.Rd:137: file link 'normalization' in package 'flowCore' does not exist and so has been treated as a topic Rd warning: C:/Users/biocbuild/bbs-3.10-bioc/tmpdir/RtmpGuawA0/R.INSTALL20e8325c3a70/cydar/man/outlierGate.Rd:38: file link 'rectangleGate' in package 'flowCore' does not exist and so has been treated as a topic Rd warning: C:/Users/biocbuild/bbs-3.10-bioc/tmpdir/RtmpGuawA0/R.INSTALL20e8325c3a70/cydar/man/poolCells.Rd:26: file link 'estimateLogicle' in package 'flowCore' does not exist and so has been treated as a topic Rd warning: C:/Users/biocbuild/bbs-3.10-bioc/tmpdir/RtmpGuawA0/R.INSTALL20e8325c3a70/cydar/man/poolCells.Rd:36: file link 'flowFrame' in package 'flowCore' does not exist and so has been treated as a topic Rd warning: C:/Users/biocbuild/bbs-3.10-bioc/tmpdir/RtmpGuawA0/R.INSTALL20e8325c3a70/cydar/man/poolCells.Rd:38: file link 'estimateLogicle' in package 'flowCore' does not exist and so has been treated as a topic See 'C:/Users/biocbuild/bbs-3.10-bioc/meat/cydar.Rcheck/00install.out' for details. * checking installed package size ... OK * checking package directory ... OK * checking 'build' directory ... OK * checking DESCRIPTION meta-information ... OK * checking top-level files ... OK * checking for left-over files ... OK * checking index information ... OK * checking package subdirectories ... OK * checking R files for non-ASCII characters ... OK * checking R files for syntax errors ... OK * loading checks for arch 'i386' ** checking whether the package can be loaded ... OK ** checking whether the package can be loaded with stated dependencies ... OK ** checking whether the package can be unloaded cleanly ... OK ** checking whether the namespace can be loaded with stated dependencies ... OK ** checking whether the namespace can be unloaded cleanly ... OK * loading checks for arch 'x64' ** checking whether the package can be loaded ... OK ** checking whether the package can be loaded with stated dependencies ... OK ** checking whether the package can be unloaded cleanly ... OK ** checking whether the namespace can be loaded with stated dependencies ... OK ** checking whether the namespace can be unloaded cleanly ... OK * checking dependencies in R code ... NOTE Unexported object imported by a ':::' call: 'S4Vectors:::selectSome' See the note in ?`:::` about the use of this operator. * checking S3 generic/method consistency ... OK * checking replacement functions ... OK * checking foreign function calls ... OK * checking R code for possible problems ... OK * checking Rd files ... OK * checking Rd metadata ... OK * checking Rd cross-references ... OK * checking for missing documentation entries ... OK * checking for code/documentation mismatches ... OK * checking Rd \usage sections ... OK * checking Rd contents ... OK * checking for unstated dependencies in examples ... OK * checking line endings in C/C++/Fortran sources/headers ... OK * checking compiled code ... NOTE Note: information on .o files for i386 is not available Note: information on .o files for x64 is not available File 'C:/Users/biocbuild/bbs-3.10-bioc/R/library/cydar/libs/i386/cydar.dll': Found 'abort', possibly from 'abort' (C), 'runtime' (Fortran) Found 'exit', possibly from 'exit' (C), 'stop' (Fortran) Found 'printf', possibly from 'printf' (C) File 'C:/Users/biocbuild/bbs-3.10-bioc/R/library/cydar/libs/x64/cydar.dll': Found 'abort', possibly from 'abort' (C), 'runtime' (Fortran) Found 'exit', possibly from 'exit' (C), 'stop' (Fortran) Found 'printf', possibly from 'printf' (C) Compiled code should not call entry points which might terminate R nor write to stdout/stderr instead of to the console, nor use Fortran I/O nor system RNGs. The detected symbols are linked into the code but might come from libraries and not actually be called. See 'Writing portable packages' in the 'Writing R Extensions' manual. * checking files in 'vignettes' ... OK * checking examples ... ** running examples for arch 'i386' ... OK ** running examples for arch 'x64' ... OK * checking for unstated dependencies in 'tests' ... OK * checking tests ... ** running tests for arch 'i386' ... Running 'testthat.R' OK ** running tests for arch 'x64' ... Running 'testthat.R' OK * checking for unstated dependencies in vignettes ... OK * checking package vignettes in 'inst/doc' ... OK * checking running R code from vignettes ... SKIPPED * checking re-building of vignette outputs ... SKIPPED * checking PDF version of manual ... OK * DONE Status: 1 WARNING, 2 NOTEs See 'C:/Users/biocbuild/bbs-3.10-bioc/meat/cydar.Rcheck/00check.log' for details.
cydar.Rcheck/00install.out
##############################################################################
##############################################################################
###
### Running command:
###
### C:\cygwin\bin\curl.exe -O https://malbec1.bioconductor.org/BBS/3.10/bioc/src/contrib/cydar_1.10.0.tar.gz && rm -rf cydar.buildbin-libdir && mkdir cydar.buildbin-libdir && C:\Users\biocbuild\bbs-3.10-bioc\R\bin\R.exe CMD INSTALL --merge-multiarch --build --library=cydar.buildbin-libdir cydar_1.10.0.tar.gz && C:\Users\biocbuild\bbs-3.10-bioc\R\bin\R.exe CMD INSTALL cydar_1.10.0.zip && rm cydar_1.10.0.tar.gz cydar_1.10.0.zip
###
##############################################################################
##############################################################################
% Total % Received % Xferd Average Speed Time Time Time Current
Dload Upload Total Spent Left Speed
0 0 0 0 0 0 0 0 --:--:-- --:--:-- --:--:-- 0
100 57997 100 57997 0 0 1219k 0 --:--:-- --:--:-- --:--:-- 1317k
install for i386
* installing *source* package 'cydar' ...
** using staged installation
** libs
C:/Rtools/mingw_32/bin/g++ -std=gnu++11 -I"C:/Users/BIOCBU~1/BBS-3~1.10-/R/include" -DNDEBUG -I"C:/Users/biocbuild/bbs-3.10-bioc/R/library/Rcpp/include" -I"C:/extsoft/include" -O2 -Wall -mtune=core2 -c compute_density.cpp -o compute_density.o
compute_density.cpp: In function 'SEXPREC* compute_density(SEXP, SEXP)':
compute_density.cpp:10:23: warning: comparison between signed and unsigned integer expressions [-Wsign-compare]
for (size_t i=0; i<Distances.size(); ++i) {
^
C:/Rtools/mingw_32/bin/g++ -std=gnu++11 -I"C:/Users/BIOCBU~1/BBS-3~1.10-/R/include" -DNDEBUG -I"C:/Users/biocbuild/bbs-3.10-bioc/R/library/Rcpp/include" -I"C:/extsoft/include" -O2 -Wall -mtune=core2 -c compute_hyperstats.cpp -o compute_hyperstats.o
compute_hyperstats.cpp: In function 'SEXPREC* compute_hyperstats(SEXP, SEXP, SEXP, SEXP)':
compute_hyperstats.cpp:22:23: warning: comparison between signed and unsigned integer expressions [-Wsign-compare]
if (Samples.size()!=ncells) {
^
compute_hyperstats.cpp:60:35: warning: comparison between signed and unsigned integer expressions [-Wsign-compare]
for (size_t icx=0; icx<curass.size(); ++icx) {
^
C:/Rtools/mingw_32/bin/g++ -std=gnu++11 -I"C:/Users/BIOCBU~1/BBS-3~1.10-/R/include" -DNDEBUG -I"C:/Users/biocbuild/bbs-3.10-bioc/R/library/Rcpp/include" -I"C:/extsoft/include" -O2 -Wall -mtune=core2 -c compute_median_int.cpp -o compute_median_int.o
compute_median_int.cpp: In function 'SEXPREC* compute_median_int(SEXP, SEXP, SEXP, SEXP)':
compute_median_int.cpp:22:23: warning: comparison between signed and unsigned integer expressions [-Wsign-compare]
if (Samples.size()!=ncells) {
^
compute_median_int.cpp:41:39: warning: comparison between signed and unsigned integer expressions [-Wsign-compare]
if (curdex <= 0 || curdex > ncells) {
^
C:/Rtools/mingw_32/bin/g++ -std=gnu++11 -I"C:/Users/BIOCBU~1/BBS-3~1.10-/R/include" -DNDEBUG -I"C:/Users/biocbuild/bbs-3.10-bioc/R/library/Rcpp/include" -I"C:/extsoft/include" -O2 -Wall -mtune=core2 -c drop_redundant.cpp -o drop_redundant.o
C:/Rtools/mingw_32/bin/g++ -std=gnu++11 -I"C:/Users/BIOCBU~1/BBS-3~1.10-/R/include" -DNDEBUG -I"C:/Users/biocbuild/bbs-3.10-bioc/R/library/Rcpp/include" -I"C:/extsoft/include" -O2 -Wall -mtune=core2 -c init.cpp -o init.o
C:/Rtools/mingw_32/bin/g++ -std=gnu++11 -I"C:/Users/BIOCBU~1/BBS-3~1.10-/R/include" -DNDEBUG -I"C:/Users/biocbuild/bbs-3.10-bioc/R/library/Rcpp/include" -I"C:/extsoft/include" -O2 -Wall -mtune=core2 -c utils.cpp -o utils.o
C:/Rtools/mingw_32/bin/g++ -shared -s -static-libgcc -o cydar.dll tmp.def compute_density.o compute_hyperstats.o compute_median_int.o drop_redundant.o init.o utils.o -LC:/extsoft/lib/i386 -LC:/extsoft/lib -LC:/Users/BIOCBU~1/BBS-3~1.10-/R/bin/i386 -lR
installing to C:/Users/biocbuild/bbs-3.10-bioc/meat/cydar.buildbin-libdir/00LOCK-cydar/00new/cydar/libs/i386
** R
** inst
** byte-compile and prepare package for lazy loading
** help
*** installing help indices
converting help for package 'cydar'
finding HTML links ... done
CyData html
finding level-2 HTML links ... done
countCells html
createColorBar html
dnaGate html
expandRadius html
findFirstSphere html
intensityRanges html
interpretSpheres html
labelSpheres html
medIntensities html
multiIntHist html
neighborDistances html
normalizeBatch html
Rd warning: C:/Users/biocbuild/bbs-3.10-bioc/tmpdir/RtmpGuawA0/R.INSTALL20e8325c3a70/cydar/man/normalizeBatch.Rd:137: file link 'normalization' in package 'flowCore' does not exist and so has been treated as a topic
outlierGate html
Rd warning: C:/Users/biocbuild/bbs-3.10-bioc/tmpdir/RtmpGuawA0/R.INSTALL20e8325c3a70/cydar/man/outlierGate.Rd:38: file link 'rectangleGate' in package 'flowCore' does not exist and so has been treated as a topic
pickBestMarkers html
plotSphereIntensity html
plotSphereLogFC html
poolCells html
Rd warning: C:/Users/biocbuild/bbs-3.10-bioc/tmpdir/RtmpGuawA0/R.INSTALL20e8325c3a70/cydar/man/poolCells.Rd:26: file link 'estimateLogicle' in package 'flowCore' does not exist and so has been treated as a topic
Rd warning: C:/Users/biocbuild/bbs-3.10-bioc/tmpdir/RtmpGuawA0/R.INSTALL20e8325c3a70/cydar/man/poolCells.Rd:36: file link 'flowFrame' in package 'flowCore' does not exist and so has been treated as a topic
Rd warning: C:/Users/biocbuild/bbs-3.10-bioc/tmpdir/RtmpGuawA0/R.INSTALL20e8325c3a70/cydar/man/poolCells.Rd:38: file link 'estimateLogicle' in package 'flowCore' does not exist and so has been treated as a topic
prepareCellData html
spatialFDR html
** building package indices
** installing vignettes
** testing if installed package can be loaded from temporary location
** testing if installed package can be loaded from final location
** testing if installed package keeps a record of temporary installation path
install for x64
* installing *source* package 'cydar' ...
** libs
C:/Rtools/mingw_64/bin/g++ -std=gnu++11 -I"C:/Users/BIOCBU~1/BBS-3~1.10-/R/include" -DNDEBUG -I"C:/Users/biocbuild/bbs-3.10-bioc/R/library/Rcpp/include" -I"C:/extsoft/include" -O2 -Wall -mtune=core2 -c compute_density.cpp -o compute_density.o
compute_density.cpp: In function 'SEXPREC* compute_density(SEXP, SEXP)':
compute_density.cpp:10:23: warning: comparison between signed and unsigned integer expressions [-Wsign-compare]
for (size_t i=0; i<Distances.size(); ++i) {
^
C:/Rtools/mingw_64/bin/g++ -std=gnu++11 -I"C:/Users/BIOCBU~1/BBS-3~1.10-/R/include" -DNDEBUG -I"C:/Users/biocbuild/bbs-3.10-bioc/R/library/Rcpp/include" -I"C:/extsoft/include" -O2 -Wall -mtune=core2 -c compute_hyperstats.cpp -o compute_hyperstats.o
compute_hyperstats.cpp: In function 'SEXPREC* compute_hyperstats(SEXP, SEXP, SEXP, SEXP)':
compute_hyperstats.cpp:22:23: warning: comparison between signed and unsigned integer expressions [-Wsign-compare]
if (Samples.size()!=ncells) {
^
compute_hyperstats.cpp:60:35: warning: comparison between signed and unsigned integer expressions [-Wsign-compare]
for (size_t icx=0; icx<curass.size(); ++icx) {
^
C:/Rtools/mingw_64/bin/g++ -std=gnu++11 -I"C:/Users/BIOCBU~1/BBS-3~1.10-/R/include" -DNDEBUG -I"C:/Users/biocbuild/bbs-3.10-bioc/R/library/Rcpp/include" -I"C:/extsoft/include" -O2 -Wall -mtune=core2 -c compute_median_int.cpp -o compute_median_int.o
compute_median_int.cpp: In function 'SEXPREC* compute_median_int(SEXP, SEXP, SEXP, SEXP)':
compute_median_int.cpp:22:23: warning: comparison between signed and unsigned integer expressions [-Wsign-compare]
if (Samples.size()!=ncells) {
^
compute_median_int.cpp:41:39: warning: comparison between signed and unsigned integer expressions [-Wsign-compare]
if (curdex <= 0 || curdex > ncells) {
^
C:/Rtools/mingw_64/bin/g++ -std=gnu++11 -I"C:/Users/BIOCBU~1/BBS-3~1.10-/R/include" -DNDEBUG -I"C:/Users/biocbuild/bbs-3.10-bioc/R/library/Rcpp/include" -I"C:/extsoft/include" -O2 -Wall -mtune=core2 -c drop_redundant.cpp -o drop_redundant.o
C:/Rtools/mingw_64/bin/g++ -std=gnu++11 -I"C:/Users/BIOCBU~1/BBS-3~1.10-/R/include" -DNDEBUG -I"C:/Users/biocbuild/bbs-3.10-bioc/R/library/Rcpp/include" -I"C:/extsoft/include" -O2 -Wall -mtune=core2 -c init.cpp -o init.o
C:/Rtools/mingw_64/bin/g++ -std=gnu++11 -I"C:/Users/BIOCBU~1/BBS-3~1.10-/R/include" -DNDEBUG -I"C:/Users/biocbuild/bbs-3.10-bioc/R/library/Rcpp/include" -I"C:/extsoft/include" -O2 -Wall -mtune=core2 -c utils.cpp -o utils.o
C:/Rtools/mingw_64/bin/g++ -shared -s -static-libgcc -o cydar.dll tmp.def compute_density.o compute_hyperstats.o compute_median_int.o drop_redundant.o init.o utils.o -LC:/extsoft/lib/x64 -LC:/extsoft/lib -LC:/Users/BIOCBU~1/BBS-3~1.10-/R/bin/x64 -lR
installing to C:/Users/biocbuild/bbs-3.10-bioc/meat/cydar.buildbin-libdir/cydar/libs/x64
** testing if installed package can be loaded
* MD5 sums
packaged installation of 'cydar' as cydar_1.10.0.zip
* DONE (cydar)
* installing to library 'C:/Users/biocbuild/bbs-3.10-bioc/R/library'
package 'cydar' successfully unpacked and MD5 sums checked
|
cydar.Rcheck/tests_i386/testthat.Rout
R version 3.6.3 (2020-02-29) -- "Holding the Windsock"
Copyright (C) 2020 The R Foundation for Statistical Computing
Platform: i386-w64-mingw32/i386 (32-bit)
R is free software and comes with ABSOLUTELY NO WARRANTY.
You are welcome to redistribute it under certain conditions.
Type 'license()' or 'licence()' for distribution details.
R is a collaborative project with many contributors.
Type 'contributors()' for more information and
'citation()' on how to cite R or R packages in publications.
Type 'demo()' for some demos, 'help()' for on-line help, or
'help.start()' for an HTML browser interface to help.
Type 'q()' to quit R.
> library(testthat)
> library(cydar)
Loading required package: BiocParallel
Loading required package: SingleCellExperiment
Loading required package: SummarizedExperiment
Loading required package: GenomicRanges
Loading required package: stats4
Loading required package: BiocGenerics
Loading required package: parallel
Attaching package: 'BiocGenerics'
The following objects are masked from 'package:parallel':
clusterApply, clusterApplyLB, clusterCall, clusterEvalQ,
clusterExport, clusterMap, parApply, parCapply, parLapply,
parLapplyLB, parRapply, parSapply, parSapplyLB
The following objects are masked from 'package:stats':
IQR, mad, sd, var, xtabs
The following objects are masked from 'package:base':
Filter, Find, Map, Position, Reduce, anyDuplicated, append,
as.data.frame, basename, cbind, colnames, dirname, do.call,
duplicated, eval, evalq, get, grep, grepl, intersect, is.unsorted,
lapply, mapply, match, mget, order, paste, pmax, pmax.int, pmin,
pmin.int, rank, rbind, rownames, sapply, setdiff, sort, table,
tapply, union, unique, unsplit, which, which.max, which.min
Loading required package: S4Vectors
Attaching package: 'S4Vectors'
The following object is masked from 'package:base':
expand.grid
Loading required package: IRanges
Attaching package: 'IRanges'
The following object is masked from 'package:grDevices':
windows
Loading required package: GenomeInfoDb
Loading required package: Biobase
Welcome to Bioconductor
Vignettes contain introductory material; view with
'browseVignettes()'. To cite Bioconductor, see
'citation("Biobase")', and for packages 'citation("pkgname")'.
Loading required package: DelayedArray
Loading required package: matrixStats
Attaching package: 'matrixStats'
The following objects are masked from 'package:Biobase':
anyMissing, rowMedians
Attaching package: 'DelayedArray'
The following objects are masked from 'package:matrixStats':
colMaxs, colMins, colRanges, rowMaxs, rowMins, rowRanges
The following objects are masked from 'package:base':
aperm, apply, rowsum
> test_check("cydar")
Estimating landmarks for channel X1 ...
Registering curves for parameter X1 ...
Estimating landmarks for channel X2 ...
Registering curves for parameter X2 ...
Estimating landmarks for channel X3 ...
Registering curves for parameter X3 ...
Estimating landmarks for channel X4 ...
Registering curves for parameter X4 ...
Estimating landmarks for channel X5 ...
Registering curves for parameter X5 ...
Estimating landmarks for channel X6 ...
Registering curves for parameter X6 ...
Estimating landmarks for channel X7 ...
Registering curves for parameter X7 ...
Estimating landmarks for channel X8 ...
Registering curves for parameter X8 ...
Estimating landmarks for channel X9 ...
Registering curves for parameter X9 ...
Estimating landmarks for channel X10 ...
Registering curves for parameter X10 ...
Estimating landmarks for channel X1 ...
Registering curves for parameter X1 ...
Estimating landmarks for channel X2 ...
Registering curves for parameter X2 ...
Estimating landmarks for channel X3 ...
Registering curves for parameter X3 ...
Estimating landmarks for channel X4 ...
Registering curves for parameter X4 ...
Estimating landmarks for channel X5 ...
Registering curves for parameter X5 ...
Estimating landmarks for channel X6 ...
Registering curves for parameter X6 ...
Estimating landmarks for channel X7 ...
Registering curves for parameter X7 ...
Estimating landmarks for channel X8 ...
Registering curves for parameter X8 ...
Estimating landmarks for channel X9 ...
Registering curves for parameter X9 ...
Estimating landmarks for channel X10 ...
Registering curves for parameter X10 ...
== testthat results ===========================================================
[ OK: 279 | SKIPPED: 0 | WARNINGS: 14 | FAILED: 0 ]
>
> proc.time()
user system elapsed
64.56 1.84 91.96
|
cydar.Rcheck/tests_x64/testthat.Rout
R version 3.6.3 (2020-02-29) -- "Holding the Windsock"
Copyright (C) 2020 The R Foundation for Statistical Computing
Platform: x86_64-w64-mingw32/x64 (64-bit)
R is free software and comes with ABSOLUTELY NO WARRANTY.
You are welcome to redistribute it under certain conditions.
Type 'license()' or 'licence()' for distribution details.
R is a collaborative project with many contributors.
Type 'contributors()' for more information and
'citation()' on how to cite R or R packages in publications.
Type 'demo()' for some demos, 'help()' for on-line help, or
'help.start()' for an HTML browser interface to help.
Type 'q()' to quit R.
> library(testthat)
> library(cydar)
Loading required package: BiocParallel
Loading required package: SingleCellExperiment
Loading required package: SummarizedExperiment
Loading required package: GenomicRanges
Loading required package: stats4
Loading required package: BiocGenerics
Loading required package: parallel
Attaching package: 'BiocGenerics'
The following objects are masked from 'package:parallel':
clusterApply, clusterApplyLB, clusterCall, clusterEvalQ,
clusterExport, clusterMap, parApply, parCapply, parLapply,
parLapplyLB, parRapply, parSapply, parSapplyLB
The following objects are masked from 'package:stats':
IQR, mad, sd, var, xtabs
The following objects are masked from 'package:base':
Filter, Find, Map, Position, Reduce, anyDuplicated, append,
as.data.frame, basename, cbind, colnames, dirname, do.call,
duplicated, eval, evalq, get, grep, grepl, intersect, is.unsorted,
lapply, mapply, match, mget, order, paste, pmax, pmax.int, pmin,
pmin.int, rank, rbind, rownames, sapply, setdiff, sort, table,
tapply, union, unique, unsplit, which, which.max, which.min
Loading required package: S4Vectors
Attaching package: 'S4Vectors'
The following object is masked from 'package:base':
expand.grid
Loading required package: IRanges
Attaching package: 'IRanges'
The following object is masked from 'package:grDevices':
windows
Loading required package: GenomeInfoDb
Loading required package: Biobase
Welcome to Bioconductor
Vignettes contain introductory material; view with
'browseVignettes()'. To cite Bioconductor, see
'citation("Biobase")', and for packages 'citation("pkgname")'.
Loading required package: DelayedArray
Loading required package: matrixStats
Attaching package: 'matrixStats'
The following objects are masked from 'package:Biobase':
anyMissing, rowMedians
Attaching package: 'DelayedArray'
The following objects are masked from 'package:matrixStats':
colMaxs, colMins, colRanges, rowMaxs, rowMins, rowRanges
The following objects are masked from 'package:base':
aperm, apply, rowsum
> test_check("cydar")
Estimating landmarks for channel X1 ...
Registering curves for parameter X1 ...
Estimating landmarks for channel X2 ...
Registering curves for parameter X2 ...
Estimating landmarks for channel X3 ...
Registering curves for parameter X3 ...
Estimating landmarks for channel X4 ...
Registering curves for parameter X4 ...
Estimating landmarks for channel X5 ...
Registering curves for parameter X5 ...
Estimating landmarks for channel X6 ...
Registering curves for parameter X6 ...
Estimating landmarks for channel X7 ...
Registering curves for parameter X7 ...
Estimating landmarks for channel X8 ...
Registering curves for parameter X8 ...
Estimating landmarks for channel X9 ...
Registering curves for parameter X9 ...
Estimating landmarks for channel X10 ...
Registering curves for parameter X10 ...
Estimating landmarks for channel X1 ...
Registering curves for parameter X1 ...
Estimating landmarks for channel X2 ...
Registering curves for parameter X2 ...
Estimating landmarks for channel X3 ...
Registering curves for parameter X3 ...
Estimating landmarks for channel X4 ...
Registering curves for parameter X4 ...
Estimating landmarks for channel X5 ...
Registering curves for parameter X5 ...
Estimating landmarks for channel X6 ...
Registering curves for parameter X6 ...
Estimating landmarks for channel X7 ...
Registering curves for parameter X7 ...
Estimating landmarks for channel X8 ...
Registering curves for parameter X8 ...
Estimating landmarks for channel X9 ...
Registering curves for parameter X9 ...
Estimating landmarks for channel X10 ...
Registering curves for parameter X10 ...
== testthat results ===========================================================
[ OK: 279 | SKIPPED: 0 | WARNINGS: 14 | FAILED: 0 ]
>
> proc.time()
user system elapsed
60.62 1.17 93.28
|
|
cydar.Rcheck/examples_i386/cydar-Ex.timings
|
cydar.Rcheck/examples_x64/cydar-Ex.timings
|