| Back to Multiple platform build/check report for BioC 3.10 |
|
This page was generated on 2020-04-15 12:21:38 -0400 (Wed, 15 Apr 2020).
| Package 1647/1823 | Hostname | OS / Arch | INSTALL | BUILD | CHECK | BUILD BIN | ||||||
| SplicingGraphs 1.26.1 H. Pagès
| malbec1 | Linux (Ubuntu 18.04.4 LTS) / x86_64 | OK | OK | WARNINGS | |||||||
| tokay1 | Windows Server 2012 R2 Standard / x64 | OK | OK | [ WARNINGS ] | OK | |||||||
| merida1 | OS X 10.11.6 El Capitan / x86_64 | OK | OK | WARNINGS | OK |
| Package: SplicingGraphs |
| Version: 1.26.1 |
| Command: C:\Users\biocbuild\bbs-3.10-bioc\R\bin\R.exe CMD check --force-multiarch --install=check:SplicingGraphs.install-out.txt --library=C:\Users\biocbuild\bbs-3.10-bioc\R\library --no-vignettes --timings SplicingGraphs_1.26.1.tar.gz |
| StartedAt: 2020-04-15 06:50:51 -0400 (Wed, 15 Apr 2020) |
| EndedAt: 2020-04-15 07:15:40 -0400 (Wed, 15 Apr 2020) |
| EllapsedTime: 1489.8 seconds |
| RetCode: 0 |
| Status: WARNINGS |
| CheckDir: SplicingGraphs.Rcheck |
| Warnings: 3 |
##############################################################################
##############################################################################
###
### Running command:
###
### C:\Users\biocbuild\bbs-3.10-bioc\R\bin\R.exe CMD check --force-multiarch --install=check:SplicingGraphs.install-out.txt --library=C:\Users\biocbuild\bbs-3.10-bioc\R\library --no-vignettes --timings SplicingGraphs_1.26.1.tar.gz
###
##############################################################################
##############################################################################
* using log directory 'C:/Users/biocbuild/bbs-3.10-bioc/meat/SplicingGraphs.Rcheck'
* using R version 3.6.3 (2020-02-29)
* using platform: x86_64-w64-mingw32 (64-bit)
* using session charset: ISO8859-1
* using option '--no-vignettes'
* checking for file 'SplicingGraphs/DESCRIPTION' ... OK
* this is package 'SplicingGraphs' version '1.26.1'
* package encoding: UTF-8
* checking package namespace information ... OK
* checking package dependencies ... OK
* checking if this is a source package ... OK
* checking if there is a namespace ... OK
* checking for hidden files and directories ... OK
* checking for portable file names ... OK
* checking whether package 'SplicingGraphs' can be installed ... WARNING
Found the following significant warnings:
Rd warning: C:/Users/biocbuild/bbs-3.10-bioc/tmpdir/Rtmp8MI0Mi/R.INSTALLcf829343f4/SplicingGraphs/man/SplicingGraphs-class.Rd:69: file link 'GRangesList' in package 'GenomicRanges' does not exist and so has been treated as a topic
Rd warning: C:/Users/biocbuild/bbs-3.10-bioc/tmpdir/Rtmp8MI0Mi/R.INSTALLcf829343f4/SplicingGraphs/man/SplicingGraphs-class.Rd:71: file link 'TxDb' in package 'GenomicFeatures' does not exist and so has been treated as a topic
Rd warning: C:/Users/biocbuild/bbs-3.10-bioc/tmpdir/Rtmp8MI0Mi/R.INSTALLcf829343f4/SplicingGraphs/man/SplicingGraphs-class.Rd:97: file link 'GRangesList' in package 'GenomicRanges' does not exist and so has been treated as a topic
Rd warning: C:/Users/biocbuild/bbs-3.10-bioc/tmpdir/Rtmp8MI0Mi/R.INSTALLcf829343f4/SplicingGraphs/man/SplicingGraphs-class.Rd:106: file link 'GRangesList' in package 'GenomicRanges' does not exist and so has been treated as a topic
Rd warning: C:/Users/biocbuild/bbs-3.10-bioc/tmpdir/Rtmp8MI0Mi/R.INSTALLcf829343f4/SplicingGraphs/man/SplicingGraphs-class.Rd:123: file link 'GRangesList' in package 'GenomicRanges' does not exist and so has been treated as a topic
Rd warning: C:/Users/biocbuild/bbs-3.10-bioc/tmpdir/Rtmp8MI0Mi/R.INSTALLcf829343f4/SplicingGraphs/man/SplicingGraphs-class.Rd:124: file link 'TxDb' in package 'GenomicFeatures' does not exist and so has been treated as a topic
Rd warning: C:/Users/biocbuild/bbs-3.10-bioc/tmpdir/Rtmp8MI0Mi/R.INSTALLcf829343f4/SplicingGraphs/man/SplicingGraphs-class.Rd:126: file link 'GRangesList' in package 'GenomicRanges' does not exist and so has been treated as a topic
Rd warning: C:/Users/biocbuild/bbs-3.10-bioc/tmpdir/Rtmp8MI0Mi/R.INSTALLcf829343f4/SplicingGraphs/man/SplicingGraphs-class.Rd:130: file link 'TxDb' in package 'GenomicFeatures' does not exist and so has been treated as a topic
Rd warning: C:/Users/biocbuild/bbs-3.10-bioc/tmpdir/Rtmp8MI0Mi/R.INSTALLcf829343f4/SplicingGraphs/man/SplicingGraphs-class.Rd:131: file link 'exonsBy' in package 'GenomicFeatures' does not exist and so has been treated as a topic
Rd warning: C:/Users/biocbuild/bbs-3.10-bioc/tmpdir/Rtmp8MI0Mi/R.INSTALLcf829343f4/SplicingGraphs/man/SplicingGraphs-class.Rd:135: file link 'GRangesList' in package 'GenomicRanges' does not exist and so has been treated as a topic
Rd warning: C:/Users/biocbuild/bbs-3.10-bioc/tmpdir/Rtmp8MI0Mi/R.INSTALLcf829343f4/SplicingGraphs/man/SplicingGraphs-class.Rd:137: file link 'GRangesList' in package 'GenomicRanges' does not exist and so has been treated as a topic
Rd warning: C:/Users/biocbuild/bbs-3.10-bioc/tmpdir/Rtmp8MI0Mi/R.INSTALLcf829343f4/SplicingGraphs/man/SplicingGraphs-class.Rd:145: file link 'IntegerList' in package 'IRanges' does not exist and so has been treated as a topic
Rd warning: C:/Users/biocbuild/bbs-3.10-bioc/tmpdir/Rtmp8MI0Mi/R.INSTALLcf829343f4/SplicingGraphs/man/SplicingGraphs-class.Rd:145: file link 'CharacterList' in package 'IRanges' does not exist and so has been treated as a topic
Rd warning: C:/Users/biocbuild/bbs-3.10-bioc/tmpdir/Rtmp8MI0Mi/R.INSTALLcf829343f4/SplicingGraphs/man/SplicingGraphs-class.Rd:151: file link 'GRangesList' in package 'GenomicRanges' does not exist and so has been treated as a topic
Rd warning: C:/Users/biocbuild/bbs-3.10-bioc/tmpdir/Rtmp8MI0Mi/R.INSTALLcf829343f4/SplicingGraphs/man/SplicingGraphs-class.Rd:159: file link 'exonsBy' in package 'GenomicFeatures' does not exist and so has been treated as a topic
Rd warning: C:/Users/biocbuild/bbs-3.10-bioc/tmpdir/Rtmp8MI0Mi/R.INSTALLcf829343f4/SplicingGraphs/man/SplicingGraphs-class.Rd:160: file link 'GRangesList' in package 'GenomicRanges' does not exist and so has been treated as a topic
Rd warning: C:/Users/biocbuild/bbs-3.10-bioc/tmpdir/Rtmp8MI0Mi/R.INSTALLcf829343f4/SplicingGraphs/man/SplicingGraphs-class.Rd:163: file link 'DataFrame' in package 'S4Vectors' does not exist and so has been treated as a topic
Rd warning: C:/Users/biocbuild/bbs-3.10-bioc/tmpdir/Rtmp8MI0Mi/R.INSTALLcf829343f4/SplicingGraphs/man/SplicingGraphs-class.Rd:188: file link 'GRangesList' in package 'GenomicRanges' does not exist and so has been treated as a topic
Rd warning: C:/Users/biocbuild/bbs-3.10-bioc/tmpdir/Rtmp8MI0Mi/R.INSTALLcf829343f4/SplicingGraphs/man/SplicingGraphs-class.Rd:189: file link 'TxDb' in package 'GenomicFeatures' does not exist and so has been treated as a topic
Rd warning: C:/Users/biocbuild/bbs-3.10-bioc/tmpdir/Rtmp8MI0Mi/R.INSTALLcf829343f4/SplicingGraphs/man/SplicingGraphs-class.Rd:220: file link 'exonsBy' in package 'GenomicFeatures' does not exist and so has been treated as a topic
Rd warning: C:/Users/biocbuild/bbs-3.10-bioc/tmpdir/Rtmp8MI0Mi/R.INSTALLcf829343f4/SplicingGraphs/man/SplicingGraphs-class.Rd:222: file link 'TxDb' in package 'GenomicFeatures' does not exist and so has been treated as a topic
Rd warning: C:/Users/biocbuild/bbs-3.10-bioc/tmpdir/Rtmp8MI0Mi/R.INSTALLcf829343f4/SplicingGraphs/man/SplicingGraphs-class.Rd:225: file link 'GRangesList' in package 'GenomicRanges' does not exist and so has been treated as a topic
Rd warning: C:/Users/biocbuild/bbs-3.10-bioc/tmpdir/Rtmp8MI0Mi/R.INSTALLcf829343f4/SplicingGraphs/man/SplicingGraphs-class.Rd:228: file link 'IntegerList' in package 'IRanges' does not exist and so has been treated as a topic
Rd warning: C:/Users/biocbuild/bbs-3.10-bioc/tmpdir/Rtmp8MI0Mi/R.INSTALLcf829343f4/SplicingGraphs/man/SplicingGraphs-class.Rd:228: file link 'CharacterList' in package 'IRanges' does not exist and so has been treated as a topic
Rd warning: C:/Users/biocbuild/bbs-3.10-bioc/tmpdir/Rtmp8MI0Mi/R.INSTALLcf829343f4/SplicingGraphs/man/SplicingGraphs-class.Rd:231: file link 'DataFrame' in package 'S4Vectors' does not exist and so has been treated as a topic
Rd warning: C:/Users/biocbuild/bbs-3.10-bioc/tmpdir/Rtmp8MI0Mi/R.INSTALLcf829343f4/SplicingGraphs/man/assignReads.Rd:30: file link 'GAlignments' in package 'GenomicAlignments' does not exist and so has been treated as a topic
Rd warning: C:/Users/biocbuild/bbs-3.10-bioc/tmpdir/Rtmp8MI0Mi/R.INSTALLcf829343f4/SplicingGraphs/man/assignReads.Rd:31: file link 'GAlignmentPairs' in package 'GenomicAlignments' does not exist and so has been treated as a topic
Rd warning: C:/Users/biocbuild/bbs-3.10-bioc/tmpdir/Rtmp8MI0Mi/R.INSTALLcf829343f4/SplicingGraphs/man/assignReads.Rd:32: file link 'GRangesList' in package 'GenomicRanges' does not exist and so has been treated as a topic
Rd warning: C:/Users/biocbuild/bbs-3.10-bioc/tmpdir/Rtmp8MI0Mi/R.INSTALLcf829343f4/SplicingGraphs/man/assignReads.Rd:51: file link 'readGAlignmentPairs' in package 'GenomicAlignments' does not exist and so has been treated as a topic
Rd warning: C:/Users/biocbuild/bbs-3.10-bioc/tmpdir/Rtmp8MI0Mi/R.INSTALLcf829343f4/SplicingGraphs/man/assignReads.Rd:69: file link 'readGAlignmentPairs' in package 'GenomicAlignments' does not exist and so has been treated as a topic
Rd warning: C:/Users/biocbuild/bbs-3.10-bioc/tmpdir/Rtmp8MI0Mi/R.INSTALLcf829343f4/SplicingGraphs/man/assignReads.Rd:74: file link 'scanBamFlag' in package 'Rsamtools' does not exist and so has been treated as a topic
Rd warning: C:/Users/biocbuild/bbs-3.10-bioc/tmpdir/Rtmp8MI0Mi/R.INSTALLcf829343f4/SplicingGraphs/man/assignReads.Rd:75: file link 'ScanBamParam' in package 'Rsamtools' does not exist and so has been treated as a topic
Rd warning: C:/Users/biocbuild/bbs-3.10-bioc/tmpdir/Rtmp8MI0Mi/R.INSTALLcf829343f4/SplicingGraphs/man/assignReads.Rd:86: file link 'scanBamFlag' in package 'Rsamtools' does not exist and so has been treated as a topic
Rd warning: C:/Users/biocbuild/bbs-3.10-bioc/tmpdir/Rtmp8MI0Mi/R.INSTALLcf829343f4/SplicingGraphs/man/assignReads.Rd:112: file link 'GRangesList' in package 'GenomicRanges' does not exist and so has been treated as a topic
Rd warning: C:/Users/biocbuild/bbs-3.10-bioc/tmpdir/Rtmp8MI0Mi/R.INSTALLcf829343f4/SplicingGraphs/man/assignReads.Rd:115: file link 'GAlignments' in package 'GenomicAlignments' does not exist and so has been treated as a topic
Rd warning: C:/Users/biocbuild/bbs-3.10-bioc/tmpdir/Rtmp8MI0Mi/R.INSTALLcf829343f4/SplicingGraphs/man/assignReads.Rd:116: file link 'GAlignmentPairs' in package 'GenomicAlignments' does not exist and so has been treated as a topic
Rd warning: C:/Users/biocbuild/bbs-3.10-bioc/tmpdir/Rtmp8MI0Mi/R.INSTALLcf829343f4/SplicingGraphs/man/assignReads.Rd:118: file link 'readGAlignmentPairs' in package 'GenomicAlignments' does not exist and so has been treated as a topic
Rd warning: C:/Users/biocbuild/bbs-3.10-bioc/tmpdir/Rtmp8MI0Mi/R.INSTALLcf829343f4/SplicingGraphs/man/assignReads.Rd:122: file link 'ScanBamParam' in package 'Rsamtools' does not exist and so has been treated as a topic
Rd warning: C:/Users/biocbuild/bbs-3.10-bioc/tmpdir/Rtmp8MI0Mi/R.INSTALLcf829343f4/SplicingGraphs/man/countReads-methods.Rd:116: file link 'DataFrame' in package 'S4Vectors' does not exist and so has been treated as a topic
Rd warning: C:/Users/biocbuild/bbs-3.10-bioc/tmpdir/Rtmp8MI0Mi/R.INSTALLcf829343f4/SplicingGraphs/man/plotTranscripts-methods.Rd:26: file link 'GRangesList' in package 'GenomicRanges' does not exist and so has been treated as a topic
Rd warning: C:/Users/biocbuild/bbs-3.10-bioc/tmpdir/Rtmp8MI0Mi/R.INSTALLcf829343f4/SplicingGraphs/man/plotTranscripts-methods.Rd:28: file link 'TxDb' in package 'GenomicFeatures' does not exist and so has been treated as a topic
Rd warning: C:/Users/biocbuild/bbs-3.10-bioc/tmpdir/Rtmp8MI0Mi/R.INSTALLcf829343f4/SplicingGraphs/man/plotTranscripts-methods.Rd:32: file link 'GAlignments' in package 'GenomicAlignments' does not exist and so has been treated as a topic
Rd warning: C:/Users/biocbuild/bbs-3.10-bioc/tmpdir/Rtmp8MI0Mi/R.INSTALLcf829343f4/SplicingGraphs/man/plotTranscripts-methods.Rd:33: file link 'GAlignmentPairs' in package 'GenomicAlignments' does not exist and so has been treated as a topic
Rd warning: C:/Users/biocbuild/bbs-3.10-bioc/tmpdir/Rtmp8MI0Mi/R.INSTALLcf829343f4/SplicingGraphs/man/plotTranscripts-methods.Rd:66: file link 'GRangesList' in package 'GenomicRanges' does not exist and so has been treated as a topic
Rd warning: C:/Users/biocbuild/bbs-3.10-bioc/tmpdir/Rtmp8MI0Mi/R.INSTALLcf829343f4/SplicingGraphs/man/plotTranscripts-methods.Rd:69: file link 'GAlignments' in package 'GenomicAlignments' does not exist and so has been treated as a topic
Rd warning: C:/Users/biocbuild/bbs-3.10-bioc/tmpdir/Rtmp8MI0Mi/R.INSTALLcf829343f4/SplicingGraphs/man/plotTranscripts-methods.Rd:70: file link 'GAlignmentPairs' in package 'GenomicAlignments' does not exist and so has been treated as a topic
Rd warning: C:/Users/biocbuild/bbs-3.10-bioc/tmpdir/Rtmp8MI0Mi/R.INSTALLcf829343f4/SplicingGraphs/man/plotTranscripts-methods.Rd:73: file link 'TxDb' in package 'GenomicFeatures' does not exist and so has been treated as a topic
Rd warning: C:/Users/biocbuild/bbs-3.10-bioc/tmpdir/Rtmp8MI0Mi/R.INSTALLcf829343f4/SplicingGraphs/man/rsgedgesByGene-methods.Rd:81: file link 'GRangesList' in package 'GenomicRanges' does not exist and so has been treated as a topic
Rd warning: C:/Users/biocbuild/bbs-3.10-bioc/tmpdir/Rtmp8MI0Mi/R.INSTALLcf829343f4/SplicingGraphs/man/sgedgesByGene-methods.Rd:21: file link 'GRangesList' in package 'GenomicRanges' does not exist and so has been treated as a topic
Rd warning: C:/Users/biocbuild/bbs-3.10-bioc/tmpdir/Rtmp8MI0Mi/R.INSTALLcf829343f4/SplicingGraphs/man/sgedgesByGene-methods.Rd:27: file link 'GRangesList' in package 'GenomicRanges' does not exist and so has been treated as a topic
Rd warning: C:/Users/biocbuild/bbs-3.10-bioc/tmpdir/Rtmp8MI0Mi/R.INSTALLcf829343f4/SplicingGraphs/man/sgedgesByGene-methods.Rd:63: file link 'GRangesList' in package 'GenomicRanges' does not exist and so has been treated as a topic
Rd warning: C:/Users/biocbuild/bbs-3.10-bioc/tmpdir/Rtmp8MI0Mi/R.INSTALLcf829343f4/SplicingGraphs/man/toy_data.Rd:36: file link 'GRangesList' in package 'GenomicRanges' does not exist and so has been treated as a topic
Rd warning: C:/Users/biocbuild/bbs-3.10-bioc/tmpdir/Rtmp8MI0Mi/R.INSTALLcf829343f4/SplicingGraphs/man/toy_data.Rd:39: file link 'GAlignments' in package 'GenomicAlignments' does not exist and so has been treated as a topic
Rd warning: C:/Users/biocbuild/bbs-3.10-bioc/tmpdir/Rtmp8MI0Mi/R.INSTALLcf829343f4/SplicingGraphs/man/toy_data.Rd:40: file link 'GAlignmentPairs' in package 'GenomicAlignments' does not exist and so has been treated as a topic
Rd warning: C:/Users/biocbuild/bbs-3.10-bioc/tmpdir/Rtmp8MI0Mi/R.INSTALLcf829343f4/SplicingGraphs/man/toy_data.Rd:44: file link 'TxDb' in package 'GenomicFeatures' does not exist and so has been treated as a topic
Rd warning: C:/Users/biocbuild/bbs-3.10-bioc/tmpdir/Rtmp8MI0Mi/R.INSTALLcf829343f4/SplicingGraphs/man/txpath-methods.Rd:35: file link 'GRangesList' in package 'GenomicRanges' does not exist and so has been treated as a topic
Rd warning: C:/Users/biocbuild/bbs-3.10-bioc/tmpdir/Rtmp8MI0Mi/R.INSTALLcf829343f4/SplicingGraphs/man/txpath-methods.Rd:69: file link 'GRangesList' in package 'GenomicRanges' does not exist and so has been treated as a topic
Rd warning: C:/Users/biocbuild/bbs-3.10-bioc/tmpdir/Rtmp8MI0Mi/R.INSTALLcf829343f4/SplicingGraphs/man/txpath-methods.Rd:72: file link 'GAlignments' in package 'GenomicAlignments' does not exist and so has been treated as a topic
Rd warning: C:/Users/biocbuild/bbs-3.10-bioc/tmpdir/Rtmp8MI0Mi/R.INSTALLcf829343f4/SplicingGraphs/man/txpath-methods.Rd:73: file link 'GAlignmentPairs' in package 'GenomicAlignments' does not exist and so has been treated as a topic
Rd warning: C:/Users/biocbuild/bbs-3.10-bioc/tmpdir/Rtmp8MI0Mi/R.INSTALLcf829343f4/SplicingGraphs/man/txpath-methods.Rd:82: file link 'ScanBamParam' in package 'Rsamtools' does not exist and so has been treated as a topic
Warning: replacing previous import 'IRanges::from' by 'Rgraphviz::from' when loading 'SplicingGraphs'
Warning: replacing previous import 'IRanges::to' by 'Rgraphviz::to' when loading 'SplicingGraphs'
See 'C:/Users/biocbuild/bbs-3.10-bioc/meat/SplicingGraphs.Rcheck/00install.out' for details.
* checking installed package size ... OK
* checking package directory ... OK
* checking 'build' directory ... OK
* checking DESCRIPTION meta-information ... NOTE
Packages listed in more than one of Depends, Imports, Suggests, Enhances:
'GenomicFeatures' 'GenomicAlignments' 'Rgraphviz' 'igraph'
A package should be listed in only one of these fields.
* checking top-level files ... OK
* checking for left-over files ... OK
* checking index information ... OK
* checking package subdirectories ... OK
* checking R files for non-ASCII characters ... OK
* checking R files for syntax errors ... OK
* loading checks for arch 'i386'
** checking whether the package can be loaded ... OK
** checking whether the package can be loaded with stated dependencies ... OK
** checking whether the package can be unloaded cleanly ... OK
** checking whether the namespace can be loaded with stated dependencies ... OK
** checking whether the namespace can be unloaded cleanly ... OK
* loading checks for arch 'x64'
** checking whether the package can be loaded ... OK
** checking whether the package can be loaded with stated dependencies ... OK
** checking whether the package can be unloaded cleanly ... OK
** checking whether the namespace can be loaded with stated dependencies ... OK
** checking whether the namespace can be unloaded cleanly ... OK
* checking dependencies in R code ... NOTE
'library' or 'require' call to 'igraph' in package code.
Please use :: or requireNamespace() instead.
See section 'Suggested packages' in the 'Writing R Extensions' manual.
':::' calls which should be '::':
'S4Vectors:::matchIntegerPairs' 'S4Vectors:::orderIntegerPairs'
'S4Vectors:::selfmatchIntegerPairs'
See the note in ?`:::` about the use of this operator.
Unexported objects imported by ':::' calls:
'BiocGenerics:::testPackage' 'GenomicAlignments:::fillJunctionGaps'
'GenomicFeatures:::.collapse_df' 'IRanges:::newCompressedList0'
'IRanges:::regroupBySupergroup' 'IRanges:::unlist_as_integer'
'S4Vectors:::setPrototypeFromObject'
See the note in ?`:::` about the use of this operator.
* checking S3 generic/method consistency ... OK
* checking replacement functions ... OK
* checking foreign function calls ... OK
* checking R code for possible problems ... OK
* checking Rd files ... OK
* checking Rd metadata ... OK
* checking Rd cross-references ... OK
* checking for missing documentation entries ... WARNING
Undocumented code objects:
'reportReads'
Undocumented S4 methods:
generic '[' and siglist 'SplicingGraphs,ANY,ANY,ANY'
generic 'reportReads' and siglist 'SplicingGraphs'
generic 'updateObject' and siglist 'SplicingGraphs'
All user-level objects in a package (including S4 classes and methods)
should have documentation entries.
See chapter 'Writing R documentation files' in the 'Writing R
Extensions' manual.
* checking for code/documentation mismatches ... OK
* checking Rd \usage sections ... WARNING
Objects in \usage without \alias in documentation object 'countReads-methods':
'reportReads'
Functions with \usage entries need to have the appropriate \alias
entries, and all their arguments documented.
The \usage entries must correspond to syntactically valid R code.
See chapter 'Writing R documentation files' in the 'Writing R
Extensions' manual.
* checking Rd contents ... OK
* checking for unstated dependencies in examples ... OK
* checking files in 'vignettes' ... OK
* checking examples ...
** running examples for arch 'i386' ... OK
Examples with CPU or elapsed time > 5s
user system elapsed
plotTranscripts-methods 35.24 0.16 69.64
toy_data 21.07 0.00 21.19
countReads-methods 8.59 0.03 43.96
sgedges-methods 6.04 0.01 39.37
assignReads 5.98 0.05 44.88
bubbles-methods 5.94 0.03 38.86
txpath-methods 5.43 0.01 41.11
rsgedgesByGene-methods 5.00 0.03 37.85
SplicingGraphs-class 4.14 0.27 40.12
sgedgesByGene-methods 4.19 0.05 41.75
sgraph-methods 3.56 0.02 40.02
** running examples for arch 'x64' ... OK
Examples with CPU or elapsed time > 5s
user system elapsed
plotTranscripts-methods 40.03 0.15 80.71
toy_data 29.58 0.00 29.57
countReads-methods 10.22 0.08 47.04
sgedges-methods 8.85 0.03 46.26
txpath-methods 7.65 0.03 62.27
sgedgesByGene-methods 6.98 0.00 52.88
SplicingGraphs-class 6.75 0.06 43.85
rsgedgesByGene-methods 6.65 0.07 42.43
assignReads 6.33 0.01 44.83
sgraph-methods 5.52 0.06 49.11
bubbles-methods 5.55 0.02 42.34
* checking for unstated dependencies in 'tests' ... OK
* checking tests ...
** running tests for arch 'i386' ...
Running 'run_unitTests.R'
OK
** running tests for arch 'x64' ...
Running 'run_unitTests.R'
OK
* checking for unstated dependencies in vignettes ... OK
* checking package vignettes in 'inst/doc' ... OK
* checking running R code from vignettes ... SKIPPED
* checking re-building of vignette outputs ... SKIPPED
* checking PDF version of manual ... OK
* DONE
Status: 3 WARNINGs, 2 NOTEs
See
'C:/Users/biocbuild/bbs-3.10-bioc/meat/SplicingGraphs.Rcheck/00check.log'
for details.
SplicingGraphs.Rcheck/00install.out
##############################################################################
##############################################################################
###
### Running command:
###
### C:\cygwin\bin\curl.exe -O https://malbec1.bioconductor.org/BBS/3.10/bioc/src/contrib/SplicingGraphs_1.26.1.tar.gz && rm -rf SplicingGraphs.buildbin-libdir && mkdir SplicingGraphs.buildbin-libdir && C:\Users\biocbuild\bbs-3.10-bioc\R\bin\R.exe CMD INSTALL --merge-multiarch --build --library=SplicingGraphs.buildbin-libdir SplicingGraphs_1.26.1.tar.gz && C:\Users\biocbuild\bbs-3.10-bioc\R\bin\R.exe CMD INSTALL SplicingGraphs_1.26.1.zip && rm SplicingGraphs_1.26.1.tar.gz SplicingGraphs_1.26.1.zip
###
##############################################################################
##############################################################################
% Total % Received % Xferd Average Speed Time Time Time Current
Dload Upload Total Spent Left Speed
0 0 0 0 0 0 0 0 --:--:-- --:--:-- --:--:-- 0
100 45.5M 100 45.5M 0 0 72.0M 0 --:--:-- --:--:-- --:--:-- 72.4M
install for i386
* installing *source* package 'SplicingGraphs' ...
** using staged installation
** R
** inst
** byte-compile and prepare package for lazy loading
Warning: replacing previous import 'IRanges::from' by 'Rgraphviz::from' when loading 'SplicingGraphs'
Warning: replacing previous import 'IRanges::to' by 'Rgraphviz::to' when loading 'SplicingGraphs'
** help
*** installing help indices
converting help for package 'SplicingGraphs'
finding HTML links ... done
SplicingGraphs-class html
Rd warning: C:/Users/biocbuild/bbs-3.10-bioc/tmpdir/Rtmp8MI0Mi/R.INSTALLcf829343f4/SplicingGraphs/man/SplicingGraphs-class.Rd:69: file link 'GRangesList' in package 'GenomicRanges' does not exist and so has been treated as a topic
Rd warning: C:/Users/biocbuild/bbs-3.10-bioc/tmpdir/Rtmp8MI0Mi/R.INSTALLcf829343f4/SplicingGraphs/man/SplicingGraphs-class.Rd:71: file link 'TxDb' in package 'GenomicFeatures' does not exist and so has been treated as a topic
Rd warning: C:/Users/biocbuild/bbs-3.10-bioc/tmpdir/Rtmp8MI0Mi/R.INSTALLcf829343f4/SplicingGraphs/man/SplicingGraphs-class.Rd:97: file link 'GRangesList' in package 'GenomicRanges' does not exist and so has been treated as a topic
Rd warning: C:/Users/biocbuild/bbs-3.10-bioc/tmpdir/Rtmp8MI0Mi/R.INSTALLcf829343f4/SplicingGraphs/man/SplicingGraphs-class.Rd:106: file link 'GRangesList' in package 'GenomicRanges' does not exist and so has been treated as a topic
Rd warning: C:/Users/biocbuild/bbs-3.10-bioc/tmpdir/Rtmp8MI0Mi/R.INSTALLcf829343f4/SplicingGraphs/man/SplicingGraphs-class.Rd:123: file link 'GRangesList' in package 'GenomicRanges' does not exist and so has been treated as a topic
Rd warning: C:/Users/biocbuild/bbs-3.10-bioc/tmpdir/Rtmp8MI0Mi/R.INSTALLcf829343f4/SplicingGraphs/man/SplicingGraphs-class.Rd:124: file link 'TxDb' in package 'GenomicFeatures' does not exist and so has been treated as a topic
Rd warning: C:/Users/biocbuild/bbs-3.10-bioc/tmpdir/Rtmp8MI0Mi/R.INSTALLcf829343f4/SplicingGraphs/man/SplicingGraphs-class.Rd:126: file link 'GRangesList' in package 'GenomicRanges' does not exist and so has been treated as a topic
Rd warning: C:/Users/biocbuild/bbs-3.10-bioc/tmpdir/Rtmp8MI0Mi/R.INSTALLcf829343f4/SplicingGraphs/man/SplicingGraphs-class.Rd:130: file link 'TxDb' in package 'GenomicFeatures' does not exist and so has been treated as a topic
Rd warning: C:/Users/biocbuild/bbs-3.10-bioc/tmpdir/Rtmp8MI0Mi/R.INSTALLcf829343f4/SplicingGraphs/man/SplicingGraphs-class.Rd:131: file link 'exonsBy' in package 'GenomicFeatures' does not exist and so has been treated as a topic
Rd warning: C:/Users/biocbuild/bbs-3.10-bioc/tmpdir/Rtmp8MI0Mi/R.INSTALLcf829343f4/SplicingGraphs/man/SplicingGraphs-class.Rd:135: file link 'GRangesList' in package 'GenomicRanges' does not exist and so has been treated as a topic
Rd warning: C:/Users/biocbuild/bbs-3.10-bioc/tmpdir/Rtmp8MI0Mi/R.INSTALLcf829343f4/SplicingGraphs/man/SplicingGraphs-class.Rd:137: file link 'GRangesList' in package 'GenomicRanges' does not exist and so has been treated as a topic
Rd warning: C:/Users/biocbuild/bbs-3.10-bioc/tmpdir/Rtmp8MI0Mi/R.INSTALLcf829343f4/SplicingGraphs/man/SplicingGraphs-class.Rd:145: file link 'IntegerList' in package 'IRanges' does not exist and so has been treated as a topic
Rd warning: C:/Users/biocbuild/bbs-3.10-bioc/tmpdir/Rtmp8MI0Mi/R.INSTALLcf829343f4/SplicingGraphs/man/SplicingGraphs-class.Rd:145: file link 'CharacterList' in package 'IRanges' does not exist and so has been treated as a topic
Rd warning: C:/Users/biocbuild/bbs-3.10-bioc/tmpdir/Rtmp8MI0Mi/R.INSTALLcf829343f4/SplicingGraphs/man/SplicingGraphs-class.Rd:151: file link 'GRangesList' in package 'GenomicRanges' does not exist and so has been treated as a topic
Rd warning: C:/Users/biocbuild/bbs-3.10-bioc/tmpdir/Rtmp8MI0Mi/R.INSTALLcf829343f4/SplicingGraphs/man/SplicingGraphs-class.Rd:159: file link 'exonsBy' in package 'GenomicFeatures' does not exist and so has been treated as a topic
Rd warning: C:/Users/biocbuild/bbs-3.10-bioc/tmpdir/Rtmp8MI0Mi/R.INSTALLcf829343f4/SplicingGraphs/man/SplicingGraphs-class.Rd:160: file link 'GRangesList' in package 'GenomicRanges' does not exist and so has been treated as a topic
Rd warning: C:/Users/biocbuild/bbs-3.10-bioc/tmpdir/Rtmp8MI0Mi/R.INSTALLcf829343f4/SplicingGraphs/man/SplicingGraphs-class.Rd:163: file link 'DataFrame' in package 'S4Vectors' does not exist and so has been treated as a topic
Rd warning: C:/Users/biocbuild/bbs-3.10-bioc/tmpdir/Rtmp8MI0Mi/R.INSTALLcf829343f4/SplicingGraphs/man/SplicingGraphs-class.Rd:188: file link 'GRangesList' in package 'GenomicRanges' does not exist and so has been treated as a topic
Rd warning: C:/Users/biocbuild/bbs-3.10-bioc/tmpdir/Rtmp8MI0Mi/R.INSTALLcf829343f4/SplicingGraphs/man/SplicingGraphs-class.Rd:189: file link 'TxDb' in package 'GenomicFeatures' does not exist and so has been treated as a topic
Rd warning: C:/Users/biocbuild/bbs-3.10-bioc/tmpdir/Rtmp8MI0Mi/R.INSTALLcf829343f4/SplicingGraphs/man/SplicingGraphs-class.Rd:220: file link 'exonsBy' in package 'GenomicFeatures' does not exist and so has been treated as a topic
Rd warning: C:/Users/biocbuild/bbs-3.10-bioc/tmpdir/Rtmp8MI0Mi/R.INSTALLcf829343f4/SplicingGraphs/man/SplicingGraphs-class.Rd:222: file link 'TxDb' in package 'GenomicFeatures' does not exist and so has been treated as a topic
Rd warning: C:/Users/biocbuild/bbs-3.10-bioc/tmpdir/Rtmp8MI0Mi/R.INSTALLcf829343f4/SplicingGraphs/man/SplicingGraphs-class.Rd:225: file link 'GRangesList' in package 'GenomicRanges' does not exist and so has been treated as a topic
Rd warning: C:/Users/biocbuild/bbs-3.10-bioc/tmpdir/Rtmp8MI0Mi/R.INSTALLcf829343f4/SplicingGraphs/man/SplicingGraphs-class.Rd:228: file link 'IntegerList' in package 'IRanges' does not exist and so has been treated as a topic
Rd warning: C:/Users/biocbuild/bbs-3.10-bioc/tmpdir/Rtmp8MI0Mi/R.INSTALLcf829343f4/SplicingGraphs/man/SplicingGraphs-class.Rd:228: file link 'CharacterList' in package 'IRanges' does not exist and so has been treated as a topic
Rd warning: C:/Users/biocbuild/bbs-3.10-bioc/tmpdir/Rtmp8MI0Mi/R.INSTALLcf829343f4/SplicingGraphs/man/SplicingGraphs-class.Rd:231: file link 'DataFrame' in package 'S4Vectors' does not exist and so has been treated as a topic
SplicingGraphs-package html
TSPCsg html
assignReads html
Rd warning: C:/Users/biocbuild/bbs-3.10-bioc/tmpdir/Rtmp8MI0Mi/R.INSTALLcf829343f4/SplicingGraphs/man/assignReads.Rd:30: file link 'GAlignments' in package 'GenomicAlignments' does not exist and so has been treated as a topic
Rd warning: C:/Users/biocbuild/bbs-3.10-bioc/tmpdir/Rtmp8MI0Mi/R.INSTALLcf829343f4/SplicingGraphs/man/assignReads.Rd:31: file link 'GAlignmentPairs' in package 'GenomicAlignments' does not exist and so has been treated as a topic
Rd warning: C:/Users/biocbuild/bbs-3.10-bioc/tmpdir/Rtmp8MI0Mi/R.INSTALLcf829343f4/SplicingGraphs/man/assignReads.Rd:32: file link 'GRangesList' in package 'GenomicRanges' does not exist and so has been treated as a topic
Rd warning: C:/Users/biocbuild/bbs-3.10-bioc/tmpdir/Rtmp8MI0Mi/R.INSTALLcf829343f4/SplicingGraphs/man/assignReads.Rd:51: file link 'readGAlignmentPairs' in package 'GenomicAlignments' does not exist and so has been treated as a topic
Rd warning: C:/Users/biocbuild/bbs-3.10-bioc/tmpdir/Rtmp8MI0Mi/R.INSTALLcf829343f4/SplicingGraphs/man/assignReads.Rd:69: file link 'readGAlignmentPairs' in package 'GenomicAlignments' does not exist and so has been treated as a topic
Rd warning: C:/Users/biocbuild/bbs-3.10-bioc/tmpdir/Rtmp8MI0Mi/R.INSTALLcf829343f4/SplicingGraphs/man/assignReads.Rd:74: file link 'scanBamFlag' in package 'Rsamtools' does not exist and so has been treated as a topic
Rd warning: C:/Users/biocbuild/bbs-3.10-bioc/tmpdir/Rtmp8MI0Mi/R.INSTALLcf829343f4/SplicingGraphs/man/assignReads.Rd:75: file link 'ScanBamParam' in package 'Rsamtools' does not exist and so has been treated as a topic
Rd warning: C:/Users/biocbuild/bbs-3.10-bioc/tmpdir/Rtmp8MI0Mi/R.INSTALLcf829343f4/SplicingGraphs/man/assignReads.Rd:86: file link 'scanBamFlag' in package 'Rsamtools' does not exist and so has been treated as a topic
Rd warning: C:/Users/biocbuild/bbs-3.10-bioc/tmpdir/Rtmp8MI0Mi/R.INSTALLcf829343f4/SplicingGraphs/man/assignReads.Rd:112: file link 'GRangesList' in package 'GenomicRanges' does not exist and so has been treated as a topic
Rd warning: C:/Users/biocbuild/bbs-3.10-bioc/tmpdir/Rtmp8MI0Mi/R.INSTALLcf829343f4/SplicingGraphs/man/assignReads.Rd:115: file link 'GAlignments' in package 'GenomicAlignments' does not exist and so has been treated as a topic
Rd warning: C:/Users/biocbuild/bbs-3.10-bioc/tmpdir/Rtmp8MI0Mi/R.INSTALLcf829343f4/SplicingGraphs/man/assignReads.Rd:116: file link 'GAlignmentPairs' in package 'GenomicAlignments' does not exist and so has been treated as a topic
Rd warning: C:/Users/biocbuild/bbs-3.10-bioc/tmpdir/Rtmp8MI0Mi/R.INSTALLcf829343f4/SplicingGraphs/man/assignReads.Rd:118: file link 'readGAlignmentPairs' in package 'GenomicAlignments' does not exist and so has been treated as a topic
Rd warning: C:/Users/biocbuild/bbs-3.10-bioc/tmpdir/Rtmp8MI0Mi/R.INSTALLcf829343f4/SplicingGraphs/man/assignReads.Rd:122: file link 'ScanBamParam' in package 'Rsamtools' does not exist and so has been treated as a topic
bubbles-methods html
countReads-methods html
Rd warning: C:/Users/biocbuild/bbs-3.10-bioc/tmpdir/Rtmp8MI0Mi/R.INSTALLcf829343f4/SplicingGraphs/man/countReads-methods.Rd:116: file link 'DataFrame' in package 'S4Vectors' does not exist and so has been treated as a topic
plotTranscripts-methods html
Rd warning: C:/Users/biocbuild/bbs-3.10-bioc/tmpdir/Rtmp8MI0Mi/R.INSTALLcf829343f4/SplicingGraphs/man/plotTranscripts-methods.Rd:26: file link 'GRangesList' in package 'GenomicRanges' does not exist and so has been treated as a topic
Rd warning: C:/Users/biocbuild/bbs-3.10-bioc/tmpdir/Rtmp8MI0Mi/R.INSTALLcf829343f4/SplicingGraphs/man/plotTranscripts-methods.Rd:28: file link 'TxDb' in package 'GenomicFeatures' does not exist and so has been treated as a topic
Rd warning: C:/Users/biocbuild/bbs-3.10-bioc/tmpdir/Rtmp8MI0Mi/R.INSTALLcf829343f4/SplicingGraphs/man/plotTranscripts-methods.Rd:32: file link 'GAlignments' in package 'GenomicAlignments' does not exist and so has been treated as a topic
Rd warning: C:/Users/biocbuild/bbs-3.10-bioc/tmpdir/Rtmp8MI0Mi/R.INSTALLcf829343f4/SplicingGraphs/man/plotTranscripts-methods.Rd:33: file link 'GAlignmentPairs' in package 'GenomicAlignments' does not exist and so has been treated as a topic
Rd warning: C:/Users/biocbuild/bbs-3.10-bioc/tmpdir/Rtmp8MI0Mi/R.INSTALLcf829343f4/SplicingGraphs/man/plotTranscripts-methods.Rd:66: file link 'GRangesList' in package 'GenomicRanges' does not exist and so has been treated as a topic
Rd warning: C:/Users/biocbuild/bbs-3.10-bioc/tmpdir/Rtmp8MI0Mi/R.INSTALLcf829343f4/SplicingGraphs/man/plotTranscripts-methods.Rd:69: file link 'GAlignments' in package 'GenomicAlignments' does not exist and so has been treated as a topic
Rd warning: C:/Users/biocbuild/bbs-3.10-bioc/tmpdir/Rtmp8MI0Mi/R.INSTALLcf829343f4/SplicingGraphs/man/plotTranscripts-methods.Rd:70: file link 'GAlignmentPairs' in package 'GenomicAlignments' does not exist and so has been treated as a topic
Rd warning: C:/Users/biocbuild/bbs-3.10-bioc/tmpdir/Rtmp8MI0Mi/R.INSTALLcf829343f4/SplicingGraphs/man/plotTranscripts-methods.Rd:73: file link 'TxDb' in package 'GenomicFeatures' does not exist and so has been treated as a topic
rsgedgesByGene-methods html
Rd warning: C:/Users/biocbuild/bbs-3.10-bioc/tmpdir/Rtmp8MI0Mi/R.INSTALLcf829343f4/SplicingGraphs/man/rsgedgesByGene-methods.Rd:81: file link 'GRangesList' in package 'GenomicRanges' does not exist and so has been treated as a topic
sgedges-methods html
sgedgesByGene-methods html
Rd warning: C:/Users/biocbuild/bbs-3.10-bioc/tmpdir/Rtmp8MI0Mi/R.INSTALLcf829343f4/SplicingGraphs/man/sgedgesByGene-methods.Rd:21: file link 'GRangesList' in package 'GenomicRanges' does not exist and so has been treated as a topic
Rd warning: C:/Users/biocbuild/bbs-3.10-bioc/tmpdir/Rtmp8MI0Mi/R.INSTALLcf829343f4/SplicingGraphs/man/sgedgesByGene-methods.Rd:27: file link 'GRangesList' in package 'GenomicRanges' does not exist and so has been treated as a topic
Rd warning: C:/Users/biocbuild/bbs-3.10-bioc/tmpdir/Rtmp8MI0Mi/R.INSTALLcf829343f4/SplicingGraphs/man/sgedgesByGene-methods.Rd:63: file link 'GRangesList' in package 'GenomicRanges' does not exist and so has been treated as a topic
sgraph-methods html
toy_data html
Rd warning: C:/Users/biocbuild/bbs-3.10-bioc/tmpdir/Rtmp8MI0Mi/R.INSTALLcf829343f4/SplicingGraphs/man/toy_data.Rd:36: file link 'GRangesList' in package 'GenomicRanges' does not exist and so has been treated as a topic
Rd warning: C:/Users/biocbuild/bbs-3.10-bioc/tmpdir/Rtmp8MI0Mi/R.INSTALLcf829343f4/SplicingGraphs/man/toy_data.Rd:39: file link 'GAlignments' in package 'GenomicAlignments' does not exist and so has been treated as a topic
Rd warning: C:/Users/biocbuild/bbs-3.10-bioc/tmpdir/Rtmp8MI0Mi/R.INSTALLcf829343f4/SplicingGraphs/man/toy_data.Rd:40: file link 'GAlignmentPairs' in package 'GenomicAlignments' does not exist and so has been treated as a topic
Rd warning: C:/Users/biocbuild/bbs-3.10-bioc/tmpdir/Rtmp8MI0Mi/R.INSTALLcf829343f4/SplicingGraphs/man/toy_data.Rd:44: file link 'TxDb' in package 'GenomicFeatures' does not exist and so has been treated as a topic
txpath-methods html
Rd warning: C:/Users/biocbuild/bbs-3.10-bioc/tmpdir/Rtmp8MI0Mi/R.INSTALLcf829343f4/SplicingGraphs/man/txpath-methods.Rd:35: file link 'GRangesList' in package 'GenomicRanges' does not exist and so has been treated as a topic
Rd warning: C:/Users/biocbuild/bbs-3.10-bioc/tmpdir/Rtmp8MI0Mi/R.INSTALLcf829343f4/SplicingGraphs/man/txpath-methods.Rd:69: file link 'GRangesList' in package 'GenomicRanges' does not exist and so has been treated as a topic
Rd warning: C:/Users/biocbuild/bbs-3.10-bioc/tmpdir/Rtmp8MI0Mi/R.INSTALLcf829343f4/SplicingGraphs/man/txpath-methods.Rd:72: file link 'GAlignments' in package 'GenomicAlignments' does not exist and so has been treated as a topic
Rd warning: C:/Users/biocbuild/bbs-3.10-bioc/tmpdir/Rtmp8MI0Mi/R.INSTALLcf829343f4/SplicingGraphs/man/txpath-methods.Rd:73: file link 'GAlignmentPairs' in package 'GenomicAlignments' does not exist and so has been treated as a topic
Rd warning: C:/Users/biocbuild/bbs-3.10-bioc/tmpdir/Rtmp8MI0Mi/R.INSTALLcf829343f4/SplicingGraphs/man/txpath-methods.Rd:82: file link 'ScanBamParam' in package 'Rsamtools' does not exist and so has been treated as a topic
** building package indices
** installing vignettes
** testing if installed package can be loaded from temporary location
Warning: replacing previous import 'IRanges::from' by 'Rgraphviz::from' when loading 'SplicingGraphs'
Warning: replacing previous import 'IRanges::to' by 'Rgraphviz::to' when loading 'SplicingGraphs'
** testing if installed package can be loaded from final location
Warning: replacing previous import 'IRanges::from' by 'Rgraphviz::from' when loading 'SplicingGraphs'
Warning: replacing previous import 'IRanges::to' by 'Rgraphviz::to' when loading 'SplicingGraphs'
** testing if installed package keeps a record of temporary installation path
install for x64
* installing *source* package 'SplicingGraphs' ...
** testing if installed package can be loaded
Warning: replacing previous import 'IRanges::from' by 'Rgraphviz::from' when loading 'SplicingGraphs'
Warning: replacing previous import 'IRanges::to' by 'Rgraphviz::to' when loading 'SplicingGraphs'
* MD5 sums
packaged installation of 'SplicingGraphs' as SplicingGraphs_1.26.1.zip
* DONE (SplicingGraphs)
* installing to library 'C:/Users/biocbuild/bbs-3.10-bioc/R/library'
package 'SplicingGraphs' successfully unpacked and MD5 sums checked
|
SplicingGraphs.Rcheck/tests_i386/run_unitTests.Rout
R version 3.6.3 (2020-02-29) -- "Holding the Windsock"
Copyright (C) 2020 The R Foundation for Statistical Computing
Platform: i386-w64-mingw32/i386 (32-bit)
R is free software and comes with ABSOLUTELY NO WARRANTY.
You are welcome to redistribute it under certain conditions.
Type 'license()' or 'licence()' for distribution details.
R is a collaborative project with many contributors.
Type 'contributors()' for more information and
'citation()' on how to cite R or R packages in publications.
Type 'demo()' for some demos, 'help()' for on-line help, or
'help.start()' for an HTML browser interface to help.
Type 'q()' to quit R.
> require("SplicingGraphs") || stop("unable to load SplicingGraphs package")
Loading required package: SplicingGraphs
Loading required package: GenomicFeatures
Loading required package: BiocGenerics
Loading required package: parallel
Attaching package: 'BiocGenerics'
The following objects are masked from 'package:parallel':
clusterApply, clusterApplyLB, clusterCall, clusterEvalQ,
clusterExport, clusterMap, parApply, parCapply, parLapply,
parLapplyLB, parRapply, parSapply, parSapplyLB
The following objects are masked from 'package:stats':
IQR, mad, sd, var, xtabs
The following objects are masked from 'package:base':
Filter, Find, Map, Position, Reduce, anyDuplicated, append,
as.data.frame, basename, cbind, colnames, dirname, do.call,
duplicated, eval, evalq, get, grep, grepl, intersect, is.unsorted,
lapply, mapply, match, mget, order, paste, pmax, pmax.int, pmin,
pmin.int, rank, rbind, rownames, sapply, setdiff, sort, table,
tapply, union, unique, unsplit, which, which.max, which.min
Loading required package: S4Vectors
Loading required package: stats4
Attaching package: 'S4Vectors'
The following object is masked from 'package:base':
expand.grid
Loading required package: IRanges
Attaching package: 'IRanges'
The following object is masked from 'package:grDevices':
windows
Loading required package: GenomeInfoDb
Loading required package: GenomicRanges
Loading required package: AnnotationDbi
Loading required package: Biobase
Welcome to Bioconductor
Vignettes contain introductory material; view with
'browseVignettes()'. To cite Bioconductor, see
'citation("Biobase")', and for packages 'citation("pkgname")'.
Loading required package: GenomicAlignments
Loading required package: SummarizedExperiment
Loading required package: DelayedArray
Loading required package: matrixStats
Attaching package: 'matrixStats'
The following objects are masked from 'package:Biobase':
anyMissing, rowMedians
Loading required package: BiocParallel
Attaching package: 'DelayedArray'
The following objects are masked from 'package:matrixStats':
colMaxs, colMins, colRanges, rowMaxs, rowMins, rowRanges
The following objects are masked from 'package:base':
aperm, apply, rowsum
Loading required package: Biostrings
Loading required package: XVector
Attaching package: 'Biostrings'
The following object is masked from 'package:base':
strsplit
Loading required package: Rsamtools
Loading required package: Rgraphviz
Loading required package: graph
Attaching package: 'graph'
The following object is masked from 'package:Biostrings':
complement
Loading required package: grid
Attaching package: 'Rgraphviz'
The following objects are masked from 'package:IRanges':
from, to
The following objects are masked from 'package:S4Vectors':
from, to
[1] TRUE
Warning messages:
1: replacing previous import 'IRanges::from' by 'Rgraphviz::from' when loading 'SplicingGraphs'
2: replacing previous import 'IRanges::to' by 'Rgraphviz::to' when loading 'SplicingGraphs'
> SplicingGraphs:::.test()
Import genomic features from the file as a GRanges object ... OK
Prepare the 'metadata' data frame ... OK
Make the TxDb object ... OK
RUNIT TEST PROTOCOL -- Wed Apr 15 07:14:51 2020
***********************************************
Number of test functions: 1
Number of errors: 0
Number of failures: 0
1 Test Suite :
SplicingGraphs RUnit Tests - 1 test function, 0 errors, 0 failures
Number of test functions: 1
Number of errors: 0
Number of failures: 0
>
> proc.time()
user system elapsed
15.98 1.43 51.50
|
SplicingGraphs.Rcheck/tests_x64/run_unitTests.Rout
R version 3.6.3 (2020-02-29) -- "Holding the Windsock"
Copyright (C) 2020 The R Foundation for Statistical Computing
Platform: x86_64-w64-mingw32/x64 (64-bit)
R is free software and comes with ABSOLUTELY NO WARRANTY.
You are welcome to redistribute it under certain conditions.
Type 'license()' or 'licence()' for distribution details.
R is a collaborative project with many contributors.
Type 'contributors()' for more information and
'citation()' on how to cite R or R packages in publications.
Type 'demo()' for some demos, 'help()' for on-line help, or
'help.start()' for an HTML browser interface to help.
Type 'q()' to quit R.
> require("SplicingGraphs") || stop("unable to load SplicingGraphs package")
Loading required package: SplicingGraphs
Loading required package: GenomicFeatures
Loading required package: BiocGenerics
Loading required package: parallel
Attaching package: 'BiocGenerics'
The following objects are masked from 'package:parallel':
clusterApply, clusterApplyLB, clusterCall, clusterEvalQ,
clusterExport, clusterMap, parApply, parCapply, parLapply,
parLapplyLB, parRapply, parSapply, parSapplyLB
The following objects are masked from 'package:stats':
IQR, mad, sd, var, xtabs
The following objects are masked from 'package:base':
Filter, Find, Map, Position, Reduce, anyDuplicated, append,
as.data.frame, basename, cbind, colnames, dirname, do.call,
duplicated, eval, evalq, get, grep, grepl, intersect, is.unsorted,
lapply, mapply, match, mget, order, paste, pmax, pmax.int, pmin,
pmin.int, rank, rbind, rownames, sapply, setdiff, sort, table,
tapply, union, unique, unsplit, which, which.max, which.min
Loading required package: S4Vectors
Loading required package: stats4
Attaching package: 'S4Vectors'
The following object is masked from 'package:base':
expand.grid
Loading required package: IRanges
Attaching package: 'IRanges'
The following object is masked from 'package:grDevices':
windows
Loading required package: GenomeInfoDb
Loading required package: GenomicRanges
Loading required package: AnnotationDbi
Loading required package: Biobase
Welcome to Bioconductor
Vignettes contain introductory material; view with
'browseVignettes()'. To cite Bioconductor, see
'citation("Biobase")', and for packages 'citation("pkgname")'.
Loading required package: GenomicAlignments
Loading required package: SummarizedExperiment
Loading required package: DelayedArray
Loading required package: matrixStats
Attaching package: 'matrixStats'
The following objects are masked from 'package:Biobase':
anyMissing, rowMedians
Loading required package: BiocParallel
Attaching package: 'DelayedArray'
The following objects are masked from 'package:matrixStats':
colMaxs, colMins, colRanges, rowMaxs, rowMins, rowRanges
The following objects are masked from 'package:base':
aperm, apply, rowsum
Loading required package: Biostrings
Loading required package: XVector
Attaching package: 'Biostrings'
The following object is masked from 'package:base':
strsplit
Loading required package: Rsamtools
Loading required package: Rgraphviz
Loading required package: graph
Attaching package: 'graph'
The following object is masked from 'package:Biostrings':
complement
Loading required package: grid
Attaching package: 'Rgraphviz'
The following objects are masked from 'package:IRanges':
from, to
The following objects are masked from 'package:S4Vectors':
from, to
[1] TRUE
Warning messages:
1: replacing previous import 'IRanges::from' by 'Rgraphviz::from' when loading 'SplicingGraphs'
2: replacing previous import 'IRanges::to' by 'Rgraphviz::to' when loading 'SplicingGraphs'
> SplicingGraphs:::.test()
Import genomic features from the file as a GRanges object ... OK
Prepare the 'metadata' data frame ... OK
Make the TxDb object ... OK
RUNIT TEST PROTOCOL -- Wed Apr 15 07:15:36 2020
***********************************************
Number of test functions: 1
Number of errors: 0
Number of failures: 0
1 Test Suite :
SplicingGraphs RUnit Tests - 1 test function, 0 errors, 0 failures
Number of test functions: 1
Number of errors: 0
Number of failures: 0
>
> proc.time()
user system elapsed
15.87 0.81 44.25
|
|
SplicingGraphs.Rcheck/examples_i386/SplicingGraphs-Ex.timings
|
SplicingGraphs.Rcheck/examples_x64/SplicingGraphs-Ex.timings
|