| Back to Multiple platform build/check report for BioC 3.10 | 
  | 
This page was generated on 2020-04-15 12:32:38 -0400 (Wed, 15 Apr 2020).
| Package 1653/1823 | Hostname | OS / Arch | INSTALL | BUILD | CHECK | BUILD BIN | ||||||
| SQLDataFrame 1.0.0 Qian Liu 
  | malbec1 | Linux (Ubuntu 18.04.4 LTS) / x86_64 | OK | OK | WARNINGS | |||||||
| tokay1 | Windows Server 2012 R2 Standard / x64 | OK | OK | [ WARNINGS ] | OK | |||||||
| merida1 | OS X 10.11.6 El Capitan / x86_64 | OK | OK | WARNINGS | OK | 
| Package: SQLDataFrame | 
| Version: 1.0.0 | 
| Command: C:\Users\biocbuild\bbs-3.10-bioc\R\bin\R.exe CMD check --force-multiarch --install=check:SQLDataFrame.install-out.txt --library=C:\Users\biocbuild\bbs-3.10-bioc\R\library --no-vignettes --timings SQLDataFrame_1.0.0.tar.gz | 
| StartedAt: 2020-04-15 06:51:32 -0400 (Wed, 15 Apr 2020) | 
| EndedAt: 2020-04-15 06:53:30 -0400 (Wed, 15 Apr 2020) | 
| EllapsedTime: 118.0 seconds | 
| RetCode: 0 | 
| Status: WARNINGS | 
| CheckDir: SQLDataFrame.Rcheck | 
| Warnings: 1 | 
############################################################################## ############################################################################## ### ### Running command: ### ### C:\Users\biocbuild\bbs-3.10-bioc\R\bin\R.exe CMD check --force-multiarch --install=check:SQLDataFrame.install-out.txt --library=C:\Users\biocbuild\bbs-3.10-bioc\R\library --no-vignettes --timings SQLDataFrame_1.0.0.tar.gz ### ############################################################################## ############################################################################## * using log directory 'C:/Users/biocbuild/bbs-3.10-bioc/meat/SQLDataFrame.Rcheck' * using R version 3.6.3 (2020-02-29) * using platform: x86_64-w64-mingw32 (64-bit) * using session charset: ISO8859-1 * using option '--no-vignettes' * checking for file 'SQLDataFrame/DESCRIPTION' ... OK * this is package 'SQLDataFrame' version '1.0.0' * package encoding: UTF-8 * checking package namespace information ... OK * checking package dependencies ... OK * checking if this is a source package ... OK * checking if there is a namespace ... OK * checking for hidden files and directories ... OK * checking for portable file names ... OK * checking whether package 'SQLDataFrame' can be installed ... OK * checking installed package size ... OK * checking package directory ... OK * checking 'build' directory ... OK * checking DESCRIPTION meta-information ... OK * checking top-level files ... OK * checking for left-over files ... OK * checking index information ... OK * checking package subdirectories ... OK * checking R files for non-ASCII characters ... OK * checking R files for syntax errors ... OK * loading checks for arch 'i386' ** checking whether the package can be loaded ... OK ** checking whether the package can be loaded with stated dependencies ... OK ** checking whether the package can be unloaded cleanly ... OK ** checking whether the namespace can be loaded with stated dependencies ... OK ** checking whether the namespace can be unloaded cleanly ... OK * loading checks for arch 'x64' ** checking whether the package can be loaded ... OK ** checking whether the package can be loaded with stated dependencies ... OK ** checking whether the package can be unloaded cleanly ... OK ** checking whether the namespace can be loaded with stated dependencies ... OK ** checking whether the namespace can be unloaded cleanly ... OK * checking dependencies in R code ... WARNING '::' or ':::' import not declared from: 'tidyselect' Unexported objects imported by ':::' calls: 'BiocGenerics:::replaceSlots' 'dbplyr:::anti_join.tbl_lazy' 'dbplyr:::db_create_indexes.DBIConnection' 'dbplyr:::inner_join.tbl_lazy' 'dbplyr:::left_join.tbl_lazy' 'dbplyr:::semi_join.tbl_lazy' 'dbplyr:::sqlite_version' 'dbplyr:::union.tbl_lazy' 'dplyr:::random_table_name' See the note in ?`:::` about the use of this operator. * checking S3 generic/method consistency ... OK * checking replacement functions ... OK * checking foreign function calls ... OK * checking R code for possible problems ... NOTE .extract_tbl_rows_by_key: no visible binding for global variable 'SurrogateKey' .extract_tbl_rows_by_key: no visible binding for global variable 'concatKeys' .union_SQLDataFrame_sqlite: no visible binding for global variable 'localConn' filter.SQLDataFrame: no visible binding for global variable 'concat' Undefined global functions or variables: SurrogateKey concat concatKeys localConn * checking Rd files ... OK * checking Rd metadata ... OK * checking Rd cross-references ... OK * checking for missing documentation entries ... OK * checking for code/documentation mismatches ... OK * checking Rd \usage sections ... OK * checking Rd contents ... OK * checking for unstated dependencies in examples ... OK * checking files in 'vignettes' ... OK * checking examples ... ** running examples for arch 'i386' ... OK ** running examples for arch 'x64' ... OK * checking for unstated dependencies in 'tests' ... OK * checking tests ... ** running tests for arch 'i386' ... Running 'testthat.R' OK ** running tests for arch 'x64' ... Running 'testthat.R' OK * checking for unstated dependencies in vignettes ... OK * checking package vignettes in 'inst/doc' ... OK * checking running R code from vignettes ... SKIPPED * checking re-building of vignette outputs ... SKIPPED * checking PDF version of manual ... OK * DONE Status: 1 WARNING, 1 NOTE See 'C:/Users/biocbuild/bbs-3.10-bioc/meat/SQLDataFrame.Rcheck/00check.log' for details.
SQLDataFrame.Rcheck/00install.out
##############################################################################
##############################################################################
###
### Running command:
###
###   C:\cygwin\bin\curl.exe -O https://malbec1.bioconductor.org/BBS/3.10/bioc/src/contrib/SQLDataFrame_1.0.0.tar.gz && rm -rf SQLDataFrame.buildbin-libdir && mkdir SQLDataFrame.buildbin-libdir && C:\Users\biocbuild\bbs-3.10-bioc\R\bin\R.exe CMD INSTALL --merge-multiarch --build --library=SQLDataFrame.buildbin-libdir SQLDataFrame_1.0.0.tar.gz && C:\Users\biocbuild\bbs-3.10-bioc\R\bin\R.exe CMD INSTALL SQLDataFrame_1.0.0.zip && rm SQLDataFrame_1.0.0.tar.gz SQLDataFrame_1.0.0.zip
###
##############################################################################
##############################################################################
  % Total    % Received % Xferd  Average Speed   Time    Time     Time  Current
                                 Dload  Upload   Total   Spent    Left  Speed
  0     0    0     0    0     0      0      0 --:--:-- --:--:-- --:--:--     0
100 50253  100 50253    0     0  1250k      0 --:--:-- --:--:-- --:--:-- 1363k
install for i386
* installing *source* package 'SQLDataFrame' ...
** using staged installation
** R
** inst
** byte-compile and prepare package for lazy loading
** help
*** installing help indices
  converting help for package 'SQLDataFrame'
    finding HTML links ... done
    SQLDataFrame-class                      html  
    SQLDataFrame-methods                    html  
    joinSQLDataFrame                        html  
    makeSQLDataFrame                        html  
    rbindSQLDataFrame                       html  
    saveSQLDataFrame                        html  
    unionSQLDataFrame                       html  
** building package indices
** installing vignettes
** testing if installed package can be loaded from temporary location
** testing if installed package can be loaded from final location
** testing if installed package keeps a record of temporary installation path
install for x64
* installing *source* package 'SQLDataFrame' ...
** testing if installed package can be loaded
* MD5 sums
packaged installation of 'SQLDataFrame' as SQLDataFrame_1.0.0.zip
* DONE (SQLDataFrame)
* installing to library 'C:/Users/biocbuild/bbs-3.10-bioc/R/library'
package 'SQLDataFrame' successfully unpacked and MD5 sums checked
| 
 SQLDataFrame.Rcheck/tests_i386/testthat.Rout 
R version 3.6.3 (2020-02-29) -- "Holding the Windsock"
Copyright (C) 2020 The R Foundation for Statistical Computing
Platform: i386-w64-mingw32/i386 (32-bit)
R is free software and comes with ABSOLUTELY NO WARRANTY.
You are welcome to redistribute it under certain conditions.
Type 'license()' or 'licence()' for distribution details.
R is a collaborative project with many contributors.
Type 'contributors()' for more information and
'citation()' on how to cite R or R packages in publications.
Type 'demo()' for some demos, 'help()' for on-line help, or
'help.start()' for an HTML browser interface to help.
Type 'q()' to quit R.
> library(testthat)
> library(SQLDataFrame)
Loading required package: dplyr
Attaching package: 'dplyr'
The following object is masked from 'package:testthat':
    matches
The following objects are masked from 'package:stats':
    filter, lag
The following objects are masked from 'package:base':
    intersect, setdiff, setequal, union
Loading required package: dbplyr
Attaching package: 'dbplyr'
The following objects are masked from 'package:dplyr':
    ident, sql
Loading required package: S4Vectors
Loading required package: stats4
Loading required package: BiocGenerics
Loading required package: parallel
Attaching package: 'BiocGenerics'
The following objects are masked from 'package:parallel':
    clusterApply, clusterApplyLB, clusterCall, clusterEvalQ,
    clusterExport, clusterMap, parApply, parCapply, parLapply,
    parLapplyLB, parRapply, parSapply, parSapplyLB
The following objects are masked from 'package:dplyr':
    combine, intersect, setdiff, union
The following objects are masked from 'package:stats':
    IQR, mad, sd, var, xtabs
The following objects are masked from 'package:base':
    Filter, Find, Map, Position, Reduce, anyDuplicated, append,
    as.data.frame, basename, cbind, colnames, dirname, do.call,
    duplicated, eval, evalq, get, grep, grepl, intersect, is.unsorted,
    lapply, mapply, match, mget, order, paste, pmax, pmax.int, pmin,
    pmin.int, rank, rbind, rownames, sapply, setdiff, sort, table,
    tapply, union, unique, unsplit, which, which.max, which.min
Attaching package: 'S4Vectors'
The following objects are masked from 'package:dplyr':
    first, rename
The following object is masked from 'package:base':
    expand.grid
> 
> test_check("SQLDataFrame")
== testthat results  ===========================================================
[ OK: 174 | SKIPPED: 0 | WARNINGS: 0 | FAILED: 0 ]
Warning message:
call dbDisconnect() when finished working with a connection 
> 
> proc.time()
   user  system elapsed 
   9.23    0.57    9.82 
 | 
 SQLDataFrame.Rcheck/tests_x64/testthat.Rout 
R version 3.6.3 (2020-02-29) -- "Holding the Windsock"
Copyright (C) 2020 The R Foundation for Statistical Computing
Platform: x86_64-w64-mingw32/x64 (64-bit)
R is free software and comes with ABSOLUTELY NO WARRANTY.
You are welcome to redistribute it under certain conditions.
Type 'license()' or 'licence()' for distribution details.
R is a collaborative project with many contributors.
Type 'contributors()' for more information and
'citation()' on how to cite R or R packages in publications.
Type 'demo()' for some demos, 'help()' for on-line help, or
'help.start()' for an HTML browser interface to help.
Type 'q()' to quit R.
> library(testthat)
> library(SQLDataFrame)
Loading required package: dplyr
Attaching package: 'dplyr'
The following object is masked from 'package:testthat':
    matches
The following objects are masked from 'package:stats':
    filter, lag
The following objects are masked from 'package:base':
    intersect, setdiff, setequal, union
Loading required package: dbplyr
Attaching package: 'dbplyr'
The following objects are masked from 'package:dplyr':
    ident, sql
Loading required package: S4Vectors
Loading required package: stats4
Loading required package: BiocGenerics
Loading required package: parallel
Attaching package: 'BiocGenerics'
The following objects are masked from 'package:parallel':
    clusterApply, clusterApplyLB, clusterCall, clusterEvalQ,
    clusterExport, clusterMap, parApply, parCapply, parLapply,
    parLapplyLB, parRapply, parSapply, parSapplyLB
The following objects are masked from 'package:dplyr':
    combine, intersect, setdiff, union
The following objects are masked from 'package:stats':
    IQR, mad, sd, var, xtabs
The following objects are masked from 'package:base':
    Filter, Find, Map, Position, Reduce, anyDuplicated, append,
    as.data.frame, basename, cbind, colnames, dirname, do.call,
    duplicated, eval, evalq, get, grep, grepl, intersect, is.unsorted,
    lapply, mapply, match, mget, order, paste, pmax, pmax.int, pmin,
    pmin.int, rank, rbind, rownames, sapply, setdiff, sort, table,
    tapply, union, unique, unsplit, which, which.max, which.min
Attaching package: 'S4Vectors'
The following objects are masked from 'package:dplyr':
    first, rename
The following object is masked from 'package:base':
    expand.grid
> 
> test_check("SQLDataFrame")
== testthat results  ===========================================================
[ OK: 174 | SKIPPED: 0 | WARNINGS: 0 | FAILED: 0 ]
Warning message:
call dbDisconnect() when finished working with a connection 
> 
> proc.time()
   user  system elapsed 
  11.87    0.34   13.09 
 | 
| 
 SQLDataFrame.Rcheck/examples_i386/SQLDataFrame-Ex.timings 
  | 
 SQLDataFrame.Rcheck/examples_x64/SQLDataFrame-Ex.timings 
  |