| Back to Multiple platform build/check report for BioC 3.10 |
|
This page was generated on 2020-04-15 12:20:03 -0400 (Wed, 15 Apr 2020).
| Package 1159/1823 | Hostname | OS / Arch | INSTALL | BUILD | CHECK | BUILD BIN | ||||||
| NormqPCR 1.32.0 James Perkins
| malbec1 | Linux (Ubuntu 18.04.4 LTS) / x86_64 | OK | OK | OK | |||||||
| tokay1 | Windows Server 2012 R2 Standard / x64 | ERROR | OK | [ ERROR ] | ERROR | |||||||
| merida1 | OS X 10.11.6 El Capitan / x86_64 | OK | OK | WARNINGS | OK |
| Package: NormqPCR |
| Version: 1.32.0 |
| Command: C:\Users\biocbuild\bbs-3.10-bioc\R\bin\R.exe CMD check --force-multiarch --install=check:NormqPCR.install-out.txt --library=C:\Users\biocbuild\bbs-3.10-bioc\R\library --no-vignettes --timings NormqPCR_1.32.0.tar.gz |
| StartedAt: 2020-04-15 05:09:07 -0400 (Wed, 15 Apr 2020) |
| EndedAt: 2020-04-15 05:09:14 -0400 (Wed, 15 Apr 2020) |
| EllapsedTime: 6.9 seconds |
| RetCode: 1 |
| Status: ERROR |
| CheckDir: NormqPCR.Rcheck |
| Warnings: NA |
############################################################################## ############################################################################## ### ### Running command: ### ### C:\Users\biocbuild\bbs-3.10-bioc\R\bin\R.exe CMD check --force-multiarch --install=check:NormqPCR.install-out.txt --library=C:\Users\biocbuild\bbs-3.10-bioc\R\library --no-vignettes --timings NormqPCR_1.32.0.tar.gz ### ############################################################################## ############################################################################## * using log directory 'C:/Users/biocbuild/bbs-3.10-bioc/meat/NormqPCR.Rcheck' * using R version 3.6.3 (2020-02-29) * using platform: x86_64-w64-mingw32 (64-bit) * using session charset: ISO8859-1 * using option '--no-vignettes' * checking for file 'NormqPCR/DESCRIPTION' ... OK * this is package 'NormqPCR' version '1.32.0' * checking package namespace information ... OK * checking package dependencies ... OK * checking if this is a source package ... OK * checking if there is a namespace ... OK * checking for hidden files and directories ... OK * checking for portable file names ... OK * checking whether package 'NormqPCR' can be installed ... ERROR Installation failed. See 'C:/Users/biocbuild/bbs-3.10-bioc/meat/NormqPCR.Rcheck/00install.out' for details. * DONE Status: 1 ERROR See 'C:/Users/biocbuild/bbs-3.10-bioc/meat/NormqPCR.Rcheck/00check.log' for details.
NormqPCR.Rcheck/00install.out
##############################################################################
##############################################################################
###
### Running command:
###
### C:\cygwin\bin\curl.exe -O https://malbec1.bioconductor.org/BBS/3.10/bioc/src/contrib/NormqPCR_1.32.0.tar.gz && rm -rf NormqPCR.buildbin-libdir && mkdir NormqPCR.buildbin-libdir && C:\Users\biocbuild\bbs-3.10-bioc\R\bin\R.exe CMD INSTALL --merge-multiarch --build --library=NormqPCR.buildbin-libdir NormqPCR_1.32.0.tar.gz && C:\Users\biocbuild\bbs-3.10-bioc\R\bin\R.exe CMD INSTALL NormqPCR_1.32.0.zip && rm NormqPCR_1.32.0.tar.gz NormqPCR_1.32.0.zip
###
##############################################################################
##############################################################################
% Total % Received % Xferd Average Speed Time Time Time Current
Dload Upload Total Spent Left Speed
0 0 0 0 0 0 0 0 --:--:-- --:--:-- --:--:-- 0
100 310k 100 310k 0 0 1059k 0 --:--:-- --:--:-- --:--:-- 1071k
install for i386
* installing *source* package 'NormqPCR' ...
** using staged installation
** R
** data
*** moving datasets to lazyload DB
** inst
** byte-compile and prepare package for lazy loading
Error: package 'rgl' is not installed for 'arch = i386'
Execution halted
ERROR: lazy loading failed for package 'NormqPCR'
* removing 'C:/Users/biocbuild/bbs-3.10-bioc/meat/NormqPCR.buildbin-libdir/NormqPCR'