| Back to Multiple platform build/check report for BioC 3.10 |
|
This page was generated on 2020-04-15 12:19:46 -0400 (Wed, 15 Apr 2020).
| Package 1101/1823 | Hostname | OS / Arch | INSTALL | BUILD | CHECK | BUILD BIN | ||||||
| MSnbase 2.12.0 Laurent Gatto
| malbec1 | Linux (Ubuntu 18.04.4 LTS) / x86_64 | OK | OK | OK | |||||||
| tokay1 | Windows Server 2012 R2 Standard / x64 | OK | OK | [ TIMEOUT ] | OK | |||||||
| merida1 | OS X 10.11.6 El Capitan / x86_64 | OK | OK | OK | OK |
| Package: MSnbase |
| Version: 2.12.0 |
| Command: C:\Users\biocbuild\bbs-3.10-bioc\R\bin\R.exe CMD check --force-multiarch --install=check:MSnbase.install-out.txt --library=C:\Users\biocbuild\bbs-3.10-bioc\R\library --no-vignettes --timings MSnbase_2.12.0.tar.gz |
| StartedAt: 2020-04-15 04:57:41 -0400 (Wed, 15 Apr 2020) |
| EndedAt: 2020-04-15 05:37:41 -0400 (Wed, 15 Apr 2020) |
| EllapsedTime: 2400.4 seconds |
| RetCode: None |
| Status: TIMEOUT |
| CheckDir: MSnbase.Rcheck |
| Warnings: NA |
##############################################################################
##############################################################################
###
### Running command:
###
### C:\Users\biocbuild\bbs-3.10-bioc\R\bin\R.exe CMD check --force-multiarch --install=check:MSnbase.install-out.txt --library=C:\Users\biocbuild\bbs-3.10-bioc\R\library --no-vignettes --timings MSnbase_2.12.0.tar.gz
###
##############################################################################
##############################################################################
* using log directory 'C:/Users/biocbuild/bbs-3.10-bioc/meat/MSnbase.Rcheck'
* using R version 3.6.3 (2020-02-29)
* using platform: x86_64-w64-mingw32 (64-bit)
* using session charset: ISO8859-1
* using option '--no-vignettes'
* checking for file 'MSnbase/DESCRIPTION' ... OK
* this is package 'MSnbase' version '2.12.0'
* checking package namespace information ... OK
* checking package dependencies ... OK
* checking if this is a source package ... OK
* checking if there is a namespace ... OK
* checking for hidden files and directories ... OK
* checking for portable file names ... OK
* checking whether package 'MSnbase' can be installed ... WARNING
Found the following significant warnings:
Rd warning: C:/Users/biocbuild/bbs-3.10-bioc/tmpdir/RtmpOGezGG/R.INSTALL1af052344f5b/MSnbase/man/MSnExp-class.Rd:252: file link 'isolationWindow' in package 'mzR' does not exist and so has been treated as a topic
Rd warning: C:/Users/biocbuild/bbs-3.10-bioc/tmpdir/RtmpOGezGG/R.INSTALL1af052344f5b/MSnbase/man/MSnSet-class.Rd:510: file link 'write.exprs' in package 'MSnbase' does not exist and so has been treated as a topic
Rd warning: C:/Users/biocbuild/bbs-3.10-bioc/tmpdir/RtmpOGezGG/R.INSTALL1af052344f5b/MSnbase/man/OnDiskMSnExp-class.Rd:509: file link 'normalize' in package 'MSnbase' does not exist and so has been treated as a topic
Rd warning: C:/Users/biocbuild/bbs-3.10-bioc/tmpdir/RtmpOGezGG/R.INSTALL1af052344f5b/MSnbase/man/chromatogram-MSnExp-method.Rd:70: file link 'Chromatogram' in package 'MSnbase' does not exist and so has been treated as a topic
Rd warning: C:/Users/biocbuild/bbs-3.10-bioc/tmpdir/RtmpOGezGG/R.INSTALL1af052344f5b/MSnbase/man/combineFeatures.Rd:44: file link 'NTR' in package 'MSnbase' does not exist and so has been treated as a topic
Rd warning: C:/Users/biocbuild/bbs-3.10-bioc/tmpdir/RtmpOGezGG/R.INSTALL1af052344f5b/MSnbase/man/combineFeatures.Rd:151: file link 'NTR' in package 'MSnbase' does not exist and so has been treated as a topic
Rd warning: C:/Users/biocbuild/bbs-3.10-bioc/tmpdir/RtmpOGezGG/R.INSTALL1af052344f5b/MSnbase/man/estimateNoise-method.Rd:45: file link 'estimateNoise' in package 'MALDIquant' does not exist and so has been treated as a topic
See 'C:/Users/biocbuild/bbs-3.10-bioc/meat/MSnbase.Rcheck/00install.out' for details.
* checking installed package size ... NOTE
installed size is 7.2Mb
sub-directories of 1Mb or more:
R 1.8Mb
data 1.9Mb
libs 1.5Mb
* checking package directory ... OK
* checking 'build' directory ... OK
* checking DESCRIPTION meta-information ... NOTE
Authors@R field gives more than one person with maintainer role:
Laurent Gatto <laurent.gatto@uclouvain.be> [aut, cre] (<https://orcid.org/0000-0002-1520-2268>)
Johannes Rainer <Johannes.Rainer@eurac.edu> [aut, cre] (<https://orcid.org/0000-0002-6977-7147>)
Sebastian Gibb <mail@sebastiangibb.de> [aut, cre]
* checking top-level files ... OK
* checking for left-over files ... OK
* checking index information ... OK
* checking package subdirectories ... OK
* checking R files for non-ASCII characters ... OK
* checking R files for syntax errors ... OK
* loading checks for arch 'i386'
** checking whether the package can be loaded ... OK
** checking whether the package can be loaded with stated dependencies ... OK
** checking whether the package can be unloaded cleanly ... OK
** checking whether the namespace can be loaded with stated dependencies ... OK
** checking whether the namespace can be unloaded cleanly ... OK
* loading checks for arch 'x64'
** checking whether the package can be loaded ... OK
** checking whether the package can be loaded with stated dependencies ... OK
** checking whether the package can be unloaded cleanly ... OK
** checking whether the namespace can be loaded with stated dependencies ... OK
** checking whether the namespace can be unloaded cleanly ... OK
* checking dependencies in R code ... NOTE
Unexported objects imported by ':::' calls:
'Biobase:::.showAnnotatedDataFrame' 'MALDIquant:::.estimateNoise'
'MALDIquant:::.localMaxima' 'MALDIquant:::.movingAverage'
'MALDIquant:::.savitzkyGolay'
'S4Vectors:::makeClassinfoRowForCompactPrinting'
'S4Vectors:::makePrettyMatrixForCompactPrinting'
'mzR:::.hasChromatograms' 'mzR:::.hasSpectra'
See the note in ?`:::` about the use of this operator.
* checking S3 generic/method consistency ... OK
* checking replacement functions ... OK
* checking foreign function calls ... OK
* checking R code for possible problems ... OK
* checking Rd files ... OK
* checking Rd metadata ... OK
* checking Rd cross-references ... OK
* checking for missing documentation entries ... OK
* checking for code/documentation mismatches ... OK
* checking Rd \usage sections ... OK
* checking Rd contents ... OK
* checking for unstated dependencies in examples ... OK
* checking contents of 'data' directory ... OK
* checking data for non-ASCII characters ... OK
* checking data for ASCII and uncompressed saves ... OK
* checking line endings in C/C++/Fortran sources/headers ... OK
* checking compiled code ... NOTE
Note: information on .o files for i386 is not available
Note: information on .o files for x64 is not available
File 'C:/Users/biocbuild/bbs-3.10-bioc/R/library/MSnbase/libs/i386/MSnbase.dll':
Found 'abort', possibly from 'abort' (C), 'runtime' (Fortran)
Found 'exit', possibly from 'exit' (C), 'stop' (Fortran)
Found 'printf', possibly from 'printf' (C)
File 'C:/Users/biocbuild/bbs-3.10-bioc/R/library/MSnbase/libs/x64/MSnbase.dll':
Found 'abort', possibly from 'abort' (C), 'runtime' (Fortran)
Found 'exit', possibly from 'exit' (C), 'stop' (Fortran)
Found 'printf', possibly from 'printf' (C)
Compiled code should not call entry points which might terminate R nor
write to stdout/stderr instead of to the console, nor use Fortran I/O
nor system RNGs. The detected symbols are linked into the code but
might come from libraries and not actually be called.
See 'Writing portable packages' in the 'Writing R Extensions' manual.
* checking files in 'vignettes' ... OK
* checking examples ...
** running examples for arch 'i386' ... OK
Examples with CPU or elapsed time > 5s
user system elapsed
estimateMzScattering 18.23 0.14 18.88
chromatogram-MSnExp-method 10.04 0.41 38.59
MSnSet-class 8.25 0.33 8.61
OnDiskMSnExp-class 7.26 0.52 11.94
estimateMzResolution 6.66 0.54 8.73
readMzTabData 6.06 0.03 6.19
averageMSnSet 4.94 0.28 6.19
MzTab-class 4.21 0.06 6.11
combineSpectra 3.17 0.08 73.91
quantify-methods 2.25 0.00 13.24
navMS 1.94 0.03 14.68
** running examples for arch 'x64' ... OK
Examples with CPU or elapsed time > 5s
user system elapsed
estimateMzScattering 20.84 0.10 20.94
MSnSet-class 13.61 0.22 13.84
chromatogram-MSnExp-method 12.49 0.54 39.09
OnDiskMSnExp-class 10.05 0.20 10.25
readMzTabData 5.87 0.01 6.07
estimateMzResolution 5.34 0.45 5.73
aggvar 5.72 0.02 5.74
averageMSnSet 5.01 0.25 5.54
quantify-methods 2.35 0.02 13.05
* checking for unstated dependencies in 'tests' ... OK
* checking tests ...
** running tests for arch 'i386' ...
Running 'testthat.R'
OK
** running tests for arch 'x64' ...
Running 'testthat.R'
MSnbase.Rcheck/00install.out
##############################################################################
##############################################################################
###
### Running command:
###
### C:\cygwin\bin\curl.exe -O https://malbec1.bioconductor.org/BBS/3.10/bioc/src/contrib/MSnbase_2.12.0.tar.gz && rm -rf MSnbase.buildbin-libdir && mkdir MSnbase.buildbin-libdir && C:\Users\biocbuild\bbs-3.10-bioc\R\bin\R.exe CMD INSTALL --merge-multiarch --build --library=MSnbase.buildbin-libdir MSnbase_2.12.0.tar.gz && C:\Users\biocbuild\bbs-3.10-bioc\R\bin\R.exe CMD INSTALL MSnbase_2.12.0.zip && rm MSnbase_2.12.0.tar.gz MSnbase_2.12.0.zip
###
##############################################################################
##############################################################################
% Total % Received % Xferd Average Speed Time Time Time Current
Dload Upload Total Spent Left Speed
0 0 0 0 0 0 0 0 --:--:-- --:--:-- --:--:-- 0
100 1779k 100 1779k 0 0 30.4M 0 --:--:-- --:--:-- --:--:-- 32.7M
install for i386
* installing *source* package 'MSnbase' ...
** using staged installation
** libs
C:/Rtools/mingw_32/bin/g++ -std=gnu++11 -I"C:/Users/BIOCBU~1/BBS-3~1.10-/R/include" -DNDEBUG -I"C:/Users/biocbuild/bbs-3.10-bioc/R/library/Rcpp/include" -I"C:/extsoft/include" -O2 -Wall -mtune=core2 -c RcppExports.cpp -o RcppExports.o
C:/Rtools/mingw_32/bin/gcc -I"C:/Users/BIOCBU~1/BBS-3~1.10-/R/include" -DNDEBUG -I"C:/Users/biocbuild/bbs-3.10-bioc/R/library/Rcpp/include" -I"C:/extsoft/include" -O3 -Wall -std=gnu99 -mtune=core2 -c Spectrum1_class.c -o Spectrum1_class.o
Spectrum1_class.c:8:13: warning: '_new_Spectrum1' defined but not used [-Wunused-function]
static SEXP _new_Spectrum1(SEXP msLevel, SEXP peaksCount, SEXP rt,
^
C:/Rtools/mingw_32/bin/gcc -I"C:/Users/BIOCBU~1/BBS-3~1.10-/R/include" -DNDEBUG -I"C:/Users/biocbuild/bbs-3.10-bioc/R/library/Rcpp/include" -I"C:/extsoft/include" -O3 -Wall -std=gnu99 -mtune=core2 -c Spectrum2_class.c -o Spectrum2_class.o
Spectrum2_class.c:9:13: warning: '_new_Spectrum2' defined but not used [-Wunused-function]
static SEXP _new_Spectrum2(SEXP msLevel, SEXP peaksCount, SEXP rt,
^
C:/Rtools/mingw_32/bin/g++ -std=gnu++11 -I"C:/Users/BIOCBU~1/BBS-3~1.10-/R/include" -DNDEBUG -I"C:/Users/biocbuild/bbs-3.10-bioc/R/library/Rcpp/include" -I"C:/extsoft/include" -O2 -Wall -mtune=core2 -c imp_neighbour_avg.cpp -o imp_neighbour_avg.o
C:/Rtools/mingw_32/bin/gcc -I"C:/Users/BIOCBU~1/BBS-3~1.10-/R/include" -DNDEBUG -I"C:/Users/biocbuild/bbs-3.10-bioc/R/library/Rcpp/include" -I"C:/extsoft/include" -O3 -Wall -std=gnu99 -mtune=core2 -c utils.c -o utils.o
utils.c: In function 'compar_double_dd_for_stable_asc_order':
utils.c:92:15: warning: unused variable 'ret' [-Wunused-variable]
int i1, i2, ret;
^
utils.c: In function 'compar_double_dd_for_stable_desc_order':
utils.c:107:15: warning: unused variable 'ret' [-Wunused-variable]
int i1, i2, ret;
^
utils.c: In function 'compar_double_asc_order':
utils.c:123:18: warning: unused variable 'ret' [-Wunused-variable]
double d1, d2, ret;
^
utils.c: In function 'compar_double_desc_order':
utils.c:133:18: warning: unused variable 'ret' [-Wunused-variable]
double d1, d2, ret;
^
utils.c: At top level:
utils.c:121:12: warning: 'compar_double_asc_order' defined but not used [-Wunused-function]
static int compar_double_asc_order(const void *p1, const void *p2)
^
utils.c:131:12: warning: 'compar_double_desc_order' defined but not used [-Wunused-function]
static int compar_double_desc_order(const void *p1, const void *p2)
^
C:/Rtools/mingw_32/bin/g++ -std=gnu++11 -shared -s -static-libgcc -o MSnbase.dll tmp.def RcppExports.o Spectrum1_class.o Spectrum2_class.o imp_neighbour_avg.o utils.o -LC:/extsoft/lib/i386 -LC:/extsoft/lib -LC:/Users/BIOCBU~1/BBS-3~1.10-/R/bin/i386 -lR
installing to C:/Users/biocbuild/bbs-3.10-bioc/meat/MSnbase.buildbin-libdir/00LOCK-MSnbase/00new/MSnbase/libs/i386
** R
** data
*** moving datasets to lazyload DB
Creating a new generic function for 'trimws' in package 'MSnbase'
in method for 'coerce' with signature '"MSnSet","SummarizedExperiment"': no definition for class "SummarizedExperiment"
in method for 'coerce' with signature '"SummarizedExperiment","MSnSet"': no definition for class "SummarizedExperiment"
in method for 'coerce' with signature '"IBSpectra","MSnSet"': no definition for class "IBSpectra"
** inst
** byte-compile and prepare package for lazy loading
Creating a new generic function for 'trimws' in package 'MSnbase'
in method for 'coerce' with signature '"MSnSet","SummarizedExperiment"': no definition for class "SummarizedExperiment"
in method for 'coerce' with signature '"SummarizedExperiment","MSnSet"': no definition for class "SummarizedExperiment"
in method for 'coerce' with signature '"IBSpectra","MSnSet"': no definition for class "IBSpectra"
** help
*** installing help indices
converting help for package 'MSnbase'
finding HTML links ... done
Chromatogram-class html
Chromatograms-class html
FeatComp-class html
FeaturesOfInterest-class html
finding level-2 HTML links ... done
MIAPE-class html
MSmap-class html
MSnExp-class html
Rd warning: C:/Users/biocbuild/bbs-3.10-bioc/tmpdir/RtmpOGezGG/R.INSTALL1af052344f5b/MSnbase/man/MSnExp-class.Rd:252: file link 'isolationWindow' in package 'mzR' does not exist and so has been treated as a topic
MSnProcess-class html
MSnSet-class html
Rd warning: C:/Users/biocbuild/bbs-3.10-bioc/tmpdir/RtmpOGezGG/R.INSTALL1af052344f5b/MSnbase/man/MSnSet-class.Rd:510: file link 'write.exprs' in package 'MSnbase' does not exist and so has been treated as a topic
MSnSetList-class html
MSnbaseOptions html
MzTab-class html
OnDiskMSnExp-class html
Rd warning: C:/Users/biocbuild/bbs-3.10-bioc/tmpdir/RtmpOGezGG/R.INSTALL1af052344f5b/MSnbase/man/OnDiskMSnExp-class.Rd:509: file link 'normalize' in package 'MSnbase' does not exist and so has been treated as a topic
ProcessingStep-class html
ReporterIons-class html
Spectra html
Spectrum-class html
Spectrum1-class html
Spectrum2-class html
TMT6 html
addIdentificationData-methods html
aggvar html
averageMSnSet html
bin-methods html
calculateFragments-methods html
chromatogram-MSnExp-method html
Rd warning: C:/Users/biocbuild/bbs-3.10-bioc/tmpdir/RtmpOGezGG/R.INSTALL1af052344f5b/MSnbase/man/chromatogram-MSnExp-method.Rd:70: file link 'Chromatogram' in package 'MSnbase' does not exist and so has been treated as a topic
clean-methods html
combineFeatures html
Rd warning: C:/Users/biocbuild/bbs-3.10-bioc/tmpdir/RtmpOGezGG/R.INSTALL1af052344f5b/MSnbase/man/combineFeatures.Rd:44: file link 'NTR' in package 'MSnbase' does not exist and so has been treated as a topic
Rd warning: C:/Users/biocbuild/bbs-3.10-bioc/tmpdir/RtmpOGezGG/R.INSTALL1af052344f5b/MSnbase/man/combineFeatures.Rd:151: file link 'NTR' in package 'MSnbase' does not exist and so has been treated as a topic
combineSpectra html
combineSpectraMovingWindow html
commonFeatureNames html
compareMSnSets html
compareSpectra-methods html
consensusSpectrum html
defunct html
estimateMzResolution html
estimateMzScattering html
estimateNoise-method html
Rd warning: C:/Users/biocbuild/bbs-3.10-bioc/tmpdir/RtmpOGezGG/R.INSTALL1af052344f5b/MSnbase/man/estimateNoise-method.Rd:45: file link 'estimateNoise' in package 'MALDIquant' does not exist and so has been treated as a topic
exprsToRatios-methods html
extractPrecSpectra-methods html
fData-utils html
factorsAsStrings html
featureCV html
fillUp html
filterIdentificationDataFrame html
formatRt html
get.amino.acids html
get.atomic.mass html
getVariableName html
grepEcols html
hasSpectraOrChromatograms html
iPQF html
iTRAQ4 html
imageNA2 html
impute-methods html
isCentroidedFromFile html
itraqdata html
listOf html
makeCamelCase html
makeNaData html
meanMzInts html
missing-data html
mzRident2dfr html
nFeatures html
nQuants html
naplot html
navMS html
normToReference html
normalise-methods html
npcv html
pSet-class html
pickPeaks-method html
plot-methods html
plot2d-methods html
plotDensity-methods html
plotMzDelta-methods html
plotNA-methods html
plotSpectrumSpectrum-methods html
precSelection html
purityCorrect-methods html
quantify-methods html
readMSData html
readMSnSet html
readMgfData html
readMzIdData html
readMzTabData html
readMzTabData_v0.9 html
readSRMData html
reduce-data.frame-method html
removeNoId-methods html
removePeaks-methods html
removeReporters-methods html
selectFeatureData html
smooth-methods html
trimMz-methods html
updateObject-methods html
writeMSData html
writeMgfData-methods html
** building package indices
** installing vignettes
** testing if installed package can be loaded from temporary location
** testing if installed package can be loaded from final location
** testing if installed package keeps a record of temporary installation path
install for x64
* installing *source* package 'MSnbase' ...
** libs
C:/Rtools/mingw_64/bin/g++ -std=gnu++11 -I"C:/Users/BIOCBU~1/BBS-3~1.10-/R/include" -DNDEBUG -I"C:/Users/biocbuild/bbs-3.10-bioc/R/library/Rcpp/include" -I"C:/extsoft/include" -O2 -Wall -mtune=core2 -c RcppExports.cpp -o RcppExports.o
C:/Rtools/mingw_64/bin/gcc -I"C:/Users/BIOCBU~1/BBS-3~1.10-/R/include" -DNDEBUG -I"C:/Users/biocbuild/bbs-3.10-bioc/R/library/Rcpp/include" -I"C:/extsoft/include" -O2 -Wall -std=gnu99 -mtune=core2 -c Spectrum1_class.c -o Spectrum1_class.o
Spectrum1_class.c:8:13: warning: '_new_Spectrum1' defined but not used [-Wunused-function]
static SEXP _new_Spectrum1(SEXP msLevel, SEXP peaksCount, SEXP rt,
^
C:/Rtools/mingw_64/bin/gcc -I"C:/Users/BIOCBU~1/BBS-3~1.10-/R/include" -DNDEBUG -I"C:/Users/biocbuild/bbs-3.10-bioc/R/library/Rcpp/include" -I"C:/extsoft/include" -O2 -Wall -std=gnu99 -mtune=core2 -c Spectrum2_class.c -o Spectrum2_class.o
Spectrum2_class.c:9:13: warning: '_new_Spectrum2' defined but not used [-Wunused-function]
static SEXP _new_Spectrum2(SEXP msLevel, SEXP peaksCount, SEXP rt,
^
C:/Rtools/mingw_64/bin/g++ -std=gnu++11 -I"C:/Users/BIOCBU~1/BBS-3~1.10-/R/include" -DNDEBUG -I"C:/Users/biocbuild/bbs-3.10-bioc/R/library/Rcpp/include" -I"C:/extsoft/include" -O2 -Wall -mtune=core2 -c imp_neighbour_avg.cpp -o imp_neighbour_avg.o
C:/Rtools/mingw_64/bin/gcc -I"C:/Users/BIOCBU~1/BBS-3~1.10-/R/include" -DNDEBUG -I"C:/Users/biocbuild/bbs-3.10-bioc/R/library/Rcpp/include" -I"C:/extsoft/include" -O2 -Wall -std=gnu99 -mtune=core2 -c utils.c -o utils.o
utils.c: In function 'compar_double_dd_for_stable_asc_order':
utils.c:92:15: warning: unused variable 'ret' [-Wunused-variable]
int i1, i2, ret;
^
utils.c: In function 'compar_double_dd_for_stable_desc_order':
utils.c:107:15: warning: unused variable 'ret' [-Wunused-variable]
int i1, i2, ret;
^
utils.c: In function 'compar_double_asc_order':
utils.c:123:18: warning: unused variable 'ret' [-Wunused-variable]
double d1, d2, ret;
^
utils.c: In function 'compar_double_desc_order':
utils.c:133:18: warning: unused variable 'ret' [-Wunused-variable]
double d1, d2, ret;
^
utils.c: At top level:
utils.c:121:12: warning: 'compar_double_asc_order' defined but not used [-Wunused-function]
static int compar_double_asc_order(const void *p1, const void *p2)
^
utils.c:131:12: warning: 'compar_double_desc_order' defined but not used [-Wunused-function]
static int compar_double_desc_order(const void *p1, const void *p2)
^
C:/Rtools/mingw_64/bin/g++ -std=gnu++11 -shared -s -static-libgcc -o MSnbase.dll tmp.def RcppExports.o Spectrum1_class.o Spectrum2_class.o imp_neighbour_avg.o utils.o -LC:/extsoft/lib/x64 -LC:/extsoft/lib -LC:/Users/BIOCBU~1/BBS-3~1.10-/R/bin/x64 -lR
installing to C:/Users/biocbuild/bbs-3.10-bioc/meat/MSnbase.buildbin-libdir/MSnbase/libs/x64
** testing if installed package can be loaded
* MD5 sums
packaged installation of 'MSnbase' as MSnbase_2.12.0.zip
* DONE (MSnbase)
* installing to library 'C:/Users/biocbuild/bbs-3.10-bioc/R/library'
package 'MSnbase' successfully unpacked and MD5 sums checked
|
MSnbase.Rcheck/tests_i386/testthat.Rout
R version 3.6.3 (2020-02-29) -- "Holding the Windsock"
Copyright (C) 2020 The R Foundation for Statistical Computing
Platform: i386-w64-mingw32/i386 (32-bit)
R is free software and comes with ABSOLUTELY NO WARRANTY.
You are welcome to redistribute it under certain conditions.
Type 'license()' or 'licence()' for distribution details.
R is a collaborative project with many contributors.
Type 'contributors()' for more information and
'citation()' on how to cite R or R packages in publications.
Type 'demo()' for some demos, 'help()' for on-line help, or
'help.start()' for an HTML browser interface to help.
Type 'q()' to quit R.
> # setting R_TESTS to empty string because of
> # https://github.com/hadley/testthat/issues/144
> # revert this when that issue in R is fixed.
> Sys.setenv("R_TESTS" = "")
> library("testthat")
> library("MSnbase")
Loading required package: BiocGenerics
Loading required package: parallel
Attaching package: 'BiocGenerics'
The following objects are masked from 'package:parallel':
clusterApply, clusterApplyLB, clusterCall, clusterEvalQ,
clusterExport, clusterMap, parApply, parCapply, parLapply,
parLapplyLB, parRapply, parSapply, parSapplyLB
The following objects are masked from 'package:stats':
IQR, mad, sd, var, xtabs
The following objects are masked from 'package:base':
Filter, Find, Map, Position, Reduce, anyDuplicated, append,
as.data.frame, basename, cbind, colnames, dirname, do.call,
duplicated, eval, evalq, get, grep, grepl, intersect, is.unsorted,
lapply, mapply, match, mget, order, paste, pmax, pmax.int, pmin,
pmin.int, rank, rbind, rownames, sapply, setdiff, sort, table,
tapply, union, unique, unsplit, which, which.max, which.min
Loading required package: Biobase
Welcome to Bioconductor
Vignettes contain introductory material; view with
'browseVignettes()'. To cite Bioconductor, see
'citation("Biobase")', and for packages 'citation("pkgname")'.
Loading required package: mzR
Loading required package: Rcpp
Loading required package: S4Vectors
Loading required package: stats4
Attaching package: 'S4Vectors'
The following object is masked from 'package:base':
expand.grid
Loading required package: ProtGenerics
Attaching package: 'ProtGenerics'
The following object is masked from 'package:stats':
smooth
This is MSnbase version 2.12.0
Visit https://lgatto.github.io/MSnbase/ to get started.
Attaching package: 'MSnbase'
The following object is masked from 'package:base':
trimws
> setMSnbaseVerbose(FALSE)
> ## register(SerialParam()) ## see issue 205
>
> ## Erwinia
> f <- msdata::proteomics(full.names = TRUE,
+ pattern = "TMT_Erwinia_1uLSike_Top10HCD_isol2_45stepped_60min_01.mzML.gz")
> tmt_erwinia_in_mem_ms1 <- readMSData(f, msLevel = 1)
> tmt_erwinia_in_mem_ms2 <- readMSData(f, msLevel = 2)
> tmt_erwinia_on_disk <- readMSData(f, mode = "onDisk")
> tmt_erwinia_on_disk_ms1 <- readMSData(f, msLevel = 1, mode = "onDisk")
> tmt_erwinia_on_disk_ms2 <- readMSData(f, msLevel = 2, mode = "onDisk")
> ## subset by rt
> tmt_im_ms1_sub <- filterRt(tmt_erwinia_in_mem_ms1, c(1200, 1250))
> tmt_im_ms2_sub <- filterRt(tmt_erwinia_in_mem_ms2, c(1200, 1250))
> tmt_od_sub <- filterRt(tmt_erwinia_on_disk, c(1200, 1250))
> tmt_od_ms1_sub <- filterRt(tmt_erwinia_on_disk_ms1, c(1200, 1250))
> tmt_od_ms2_sub <- filterRt(tmt_erwinia_on_disk_ms2, c(1200, 1250))
>
> ## microtofq
> f <- c(system.file("microtofq/MM14.mzML", package = "msdata"),
+ system.file("microtofq/MM8.mzML", package = "msdata"))
> microtofq_in_mem_ms1 <- readMSData(f, msLevel = 1)
> microtofq_on_disk_ms1 <- readMSData(f, msLevel = 1, mode = "onDisk")
> microtofq_on_disk <- readMSData(f, mode = "onDisk")
>
> ## extdata mzML
> f <- dir(system.file(package = "MSnbase", dir = "extdata"),
+ full.name = TRUE, pattern = "mzXML$")
> extdata_mzXML_in_mem_ms2 <- readMSData(f, verbose = FALSE, centroided. = FALSE)
> extdata_mzXML_on_disk <- readMSData(f, centroided. = FALSE, mode = "onDisk")
> extdata_mzXML_on_disk_ms2 <- readMSData(f, msLevel = 2, centroided. = FALSE, mode = "onDisk")
>
> sf <- dir(system.file("sciex", package = "msdata"), full.names = TRUE)
> sciex <- readMSData(sf, mode = "onDisk")
>
> test_check("MSnbase")
Experiment data
Experimenter name: Laurent Gatto
Laboratory: Cambridge Centre for Proteomics (CCP)
Contact information: Laurent Gatto
Contact email: lg390@cam.ac.uk
Title: Example 'MSnExp' data set
URL:
PMIDs:
No abstract available.
Instrument :
Model: test (1)
Manufacturer:
Customisations:
Use 'msInfo(object)' for more MIAPE-MS information.
Experiment data
Experimenter name: Laurent Gatto
Laboratory: Cambridge Centre for Proteomics (CCP)
Contact information: Laurent Gatto
Contact email: lg390@cam.ac.uk
Title: Example 'MSnExp' data set
URL:
PMIDs:
No abstract available.
notes:
Note1:
First note
MIAPE-MS information:
1. General features:
Date stamp:
Contact: Laurent Gatto
Name: Laurent Gatto
Laboratory: Cambridge Centre for Proteomics (CCP)
Instument model: test
Manufacturer:
Customisations:
Software:
Version:
Switching:
Param file:
2. Ion source
Source:
Source details:
3. Post-source componentry
Analyzer:
Analyzer details:
Collision gas:
Pressure: bars
Energy:
Detector type:
Sensitivity:
Object of class "MSmap"
Map [75, 401]
[1] Retention time: 30:1 - 34:58
[2] M/Z: 521 - 523 (res 0.005)
Object of class "MSmap"
Map [401, 75]
[1] M/Z: 521 - 523 (res 0.005)
[2] Retention time: 30:1 - 34:58
Object of class "MzTab".
Description: mzTab example file for reporting a summary report of
quantification data quantified on the protein level
Mode: Complete
Type: Quantification
Available data: Proteins PSMs
Instance of class 'MSnSetList' containig 3 objects.
MSn experiment data ("OnDiskMSnExp")
Object size in memory: 0.22 Mb
- - - Spectra data - - -
MS level(s): 1 2
Number of spectra: 509
MSn retention times: 18:28 - 22:3 minutes
- - - Processing information - - -
Data loaded [Wed Apr 15 05:09:01 2020]
MSnbase version: 2.12.0
- - - Meta data - - -
phenoData
rowNames:
TMT_Erwinia_1uLSike_Top10HCD_isol2_45stepped_60min_01.mzML.gz
varLabels: sampleNames
varMetadata: labelDescription
Loaded from:
TMT_Erwinia_1uLSike_Top10HCD_isol2_45stepped_60min_01.mzML.gz
protocolData: none
featureData
featureNames: F1.S001 F1.S002 ... F1.S509 (509 total)
fvarLabels: fileIdx spIdx ... spectrum (35 total)
fvarMetadata: labelDescription
experimentData: use 'experimentData(object)'
Error in x$.self$finalize() : attempt to apply non-function
Error in x$.self$finalize() : attempt to apply non-function
Object of class "ReporterIons"
TMT10HCD: '10-plex TMT HCD' with 10 reporter ions
- [126] 126.1277 +/- 0.002 (#8DD3C7)
- [127N] 127.1248 +/- 0.002 (#FFFFB3)
- [127C] 127.1311 +/- 0.002 (#BEBADA)
- [128N] 128.1281 +/- 0.002 (#FB8072)
- [128C] 128.1344 +/- 0.002 (#80B1D3)
- [129N] 129.1315 +/- 0.002 (#FDB462)
- [129C] 129.1378 +/- 0.002 (#B3DE69)
- [130N] 130.1348 +/- 0.002 (#FCCDE5)
- [130C] 130.1411 +/- 0.002 (#D9D9D9)
- [131] 131.1382 +/- 0.002 (#BC80BD)
Object of class "Spectrum1"
Retention time: 0:0
MSn level: 1
Total ion count: 684
Polarity: 1
MSn experiment data ("MSnExp")
Object size in memory: 0.17 Mb
- - - Spectra data - - -
MS level(s): 2
Number of spectra: 5
MSn retention times: 25:1 - 25:2 minutes
- - - Processing information - - -
Data loaded: Wed Apr 15 05:19:58 2020
MSnbase version: 2.12.0
- - - Meta data - - -
phenoData
rowNames: dummyiTRAQ.mzXML
varLabels: sampleNames
varMetadata: labelDescription
Loaded from:
dummyiTRAQ.mzXML
protocolData: none
featureData
featureNames: F1.S1 F1.S2 ... F1.S5 (5 total)
fvarLabels: spectrum
fvarMetadata: labelDescription
experimentData: use 'experimentData(object)'
MSn experiment data ("MSnExp")
Object size in memory: 0.19 Mb
- - - Spectra data - - -
MS level(s): 2
Number of spectra: 5
MSn retention times: 25:1 - 25:2 minutes
- - - Processing information - - -
Data loaded: Wed Apr 15 05:19:59 2020
MSnbase version: 2.12.0
- - - Meta data - - -
phenoData
rowNames: dummyiTRAQ.mzXML
varLabels: sampleNames
varMetadata: labelDescription
Loaded from:
dummyiTRAQ.mzXML
protocolData: none
featureData
featureNames: F1.S1 F1.S2 ... F1.S5 (5 total)
fvarLabels: spectrum
fvarMetadata: labelDescription
experimentData: use 'experimentData(object)'
Object of class "FeaturesOfInterest"
Created on Wed Apr 15 05:20:23 2020
Description:
small foi
3 features of interest:
P20353, P53501, Q7KU78
Traceable object of class "FeaturesOfInterest"
Created on Wed Apr 15 05:20:23 2020
Description:
my description
10 features of interest:
P20353, P53501 ... Q9VCK0, Q9VIU7
A collection of 1 features of interest.
A collection of 10 features of interest.
Spectra with 3 spectra and 1 metadata column(s):
msLevel rtime peaksCount | id
1 2 NA 3 | 1
2 2 1.23245 4 | 2
3 1 1.23245 5 | 3
Spectra with 3 spectra and 1 metadata column(s):
msLevel rtime peaksCount | id
<integer> <numeric> <integer> | <integer>
1 2 NA 3 | 1
2 2 1.23245 4 | 2
3 1 1.23245 5 | 3
Spectra with 3 spectra and 1 metadata column(s):
msLevel rtime peaksCount | id
<integer> <numeric> <integer> | <integer>
1 2 NA 3 | 1
2 2 1.23245 4 | 2
3 1 1.23245 5 | 3
reading dummyiTRAQ.mzid... DONE!
Iterations of EM:
1...2...3...4...5...6...7...8...9...10...11...
[1] 0.07947339
== testthat results ===========================================================
[ OK: 2239 | SKIPPED: 9 | WARNINGS: 1082 | FAILED: 0 ]
>
> proc.time()
user system elapsed
486.46 49.76 963.04
|
MSnbase.Rcheck/tests_x64/testthat.Rout
R version 3.6.3 (2020-02-29) -- "Holding the Windsock"
Copyright (C) 2020 The R Foundation for Statistical Computing
Platform: x86_64-w64-mingw32/x64 (64-bit)
R is free software and comes with ABSOLUTELY NO WARRANTY.
You are welcome to redistribute it under certain conditions.
Type 'license()' or 'licence()' for distribution details.
R is a collaborative project with many contributors.
Type 'contributors()' for more information and
'citation()' on how to cite R or R packages in publications.
Type 'demo()' for some demos, 'help()' for on-line help, or
'help.start()' for an HTML browser interface to help.
Type 'q()' to quit R.
> # setting R_TESTS to empty string because of
> # https://github.com/hadley/testthat/issues/144
> # revert this when that issue in R is fixed.
> Sys.setenv("R_TESTS" = "")
> library("testthat")
> library("MSnbase")
Loading required package: BiocGenerics
Loading required package: parallel
Attaching package: 'BiocGenerics'
The following objects are masked from 'package:parallel':
clusterApply, clusterApplyLB, clusterCall, clusterEvalQ,
clusterExport, clusterMap, parApply, parCapply, parLapply,
parLapplyLB, parRapply, parSapply, parSapplyLB
The following objects are masked from 'package:stats':
IQR, mad, sd, var, xtabs
The following objects are masked from 'package:base':
Filter, Find, Map, Position, Reduce, anyDuplicated, append,
as.data.frame, basename, cbind, colnames, dirname, do.call,
duplicated, eval, evalq, get, grep, grepl, intersect, is.unsorted,
lapply, mapply, match, mget, order, paste, pmax, pmax.int, pmin,
pmin.int, rank, rbind, rownames, sapply, setdiff, sort, table,
tapply, union, unique, unsplit, which, which.max, which.min
Loading required package: Biobase
Welcome to Bioconductor
Vignettes contain introductory material; view with
'browseVignettes()'. To cite Bioconductor, see
'citation("Biobase")', and for packages 'citation("pkgname")'.
Loading required package: mzR
Loading required package: Rcpp
Loading required package: S4Vectors
Loading required package: stats4
Attaching package: 'S4Vectors'
The following object is masked from 'package:base':
expand.grid
Loading required package: ProtGenerics
Attaching package: 'ProtGenerics'
The following object is masked from 'package:stats':
smooth
This is MSnbase version 2.12.0
Visit https://lgatto.github.io/MSnbase/ to get started.
Attaching package: 'MSnbase'
The following object is masked from 'package:base':
trimws
> setMSnbaseVerbose(FALSE)
> ## register(SerialParam()) ## see issue 205
>
> ## Erwinia
> f <- msdata::proteomics(full.names = TRUE,
+ pattern = "TMT_Erwinia_1uLSike_Top10HCD_isol2_45stepped_60min_01.mzML.gz")
> tmt_erwinia_in_mem_ms1 <- readMSData(f, msLevel = 1)
Error in x$.self$finalize() : attempt to apply non-function
Error in (function (x) : attempt to apply non-function
> tmt_erwinia_in_mem_ms2 <- readMSData(f, msLevel = 2)
> tmt_erwinia_on_disk <- readMSData(f, mode = "onDisk")
> tmt_erwinia_on_disk_ms1 <- readMSData(f, msLevel = 1, mode = "onDisk")
> tmt_erwinia_on_disk_ms2 <- readMSData(f, msLevel = 2, mode = "onDisk")
> ## subset by rt
> tmt_im_ms1_sub <- filterRt(tmt_erwinia_in_mem_ms1, c(1200, 1250))
> tmt_im_ms2_sub <- filterRt(tmt_erwinia_in_mem_ms2, c(1200, 1250))
> tmt_od_sub <- filterRt(tmt_erwinia_on_disk, c(1200, 1250))
> tmt_od_ms1_sub <- filterRt(tmt_erwinia_on_disk_ms1, c(1200, 1250))
> tmt_od_ms2_sub <- filterRt(tmt_erwinia_on_disk_ms2, c(1200, 1250))
>
> ## microtofq
> f <- c(system.file("microtofq/MM14.mzML", package = "msdata"),
+ system.file("microtofq/MM8.mzML", package = "msdata"))
> microtofq_in_mem_ms1 <- readMSData(f, msLevel = 1)
> microtofq_on_disk_ms1 <- readMSData(f, msLevel = 1, mode = "onDisk")
> microtofq_on_disk <- readMSData(f, mode = "onDisk")
>
> ## extdata mzML
> f <- dir(system.file(package = "MSnbase", dir = "extdata"),
+ full.name = TRUE, pattern = "mzXML$")
> extdata_mzXML_in_mem_ms2 <- readMSData(f, verbose = FALSE, centroided. = FALSE)
> extdata_mzXML_on_disk <- readMSData(f, centroided. = FALSE, mode = "onDisk")
> extdata_mzXML_on_disk_ms2 <- readMSData(f, msLevel = 2, centroided. = FALSE, mode = "onDisk")
>
> sf <- dir(system.file("sciex", package = "msdata"), full.names = TRUE)
> sciex <- readMSData(sf, mode = "onDisk")
>
> test_check("MSnbase")
Experiment data
Experimenter name: Laurent Gatto
Laboratory: Cambridge Centre for Proteomics (CCP)
Contact information: Laurent Gatto
Contact email: lg390@cam.ac.uk
Title: Example 'MSnExp' data set
URL:
PMIDs:
No abstract available.
Instrument :
Model: test (1)
Manufacturer:
Customisations:
Use 'msInfo(object)' for more MIAPE-MS information.
Experiment data
Experimenter name: Laurent Gatto
Laboratory: Cambridge Centre for Proteomics (CCP)
Contact information: Laurent Gatto
Contact email: lg390@cam.ac.uk
Title: Example 'MSnExp' data set
URL:
PMIDs:
No abstract available.
notes:
Note1:
First note
MIAPE-MS information:
1. General features:
Date stamp:
Contact: Laurent Gatto
Name: Laurent Gatto
Laboratory: Cambridge Centre for Proteomics (CCP)
Instument model: test
Manufacturer:
Customisations:
Software:
Version:
Switching:
Param file:
2. Ion source
Source:
Source details:
3. Post-source componentry
Analyzer:
Analyzer details:
Collision gas:
Pressure: bars
Energy:
Detector type:
Sensitivity:
Object of class "MSmap"
Map [75, 401]
[1] Retention time: 30:1 - 34:58
[2] M/Z: 521 - 523 (res 0.005)
Object of class "MSmap"
Map [401, 75]
[1] M/Z: 521 - 523 (res 0.005)
[2] Retention time: 30:1 - 34:58
Object of class "MzTab".
Description: mzTab example file for reporting a summary report of
quantification data quantified on the protein level
Mode: Complete
Type: Quantification
Available data: Proteins PSMs
Instance of class 'MSnSetList' containig 3 objects.
MSn experiment data ("OnDiskMSnExp")
Object size in memory: 0.26 Mb
- - - Spectra data - - -
MS level(s): 1 2
Number of spectra: 509
MSn retention times: 18:28 - 22:3 minutes
- - - Processing information - - -
Data loaded [Wed Apr 15 05:25:10 2020]
MSnbase version: 2.12.0
- - - Meta data - - -
phenoData
rowNames:
TMT_Erwinia_1uLSike_Top10HCD_isol2_45stepped_60min_01.mzML.gz
varLabels: sampleNames
varMetadata: labelDescription
Loaded from:
TMT_Erwinia_1uLSike_Top10HCD_isol2_45stepped_60min_01.mzML.gz
protocolData: none
featureData
featureNames: F1.S001 F1.S002 ... F1.S509 (509 total)
fvarLabels: fileIdx spIdx ... spectrum (35 total)
fvarMetadata: labelDescription
experimentData: use 'experimentData(object)'
Object of class "ReporterIons"
TMT10HCD: '10-plex TMT HCD' with 10 reporter ions
- [126] 126.1277 +/- 0.002 (#8DD3C7)
- [127N] 127.1248 +/- 0.002 (#FFFFB3)
- [127C] 127.1311 +/- 0.002 (#BEBADA)
- [128N] 128.1281 +/- 0.002 (#FB8072)
- [128C] 128.1344 +/- 0.002 (#80B1D3)
- [129N] 129.1315 +/- 0.002 (#FDB462)
- [129C] 129.1378 +/- 0.002 (#B3DE69)
- [130N] 130.1348 +/- 0.002 (#FCCDE5)
- [130C] 130.1411 +/- 0.002 (#D9D9D9)
- [131] 131.1382 +/- 0.002 (#BC80BD)
Object of class "Spectrum1"
Retention time: 0:0
MSn level: 1
Total ion count: 684
Polarity: 1
MSn experiment data ("MSnExp")
Object size in memory: 0.18 Mb
- - - Spectra data - - -
MS level(s): 2
Number of spectra: 5
MSn retention times: 25:1 - 25:2 minutes
- - - Processing information - - -
Data loaded: Wed Apr 15 05:35:14 2020
MSnbase version: 2.12.0
- - - Meta data - - -
phenoData
rowNames: dummyiTRAQ.mzXML
varLabels: sampleNames
varMetadata: labelDescription
Loaded from:
dummyiTRAQ.mzXML
protocolData: none
featureData
featureNames: F1.S1 F1.S2 ... F1.S5 (5 total)
fvarLabels: spectrum
fvarMetadata: labelDescription
experimentData: use 'experimentData(object)'
MSn experiment data ("MSnExp")
Object size in memory: 0.21 Mb
- - - Spectra data - - -
MS level(s): 2
Number of spectra: 5
MSn retention times: 25:1 - 25:2 minutes
- - - Processing information - - -
Data loaded: Wed Apr 15 05:35:15 2020
MSnbase version: 2.12.0
- - - Meta data - - -
phenoData
rowNames: dummyiTRAQ.mzXML
varLabels: sampleNames
varMetadata: labelDescription
Loaded from:
dummyiTRAQ.mzXML
protocolData: none
featureData
featureNames: F1.S1 F1.S2 ... F1.S5 (5 total)
fvarLabels: spectrum
fvarMetadata: labelDescription
experimentData: use 'experimentData(object)'
Object of class "FeaturesOfInterest"
Created on Wed Apr 15 05:35:37 2020
Description:
small foi
3 features of interest:
P20353, P53501, Q7KU78
Traceable object of class "FeaturesOfInterest"
Created on Wed Apr 15 05:35:37 2020
Description:
my description
10 features of interest:
P20353, P53501 ... Q9VCK0, Q9VIU7
A collection of 1 features of interest.
A collection of 10 features of interest.
Spectra with 3 spectra and 1 metadata column(s):
msLevel rtime peaksCount | id
1 2 NA 3 | 1
2 2 1.23245 4 | 2
3 1 1.23245 5 | 3
Spectra with 3 spectra and 1 metadata column(s):
msLevel rtime peaksCount | id
<integer> <numeric> <integer> | <integer>
1 2 NA 3 | 1
2 2 1.23245 4 | 2
3 1 1.23245 5 | 3
Spectra with 3 spectra and 1 metadata column(s):
msLevel rtime peaksCount | id
<integer> <numeric> <integer> | <integer>
1 2 NA 3 | 1
2 2 1.23245 4 | 2
3 1 1.23245 5 | 3
reading dummyiTRAQ.mzid... DONE!
Iterations of EM:
1...2...3...4...5...6...7...8...9...10...11...
[1] 0.07947339
|
|
MSnbase.Rcheck/examples_i386/MSnbase-Ex.timings
|
MSnbase.Rcheck/examples_x64/MSnbase-Ex.timings
|