| Back to Multiple platform build/check report for BioC 3.10 |
|
This page was generated on 2020-04-15 12:30:42 -0400 (Wed, 15 Apr 2020).
| Package 717/1823 | Hostname | OS / Arch | INSTALL | BUILD | CHECK | BUILD BIN | ||||||
| GMRP 1.14.0 Yuan-De Tan
| malbec1 | Linux (Ubuntu 18.04.4 LTS) / x86_64 | OK | OK | WARNINGS | |||||||
| tokay1 | Windows Server 2012 R2 Standard / x64 | OK | OK | [ WARNINGS ] | OK | |||||||
| merida1 | OS X 10.11.6 El Capitan / x86_64 | OK | OK | WARNINGS | OK |
| Package: GMRP |
| Version: 1.14.0 |
| Command: C:\Users\biocbuild\bbs-3.10-bioc\R\bin\R.exe CMD check --force-multiarch --install=check:GMRP.install-out.txt --library=C:\Users\biocbuild\bbs-3.10-bioc\R\library --no-vignettes --timings GMRP_1.14.0.tar.gz |
| StartedAt: 2020-04-15 03:35:45 -0400 (Wed, 15 Apr 2020) |
| EndedAt: 2020-04-15 03:37:25 -0400 (Wed, 15 Apr 2020) |
| EllapsedTime: 100.2 seconds |
| RetCode: 0 |
| Status: WARNINGS |
| CheckDir: GMRP.Rcheck |
| Warnings: 1 |
############################################################################## ############################################################################## ### ### Running command: ### ### C:\Users\biocbuild\bbs-3.10-bioc\R\bin\R.exe CMD check --force-multiarch --install=check:GMRP.install-out.txt --library=C:\Users\biocbuild\bbs-3.10-bioc\R\library --no-vignettes --timings GMRP_1.14.0.tar.gz ### ############################################################################## ############################################################################## * using log directory 'C:/Users/biocbuild/bbs-3.10-bioc/meat/GMRP.Rcheck' * using R version 3.6.3 (2020-02-29) * using platform: x86_64-w64-mingw32 (64-bit) * using session charset: ISO8859-1 * using option '--no-vignettes' * checking for file 'GMRP/DESCRIPTION' ... OK * checking extension type ... Package * this is package 'GMRP' version '1.14.0' * checking package namespace information ... OK * checking package dependencies ... OK * checking if this is a source package ... OK * checking if there is a namespace ... OK * checking for hidden files and directories ... OK * checking for portable file names ... OK * checking whether package 'GMRP' can be installed ... WARNING Found the following significant warnings: Warning: Package 'GMRP' is deprecated and will be removed from Bioconductor Warning: replacing previous import 'grDevices::windows' by 'GenomicRanges::windows' when loading 'GMRP' See 'C:/Users/biocbuild/bbs-3.10-bioc/meat/GMRP.Rcheck/00install.out' for details. * checking installed package size ... OK * checking package directory ... OK * checking 'build' directory ... OK * checking DESCRIPTION meta-information ... OK * checking top-level files ... OK * checking for left-over files ... OK * checking index information ... OK * checking package subdirectories ... OK * checking R files for non-ASCII characters ... OK * checking R files for syntax errors ... OK * loading checks for arch 'i386' ** checking whether the package can be loaded ... OK ** checking whether the package can be loaded with stated dependencies ... OK ** checking whether the package can be unloaded cleanly ... OK ** checking whether the namespace can be loaded with stated dependencies ... OK ** checking whether the namespace can be unloaded cleanly ... OK * loading checks for arch 'x64' ** checking whether the package can be loaded ... OK ** checking whether the package can be loaded with stated dependencies ... OK ** checking whether the package can be unloaded cleanly ... OK ** checking whether the namespace can be loaded with stated dependencies ... OK ** checking whether the namespace can be unloaded cleanly ... OK * checking dependencies in R code ... OK * checking S3 generic/method consistency ... OK * checking replacement functions ... OK * checking foreign function calls ... OK * checking R code for possible problems ... OK * checking Rd files ... OK * checking Rd metadata ... OK * checking Rd cross-references ... OK * checking for missing documentation entries ... OK * checking for code/documentation mismatches ... OK * checking Rd \usage sections ... OK * checking Rd contents ... OK * checking for unstated dependencies in examples ... OK * checking contents of 'data' directory ... OK * checking data for non-ASCII characters ... OK * checking data for ASCII and uncompressed saves ... OK * checking installed files from 'inst/doc' ... OK * checking files in 'vignettes' ... OK * checking examples ... ** running examples for arch 'i386' ... OK ** running examples for arch 'x64' ... OK * checking for unstated dependencies in vignettes ... OK * checking package vignettes in 'inst/doc' ... OK * checking running R code from vignettes ... SKIPPED * checking re-building of vignette outputs ... SKIPPED * checking PDF version of manual ... OK * DONE Status: 1 WARNING See 'C:/Users/biocbuild/bbs-3.10-bioc/meat/GMRP.Rcheck/00check.log' for details.
GMRP.Rcheck/00install.out
##############################################################################
##############################################################################
###
### Running command:
###
### C:\cygwin\bin\curl.exe -O https://malbec1.bioconductor.org/BBS/3.10/bioc/src/contrib/GMRP_1.14.0.tar.gz && rm -rf GMRP.buildbin-libdir && mkdir GMRP.buildbin-libdir && C:\Users\biocbuild\bbs-3.10-bioc\R\bin\R.exe CMD INSTALL --merge-multiarch --build --library=GMRP.buildbin-libdir GMRP_1.14.0.tar.gz && C:\Users\biocbuild\bbs-3.10-bioc\R\bin\R.exe CMD INSTALL GMRP_1.14.0.zip && rm GMRP_1.14.0.tar.gz GMRP_1.14.0.zip
###
##############################################################################
##############################################################################
% Total % Received % Xferd Average Speed Time Time Time Current
Dload Upload Total Spent Left Speed
0 0 0 0 0 0 0 0 --:--:-- --:--:-- --:--:-- 0
100 373k 100 373k 0 0 7743k 0 --:--:-- --:--:-- --:--:-- 8490k
install for i386
* installing *source* package 'GMRP' ...
** using staged installation
** R
** data
** inst
** byte-compile and prepare package for lazy loading
Warning: replacing previous import 'grDevices::windows' by 'GenomicRanges::windows' when loading 'GMRP'
** help
*** installing help indices
converting help for package 'GMRP'
finding HTML links ... done
GMRP-package html
SNP358.data html
SNP368annot.data html
beta.data html
cad.data html
chrp html
fmerge html
lpd.data html
mktable html
path html
pathdiagram html
pathdiagram2 html
snpPositAnnot html
ucscannot html
** building package indices
** installing vignettes
'GMRP.Rnw'
** testing if installed package can be loaded from temporary location
Warning: replacing previous import 'grDevices::windows' by 'GenomicRanges::windows' when loading 'GMRP'
Warning: Package 'GMRP' is deprecated and will be removed from Bioconductor
version 3.7
** testing if installed package can be loaded from final location
Warning: replacing previous import 'grDevices::windows' by 'GenomicRanges::windows' when loading 'GMRP'
Warning: Package 'GMRP' is deprecated and will be removed from Bioconductor
version 3.7
** testing if installed package keeps a record of temporary installation path
install for x64
* installing *source* package 'GMRP' ...
** testing if installed package can be loaded
Warning: replacing previous import 'grDevices::windows' by 'GenomicRanges::windows' when loading 'GMRP'
Warning: Package 'GMRP' is deprecated and will be removed from Bioconductor
version 3.7
* MD5 sums
packaged installation of 'GMRP' as GMRP_1.14.0.zip
* DONE (GMRP)
* installing to library 'C:/Users/biocbuild/bbs-3.10-bioc/R/library'
package 'GMRP' successfully unpacked and MD5 sums checked
|
GMRP.Rcheck/examples_i386/GMRP-Ex.timings
|
GMRP.Rcheck/examples_x64/GMRP-Ex.timings
|