| Back to Multiple platform build/check report for BioC 3.10 |
|
This page was generated on 2020-04-15 12:13:41 -0400 (Wed, 15 Apr 2020).
| Package 390/1823 | Hostname | OS / Arch | INSTALL | BUILD | CHECK | BUILD BIN | ||||||
| CTDquerier 1.6.0 Carles Hernandez-Ferrer
| malbec1 | Linux (Ubuntu 18.04.4 LTS) / x86_64 | OK | OK | [ ERROR ] | |||||||
| tokay1 | Windows Server 2012 R2 Standard / x64 | OK | OK | ERROR | OK | |||||||
| merida1 | OS X 10.11.6 El Capitan / x86_64 | OK | OK | ERROR | OK |
| Package: CTDquerier |
| Version: 1.6.0 |
| Command: /home/biocbuild/bbs-3.10-bioc/R/bin/R CMD check --install=check:CTDquerier.install-out.txt --library=/home/biocbuild/bbs-3.10-bioc/R/library --no-vignettes --timings CTDquerier_1.6.0.tar.gz |
| StartedAt: 2020-04-15 05:24:02 -0400 (Wed, 15 Apr 2020) |
| EndedAt: 2020-04-15 05:26:46 -0400 (Wed, 15 Apr 2020) |
| EllapsedTime: 164.3 seconds |
| RetCode: 1 |
| Status: ERROR |
| CheckDir: CTDquerier.Rcheck |
| Warnings: NA |
##############################################################################
##############################################################################
###
### Running command:
###
### /home/biocbuild/bbs-3.10-bioc/R/bin/R CMD check --install=check:CTDquerier.install-out.txt --library=/home/biocbuild/bbs-3.10-bioc/R/library --no-vignettes --timings CTDquerier_1.6.0.tar.gz
###
##############################################################################
##############################################################################
* using log directory ‘/home/biocbuild/bbs-3.10-bioc/meat/CTDquerier.Rcheck’
* using R version 3.6.3 (2020-02-29)
* using platform: x86_64-pc-linux-gnu (64-bit)
* using session charset: UTF-8
* using option ‘--no-vignettes’
* checking for file ‘CTDquerier/DESCRIPTION’ ... OK
* this is package ‘CTDquerier’ version ‘1.6.0’
* package encoding: UTF-8
* checking package namespace information ... OK
* checking package dependencies ... OK
* checking if this is a source package ... OK
* checking if there is a namespace ... OK
* checking for hidden files and directories ... OK
* checking for portable file names ... OK
* checking for sufficient/correct file permissions ... OK
* checking whether package ‘CTDquerier’ can be installed ... OK
* checking installed package size ... NOTE
installed size is 8.5Mb
sub-directories of 1Mb or more:
data 4.1Mb
extdata 4.1Mb
* checking package directory ... OK
* checking ‘build’ directory ... OK
* checking DESCRIPTION meta-information ... OK
* checking top-level files ... OK
* checking for left-over files ... OK
* checking index information ... OK
* checking package subdirectories ... OK
* checking R files for non-ASCII characters ... OK
* checking R files for syntax errors ... OK
* checking whether the package can be loaded ... OK
* checking whether the package can be loaded with stated dependencies ... OK
* checking whether the package can be unloaded cleanly ... OK
* checking whether the namespace can be loaded with stated dependencies ... OK
* checking whether the namespace can be unloaded cleanly ... OK
* checking dependencies in R code ... OK
* checking S3 generic/method consistency ... OK
* checking replacement functions ... OK
* checking foreign function calls ... OK
* checking R code for possible problems ... OK
* checking Rd files ... OK
* checking Rd metadata ... OK
* checking Rd cross-references ... OK
* checking for missing documentation entries ... OK
* checking for code/documentation mismatches ... WARNING
S4 class codoc mismatches from documentation object 'CTDdata':
Slots for class 'CTDdata'
Code: chemicals_interactions diseases gene_gene_interactions
gene_interactions go kegg losts terms timestamp type
Docs: chemicals_interactions diseases gene_gene_interactions
gene_interactions go kegg losts terms type
* checking Rd \usage sections ... WARNING
Documented arguments not in \usage in documentation object 'download_ctd_chem':
‘filename’ ‘mode’
Documented arguments not in \usage in documentation object 'download_ctd_dise':
‘filename’ ‘mode’
Functions with \usage entries need to have the appropriate \alias
entries, and all their arguments documented.
The \usage entries must correspond to syntactically valid R code.
See chapter ‘Writing R documentation files’ in the ‘Writing R
Extensions’ manual.
* checking Rd contents ... OK
* checking for unstated dependencies in examples ... OK
* checking contents of ‘data’ directory ... OK
* checking data for non-ASCII characters ... NOTE
Note: found 176 marked UTF-8 strings
* checking data for ASCII and uncompressed saves ... OK
* checking files in ‘vignettes’ ... OK
* checking examples ... OK
Examples with CPU or elapsed time > 5s
user system elapsed
load_ctd_gene 11.888 0.120 12.189
query_ctd_gene 10.088 0.116 16.405
query_ctd_chem 8.332 0.048 21.743
load_ctd_chem 5.752 0.088 5.896
query_ctd_dise 2.016 0.004 47.112
* checking for unstated dependencies in vignettes ... OK
* checking package vignettes in ‘inst/doc’ ... OK
* checking running R code from vignettes ... SKIPPED
* checking re-building of vignette outputs ... SKIPPED
* checking PDF version of manual ... WARNING
LaTeX errors when creating PDF version.
This typically indicates Rd problems.
LaTeX errors found:
! LaTeX Error: There's no line here to end.
See the LaTeX manual or LaTeX Companion for explanation.
Type H <return> for immediate help.
...
* checking PDF version of manual without hyperrefs or index ... ERROR
* DONE
Status: 1 ERROR, 3 WARNINGs, 2 NOTEs
See
‘/home/biocbuild/bbs-3.10-bioc/meat/CTDquerier.Rcheck/00check.log’
for details.
CTDquerier.Rcheck/00install.out
############################################################################## ############################################################################## ### ### Running command: ### ### /home/biocbuild/bbs-3.10-bioc/R/bin/R CMD INSTALL CTDquerier ### ############################################################################## ############################################################################## * installing to library ‘/home/biocbuild/bbs-3.10-bioc/R/library’ * installing *source* package ‘CTDquerier’ ... ** using staged installation ** R ** data *** moving datasets to lazyload DB ** inst ** byte-compile and prepare package for lazy loading ** help *** installing help indices ** building package indices ** installing vignettes ** testing if installed package can be loaded from temporary location ** testing if installed package can be loaded from final location ** testing if installed package keeps a record of temporary installation path * DONE (CTDquerier)
CTDquerier.Rcheck/CTDquerier-Ex.timings
| name | user | system | elapsed | |
| download_ctd_chem | 1.412 | 0.028 | 1.469 | |
| download_ctd_genes | 0.152 | 0.000 | 0.149 | |
| gala | 0.832 | 0.036 | 0.870 | |
| get_table-methods | 0.888 | 0.044 | 0.938 | |
| get_terms-methods | 0.936 | 0.036 | 0.991 | |
| leaf_plot | 0.844 | 0.004 | 0.858 | |
| load_ctd_chem | 5.752 | 0.088 | 5.896 | |
| load_ctd_dise | 1.040 | 0.048 | 1.107 | |
| load_ctd_gene | 11.888 | 0.120 | 12.189 | |
| query_ctd_chem | 8.332 | 0.048 | 21.743 | |
| query_ctd_dise | 2.016 | 0.004 | 47.112 | |
| query_ctd_gene | 10.088 | 0.116 | 16.405 | |