| Back to Multiple platform build/check report for BioC 3.10 |
|
This page was generated on 2020-04-15 12:43:29 -0400 (Wed, 15 Apr 2020).
| Package 350/1823 | Hostname | OS / Arch | INSTALL | BUILD | CHECK | BUILD BIN | ||||||
| CONFESS 1.14.0 Diana LOW
| malbec1 | Linux (Ubuntu 18.04.4 LTS) / x86_64 | OK | OK | WARNINGS | |||||||
| tokay1 | Windows Server 2012 R2 Standard / x64 | ERROR | OK | ERROR | ERROR | |||||||
| merida1 | OS X 10.11.6 El Capitan / x86_64 | OK | OK | [ WARNINGS ] | OK |
| Package: CONFESS |
| Version: 1.14.0 |
| Command: /Library/Frameworks/R.framework/Versions/Current/Resources/bin/R CMD check --install=check:CONFESS.install-out.txt --library=/Library/Frameworks/R.framework/Versions/Current/Resources/library --no-vignettes --timings CONFESS_1.14.0.tar.gz |
| StartedAt: 2020-04-15 01:25:23 -0400 (Wed, 15 Apr 2020) |
| EndedAt: 2020-04-15 01:31:18 -0400 (Wed, 15 Apr 2020) |
| EllapsedTime: 354.3 seconds |
| RetCode: 0 |
| Status: WARNINGS |
| CheckDir: CONFESS.Rcheck |
| Warnings: 1 |
##############################################################################
##############################################################################
###
### Running command:
###
### /Library/Frameworks/R.framework/Versions/Current/Resources/bin/R CMD check --install=check:CONFESS.install-out.txt --library=/Library/Frameworks/R.framework/Versions/Current/Resources/library --no-vignettes --timings CONFESS_1.14.0.tar.gz
###
##############################################################################
##############################################################################
* using log directory ‘/Users/biocbuild/bbs-3.10-bioc/meat/CONFESS.Rcheck’
* using R version 3.6.3 (2020-02-29)
* using platform: x86_64-apple-darwin15.6.0 (64-bit)
* using session charset: UTF-8
* using option ‘--no-vignettes’
* checking for file ‘CONFESS/DESCRIPTION’ ... OK
* checking extension type ... Package
* this is package ‘CONFESS’ version ‘1.14.0’
* package encoding: UTF-8
* checking package namespace information ... OK
* checking package dependencies ... OK
* checking if this is a source package ... OK
* checking if there is a namespace ... OK
* checking for hidden files and directories ... OK
* checking for portable file names ... OK
* checking for sufficient/correct file permissions ... OK
* checking whether package ‘CONFESS’ can be installed ... WARNING
Found the following significant warnings:
Warning: 'rgl.init' failed, running with 'rgl.useNULL = TRUE'.
Warning: replacing previous import ‘stats::BIC’ by ‘flowMerge::BIC’ when loading ‘CONFESS’
See ‘/Users/biocbuild/bbs-3.10-bioc/meat/CONFESS.Rcheck/00install.out’ for details.
* checking installed package size ... OK
* checking package directory ... OK
* checking ‘build’ directory ... OK
* checking DESCRIPTION meta-information ... OK
* checking top-level files ... OK
* checking for left-over files ... OK
* checking index information ... OK
* checking package subdirectories ... OK
* checking R files for non-ASCII characters ... OK
* checking R files for syntax errors ... OK
* checking whether the package can be loaded ... OK
* checking whether the package can be loaded with stated dependencies ... OK
* checking whether the package can be unloaded cleanly ... OK
* checking whether the namespace can be loaded with stated dependencies ... OK
* checking whether the namespace can be unloaded cleanly ... OK
* checking dependencies in R code ... OK
* checking S3 generic/method consistency ... OK
* checking replacement functions ... OK
* checking foreign function calls ... OK
* checking R code for possible problems ... OK
* checking Rd files ... OK
* checking Rd metadata ... OK
* checking Rd cross-references ... OK
* checking for missing documentation entries ... OK
* checking for code/documentation mismatches ... OK
* checking Rd \usage sections ... OK
* checking Rd contents ... OK
* checking for unstated dependencies in examples ... OK
* checking contents of ‘data’ directory ... OK
* checking data for non-ASCII characters ... OK
* checking data for ASCII and uncompressed saves ... OK
* checking sizes of PDF files under ‘inst/doc’ ... OK
* checking files in ‘vignettes’ ... OK
* checking examples ... OK
Examples with CPU or elapsed time > 5s
user system elapsed
Fluo_CV_prep 48.374 9.547 57.214
Fluo_adjustment 28.682 4.645 32.886
Fluo_modeling 11.123 1.761 12.912
Fluo_inspection 3.962 3.041 6.649
* checking for unstated dependencies in vignettes ... OK
* checking package vignettes in ‘inst/doc’ ... OK
* checking running R code from vignettes ... SKIPPED
* checking re-building of vignette outputs ... SKIPPED
* checking PDF version of manual ... OK
* DONE
Status: 1 WARNING
See
‘/Users/biocbuild/bbs-3.10-bioc/meat/CONFESS.Rcheck/00check.log’
for details.
CONFESS.Rcheck/00install.out
############################################################################## ############################################################################## ### ### Running command: ### ### /Library/Frameworks/R.framework/Versions/Current/Resources/bin/R CMD INSTALL CONFESS ### ############################################################################## ############################################################################## * installing to library ‘/Library/Frameworks/R.framework/Versions/3.6/Resources/library’ * installing *source* package ‘CONFESS’ ... ** using staged installation ** R ** data *** moving datasets to lazyload DB ** inst ** byte-compile and prepare package for lazy loading Warning: 'rgl.init' failed, running with 'rgl.useNULL = TRUE'. Warning: replacing previous import ‘stats::BIC’ by ‘flowMerge::BIC’ when loading ‘CONFESS’ ** help *** installing help indices ** building package indices ** installing vignettes ** testing if installed package can be loaded from temporary location Warning: 'rgl.init' failed, running with 'rgl.useNULL = TRUE'. Warning: replacing previous import ‘stats::BIC’ by ‘flowMerge::BIC’ when loading ‘CONFESS’ ** testing if installed package can be loaded from final location Warning: 'rgl.init' failed, running with 'rgl.useNULL = TRUE'. Warning: replacing previous import ‘stats::BIC’ by ‘flowMerge::BIC’ when loading ‘CONFESS’ ** testing if installed package keeps a record of temporary installation path * DONE (CONFESS)
CONFESS.Rcheck/CONFESS-Ex.timings
| name | user | system | elapsed | |
| FluoSelection_byRun | 0.021 | 0.003 | 0.025 | |
| Fluo_CV_modeling | 0.000 | 0.000 | 0.001 | |
| Fluo_CV_prep | 48.374 | 9.547 | 57.214 | |
| Fluo_adjustment | 28.682 | 4.645 | 32.886 | |
| Fluo_inspection | 3.962 | 3.041 | 6.649 | |
| Fluo_modeling | 11.123 | 1.761 | 12.912 | |
| Fluo_ordering | 1.425 | 0.185 | 1.594 | |
| LocationMatrix | 0.008 | 0.002 | 0.009 | |
| cluster2outlier | 0.002 | 0.000 | 0.003 | |
| createFluo | 0.015 | 0.001 | 0.016 | |
| defineLocClusters | 0.068 | 0.016 | 0.084 | |
| files | 0.002 | 0.001 | 0.004 | |
| getFluo | 0.034 | 0.014 | 0.046 | |
| getFluo_byRun | 0.070 | 0.033 | 0.098 | |
| pathEstimator | 0.001 | 0.000 | 0.002 | |
| readFiles | 0.018 | 0.002 | 0.020 | |
| simcells | 3.042 | 0.429 | 3.479 | |
| spotEstimator | 0.000 | 0.001 | 0.001 | |