| Back to Multiple platform build/check report for BioC 3.10 |
|
This page was generated on 2020-04-15 12:20:22 -0400 (Wed, 15 Apr 2020).
| Package 151/1823 | Hostname | OS / Arch | INSTALL | BUILD | CHECK | BUILD BIN | ||||||
| BiocGenerics 0.32.0 Bioconductor Package Maintainer
| malbec1 | Linux (Ubuntu 18.04.4 LTS) / x86_64 | OK | OK | WARNINGS | |||||||
| tokay1 | Windows Server 2012 R2 Standard / x64 | OK | OK | [ WARNINGS ] | OK | |||||||
| merida1 | OS X 10.11.6 El Capitan / x86_64 | OK | OK | WARNINGS | OK |
| Package: BiocGenerics |
| Version: 0.32.0 |
| Command: C:\Users\biocbuild\bbs-3.10-bioc\R\bin\R.exe CMD check --force-multiarch --install=check:BiocGenerics.install-out.txt --library=C:\Users\biocbuild\bbs-3.10-bioc\R\library --no-vignettes --timings BiocGenerics_0.32.0.tar.gz |
| StartedAt: 2020-04-15 01:33:54 -0400 (Wed, 15 Apr 2020) |
| EndedAt: 2020-04-15 01:35:13 -0400 (Wed, 15 Apr 2020) |
| EllapsedTime: 79.5 seconds |
| RetCode: 0 |
| Status: WARNINGS |
| CheckDir: BiocGenerics.Rcheck |
| Warnings: 2 |
##############################################################################
##############################################################################
###
### Running command:
###
### C:\Users\biocbuild\bbs-3.10-bioc\R\bin\R.exe CMD check --force-multiarch --install=check:BiocGenerics.install-out.txt --library=C:\Users\biocbuild\bbs-3.10-bioc\R\library --no-vignettes --timings BiocGenerics_0.32.0.tar.gz
###
##############################################################################
##############################################################################
* using log directory 'C:/Users/biocbuild/bbs-3.10-bioc/meat/BiocGenerics.Rcheck'
* using R version 3.6.3 (2020-02-29)
* using platform: x86_64-w64-mingw32 (64-bit)
* using session charset: ISO8859-1
* using option '--no-vignettes'
* checking for file 'BiocGenerics/DESCRIPTION' ... OK
* this is package 'BiocGenerics' version '0.32.0'
* checking package namespace information ... OK
* checking package dependencies ... OK
* checking if this is a source package ... OK
* checking if there is a namespace ... OK
* checking for hidden files and directories ... OK
* checking for portable file names ... OK
* checking whether package 'BiocGenerics' can be installed ... WARNING
Found the following significant warnings:
Rd warning: C:/Users/biocbuild/bbs-3.10-bioc/tmpdir/RtmpMFXr0q/R.INSTALLf6472b6bf/BiocGenerics/man/BiocGenerics-package.Rd:31: file link 'rbind' in package 'BiocGenerics' does not exist and so has been treated as a topic
Rd warning: C:/Users/biocbuild/bbs-3.10-bioc/tmpdir/RtmpMFXr0q/R.INSTALLf6472b6bf/BiocGenerics/man/BiocGenerics-package.Rd:34: file link 'rowSums' in package 'BiocGenerics' does not exist and so has been treated as a topic
Rd warning: C:/Users/biocbuild/bbs-3.10-bioc/tmpdir/RtmpMFXr0q/R.INSTALLf6472b6bf/BiocGenerics/man/BiocGenerics-package.Rd:35: file link 'colMeans' in package 'BiocGenerics' does not exist and so has been treated as a topic
Rd warning: C:/Users/biocbuild/bbs-3.10-bioc/tmpdir/RtmpMFXr0q/R.INSTALLf6472b6bf/BiocGenerics/man/BiocGenerics-package.Rd:36: file link 'rowMeans' in package 'BiocGenerics' does not exist and so has been treated as a topic
Rd warning: C:/Users/biocbuild/bbs-3.10-bioc/tmpdir/RtmpMFXr0q/R.INSTALLf6472b6bf/BiocGenerics/man/BiocGenerics-package.Rd:41: file link 'anyDuplicated' in package 'BiocGenerics' does not exist and so has been treated as a topic
Rd warning: C:/Users/biocbuild/bbs-3.10-bioc/tmpdir/RtmpMFXr0q/R.INSTALLf6472b6bf/BiocGenerics/man/BiocGenerics-package.Rd:46: file link 'pmax' in package 'BiocGenerics' does not exist and so has been treated as a topic
Rd warning: C:/Users/biocbuild/bbs-3.10-bioc/tmpdir/RtmpMFXr0q/R.INSTALLf6472b6bf/BiocGenerics/man/BiocGenerics-package.Rd:47: file link 'pmin' in package 'BiocGenerics' does not exist and so has been treated as a topic
Rd warning: C:/Users/biocbuild/bbs-3.10-bioc/tmpdir/RtmpMFXr0q/R.INSTALLf6472b6bf/BiocGenerics/man/BiocGenerics-package.Rd:48: file link 'pmax.int' in package 'BiocGenerics' does not exist and so has been treated as a topic
Rd warning: C:/Users/biocbuild/bbs-3.10-bioc/tmpdir/RtmpMFXr0q/R.INSTALLf6472b6bf/BiocGenerics/man/BiocGenerics-package.Rd:49: file link 'pmin.int' in package 'BiocGenerics' does not exist and so has been treated as a topic
Rd warning: C:/Users/biocbuild/bbs-3.10-bioc/tmpdir/RtmpMFXr0q/R.INSTALLf6472b6bf/BiocGenerics/man/BiocGenerics-package.Rd:52: file link 'Reduce' in package 'BiocGenerics' does not exist and so has been treated as a topic
Rd warning: C:/Users/biocbuild/bbs-3.10-bioc/tmpdir/RtmpMFXr0q/R.INSTALLf6472b6bf/BiocGenerics/man/BiocGenerics-package.Rd:53: file link 'Filter' in package 'BiocGenerics' does not exist and so has been treated as a topic
Rd warning: C:/Users/biocbuild/bbs-3.10-bioc/tmpdir/RtmpMFXr0q/R.INSTALLf6472b6bf/BiocGenerics/man/BiocGenerics-package.Rd:54: file link 'Find' in package 'BiocGenerics' does not exist and so has been treated as a topic
Rd warning: C:/Users/biocbuild/bbs-3.10-bioc/tmpdir/RtmpMFXr0q/R.INSTALLf6472b6bf/BiocGenerics/man/BiocGenerics-package.Rd:55: file link 'Map' in package 'BiocGenerics' does not exist and so has been treated as a topic
Rd warning: C:/Users/biocbuild/bbs-3.10-bioc/tmpdir/RtmpMFXr0q/R.INSTALLf6472b6bf/BiocGenerics/man/BiocGenerics-package.Rd:56: file link 'Position' in package 'BiocGenerics' does not exist and so has been treated as a topic
Rd warning: C:/Users/biocbuild/bbs-3.10-bioc/tmpdir/RtmpMFXr0q/R.INSTALLf6472b6bf/BiocGenerics/man/BiocGenerics-package.Rd:59: file link 'mget' in package 'BiocGenerics' does not exist and so has been treated as a topic
Rd warning: C:/Users/biocbuild/bbs-3.10-bioc/tmpdir/RtmpMFXr0q/R.INSTALLf6472b6bf/BiocGenerics/man/BiocGenerics-package.Rd:62: file link 'grepl' in package 'BiocGenerics' does not exist and so has been treated as a topic
Rd warning: C:/Users/biocbuild/bbs-3.10-bioc/tmpdir/RtmpMFXr0q/R.INSTALLf6472b6bf/BiocGenerics/man/BiocGenerics-package.Rd:67: file link 'sapply' in package 'BiocGenerics' does not exist and so has been treated as a topic
Rd warning: C:/Users/biocbuild/bbs-3.10-bioc/tmpdir/RtmpMFXr0q/R.INSTALLf6472b6bf/BiocGenerics/man/BiocGenerics-package.Rd:72: file link '%in%' in package 'BiocGenerics' does not exist and so has been treated as a topic
Rd warning: C:/Users/biocbuild/bbs-3.10-bioc/tmpdir/RtmpMFXr0q/R.INSTALLf6472b6bf/BiocGenerics/man/BiocGenerics-package.Rd:75: file link 'ncol' in package 'BiocGenerics' does not exist and so has been treated as a topic
Rd warning: C:/Users/biocbuild/bbs-3.10-bioc/tmpdir/RtmpMFXr0q/R.INSTALLf6472b6bf/BiocGenerics/man/BiocGenerics-package.Rd:76: file link 'NROW' in package 'BiocGenerics' does not exist and so has been treated as a topic
Rd warning: C:/Users/biocbuild/bbs-3.10-bioc/tmpdir/RtmpMFXr0q/R.INSTALLf6472b6bf/BiocGenerics/man/BiocGenerics-package.Rd:77: file link 'NCOL' in package 'BiocGenerics' does not exist and so has been treated as a topic
Rd warning: C:/Users/biocbuild/bbs-3.10-bioc/tmpdir/RtmpMFXr0q/R.INSTALLf6472b6bf/BiocGenerics/man/BiocGenerics-package.Rd:85: file link 'rep.int' in package 'BiocGenerics' does not exist and so has been treated as a topic
Rd warning: C:/Users/biocbuild/bbs-3.10-bioc/tmpdir/RtmpMFXr0q/R.INSTALLf6472b6bf/BiocGenerics/man/BiocGenerics-package.Rd:87: file link 'rownames' in package 'BiocGenerics' does not exist and so has been treated as a topic
Rd warning: C:/Users/biocbuild/bbs-3.10-bioc/tmpdir/RtmpMFXr0q/R.INSTALLf6472b6bf/BiocGenerics/man/BiocGenerics-package.Rd:88: file link 'rownames<-' in package 'BiocGenerics' does not exist and so has been treated as a topic
Rd warning: C:/Users/biocbuild/bbs-3.10-bioc/tmpdir/RtmpMFXr0q/R.INSTALLf6472b6bf/BiocGenerics/man/BiocGenerics-package.Rd:89: file link 'colnames' in package 'BiocGenerics' does not exist and so has been treated as a topic
Rd warning: C:/Users/biocbuild/bbs-3.10-bioc/tmpdir/RtmpMFXr0q/R.INSTALLf6472b6bf/BiocGenerics/man/BiocGenerics-package.Rd:90: file link 'colnames<-' in package 'BiocGenerics' does not exist and so has been treated as a topic
Rd warning: C:/Users/biocbuild/bbs-3.10-bioc/tmpdir/RtmpMFXr0q/R.INSTALLf6472b6bf/BiocGenerics/man/BiocGenerics-package.Rd:93: file link 'union' in package 'BiocGenerics' does not exist and so has been treated as a topic
Rd warning: C:/Users/biocbuild/bbs-3.10-bioc/tmpdir/RtmpMFXr0q/R.INSTALLf6472b6bf/BiocGenerics/man/BiocGenerics-package.Rd:94: file link 'intersect' in package 'BiocGenerics' does not exist and so has been treated as a topic
Rd warning: C:/Users/biocbuild/bbs-3.10-bioc/tmpdir/RtmpMFXr0q/R.INSTALLf6472b6bf/BiocGenerics/man/BiocGenerics-package.Rd:95: file link 'setdiff' in package 'BiocGenerics' does not exist and so has been treated as a topic
Rd warning: C:/Users/biocbuild/bbs-3.10-bioc/tmpdir/RtmpMFXr0q/R.INSTALLf6472b6bf/BiocGenerics/man/BiocGenerics-package.Rd:100: file link 'start<-' in package 'BiocGenerics' does not exist and so has been treated as a topic
Rd warning: C:/Users/biocbuild/bbs-3.10-bioc/tmpdir/RtmpMFXr0q/R.INSTALLf6472b6bf/BiocGenerics/man/BiocGenerics-package.Rd:101: file link 'end' in package 'BiocGenerics' does not exist and so has been treated as a topic
Rd warning: C:/Users/biocbuild/bbs-3.10-bioc/tmpdir/RtmpMFXr0q/R.INSTALLf6472b6bf/BiocGenerics/man/BiocGenerics-package.Rd:102: file link 'end<-' in package 'BiocGenerics' does not exist and so has been treated as a topic
Rd warning: C:/Users/biocbuild/bbs-3.10-bioc/tmpdir/RtmpMFXr0q/R.INSTALLf6472b6bf/BiocGenerics/man/BiocGenerics-package.Rd:103: file link 'width' in package 'BiocGenerics' does not exist and so has been treated as a topic
Rd warning: C:/Users/biocbuild/bbs-3.10-bioc/tmpdir/RtmpMFXr0q/R.INSTALLf6472b6bf/BiocGenerics/man/BiocGenerics-package.Rd:104: file link 'width<-' in package 'BiocGenerics' does not exist and so has been treated as a topic
Rd warning: C:/Users/biocbuild/bbs-3.10-bioc/tmpdir/RtmpMFXr0q/R.INSTALLf6472b6bf/BiocGenerics/man/BiocGenerics-package.Rd:105: file link 'pos' in package 'BiocGenerics' does not exist and so has been treated as a topic
Rd warning: C:/Users/biocbuild/bbs-3.10-bioc/tmpdir/RtmpMFXr0q/R.INSTALLf6472b6bf/BiocGenerics/man/BiocGenerics-package.Rd:143: file link 'clusterCall' in package 'BiocGenerics' does not exist and so has been treated as a topic
Rd warning: C:/Users/biocbuild/bbs-3.10-bioc/tmpdir/RtmpMFXr0q/R.INSTALLf6472b6bf/BiocGenerics/man/BiocGenerics-package.Rd:145: file link 'clusterApplyLB' in package 'BiocGenerics' does not exist and so has been treated as a topic
Rd warning: C:/Users/biocbuild/bbs-3.10-bioc/tmpdir/RtmpMFXr0q/R.INSTALLf6472b6bf/BiocGenerics/man/BiocGenerics-package.Rd:146: file link 'clusterEvalQ' in package 'BiocGenerics' does not exist and so has been treated as a topic
Rd warning: C:/Users/biocbuild/bbs-3.10-bioc/tmpdir/RtmpMFXr0q/R.INSTALLf6472b6bf/BiocGenerics/man/BiocGenerics-package.Rd:147: file link 'clusterExport' in package 'BiocGenerics' does not exist and so has been treated as a topic
Rd warning: C:/Users/biocbuild/bbs-3.10-bioc/tmpdir/RtmpMFXr0q/R.INSTALLf6472b6bf/BiocGenerics/man/BiocGenerics-package.Rd:148: file link 'clusterMap' in package 'BiocGenerics' does not exist and so has been treated as a topic
Rd warning: C:/Users/biocbuild/bbs-3.10-bioc/tmpdir/RtmpMFXr0q/R.INSTALLf6472b6bf/BiocGenerics/man/BiocGenerics-package.Rd:149: file link 'clusterSplit' in package 'BiocGenerics' does not exist and so has been treated as a topic
Rd warning: C:/Users/biocbuild/bbs-3.10-bioc/tmpdir/RtmpMFXr0q/R.INSTALLf6472b6bf/BiocGenerics/man/BiocGenerics-package.Rd:150: file link 'parLapply' in package 'BiocGenerics' does not exist and so has been treated as a topic
Rd warning: C:/Users/biocbuild/bbs-3.10-bioc/tmpdir/RtmpMFXr0q/R.INSTALLf6472b6bf/BiocGenerics/man/BiocGenerics-package.Rd:151: file link 'parSapply' in package 'BiocGenerics' does not exist and so has been treated as a topic
Rd warning: C:/Users/biocbuild/bbs-3.10-bioc/tmpdir/RtmpMFXr0q/R.INSTALLf6472b6bf/BiocGenerics/man/BiocGenerics-package.Rd:152: file link 'parApply' in package 'BiocGenerics' does not exist and so has been treated as a topic
Rd warning: C:/Users/biocbuild/bbs-3.10-bioc/tmpdir/RtmpMFXr0q/R.INSTALLf6472b6bf/BiocGenerics/man/BiocGenerics-package.Rd:153: file link 'parRapply' in package 'BiocGenerics' does not exist and so has been treated as a topic
Rd warning: C:/Users/biocbuild/bbs-3.10-bioc/tmpdir/RtmpMFXr0q/R.INSTALLf6472b6bf/BiocGenerics/man/BiocGenerics-package.Rd:154: file link 'parCapply' in package 'BiocGenerics' does not exist and so has been treated as a topic
Rd warning: C:/Users/biocbuild/bbs-3.10-bioc/tmpdir/RtmpMFXr0q/R.INSTALLf6472b6bf/BiocGenerics/man/BiocGenerics-package.Rd:155: file link 'parLapplyLB' in package 'BiocGenerics' does not exist and so has been treated as a topic
Rd warning: C:/Users/biocbuild/bbs-3.10-bioc/tmpdir/RtmpMFXr0q/R.INSTALLf6472b6bf/BiocGenerics/man/BiocGenerics-package.Rd:156: file link 'parSapplyLB' in package 'BiocGenerics' does not exist and so has been treated as a topic
Rd warning: C:/Users/biocbuild/bbs-3.10-bioc/tmpdir/RtmpMFXr0q/R.INSTALLf6472b6bf/BiocGenerics/man/BiocGenerics-package.Rd:163: file link 'annotation<-' in package 'BiocGenerics' does not exist and so has been treated as a topic
Rd warning: C:/Users/biocbuild/bbs-3.10-bioc/tmpdir/RtmpMFXr0q/R.INSTALLf6472b6bf/BiocGenerics/man/BiocGenerics-package.Rd:168: file link 'dbfile' in package 'BiocGenerics' does not exist and so has been treated as a topic
Rd warning: C:/Users/biocbuild/bbs-3.10-bioc/tmpdir/RtmpMFXr0q/R.INSTALLf6472b6bf/BiocGenerics/man/BiocGenerics-package.Rd:178: file link 'organism' in package 'BiocGenerics' does not exist and so has been treated as a topic
Rd warning: C:/Users/biocbuild/bbs-3.10-bioc/tmpdir/RtmpMFXr0q/R.INSTALLf6472b6bf/BiocGenerics/man/BiocGenerics-package.Rd:179: file link 'organism<-' in package 'BiocGenerics' does not exist and so has been treated as a topic
Rd warning: C:/Users/biocbuild/bbs-3.10-bioc/tmpdir/RtmpMFXr0q/R.INSTALLf6472b6bf/BiocGenerics/man/BiocGenerics-package.Rd:180: file link 'species' in package 'BiocGenerics' does not exist and so has been treated as a topic
Rd warning: C:/Users/biocbuild/bbs-3.10-bioc/tmpdir/RtmpMFXr0q/R.INSTALLf6472b6bf/BiocGenerics/man/BiocGenerics-package.Rd:181: file link 'species<-' in package 'BiocGenerics' does not exist and so has been treated as a topic
Rd warning: C:/Users/biocbuild/bbs-3.10-bioc/tmpdir/RtmpMFXr0q/R.INSTALLf6472b6bf/BiocGenerics/man/BiocGenerics-package.Rd:184: file link 'path<-' in package 'BiocGenerics' does not exist and so has been treated as a topic
Rd warning: C:/Users/biocbuild/bbs-3.10-bioc/tmpdir/RtmpMFXr0q/R.INSTALLf6472b6bf/BiocGenerics/man/BiocGenerics-package.Rd:185: file link 'basename' in package 'BiocGenerics' does not exist and so has been treated as a topic
Rd warning: C:/Users/biocbuild/bbs-3.10-bioc/tmpdir/RtmpMFXr0q/R.INSTALLf6472b6bf/BiocGenerics/man/BiocGenerics-package.Rd:186: file link 'basename<-' in package 'BiocGenerics' does not exist and so has been treated as a topic
Rd warning: C:/Users/biocbuild/bbs-3.10-bioc/tmpdir/RtmpMFXr0q/R.INSTALLf6472b6bf/BiocGenerics/man/BiocGenerics-package.Rd:187: file link 'dirname' in package 'BiocGenerics' does not exist and so has been treated as a topic
Rd warning: C:/Users/biocbuild/bbs-3.10-bioc/tmpdir/RtmpMFXr0q/R.INSTALLf6472b6bf/BiocGenerics/man/BiocGenerics-package.Rd:188: file link 'dirname<-' in package 'BiocGenerics' does not exist and so has been treated as a topic
Rd warning: C:/Users/biocbuild/bbs-3.10-bioc/tmpdir/RtmpMFXr0q/R.INSTALLf6472b6bf/BiocGenerics/man/BiocGenerics-package.Rd:195: file link 'score<-' in package 'BiocGenerics' does not exist and so has been treated as a topic
Rd warning: C:/Users/biocbuild/bbs-3.10-bioc/tmpdir/RtmpMFXr0q/R.INSTALLf6472b6bf/BiocGenerics/man/BiocGenerics-package.Rd:198: file link 'strand<-' in package 'BiocGenerics' does not exist and so has been treated as a topic
Rd warning: C:/Users/biocbuild/bbs-3.10-bioc/tmpdir/RtmpMFXr0q/R.INSTALLf6472b6bf/BiocGenerics/man/BiocGenerics-package.Rd:199: file link 'invertStrand' in package 'BiocGenerics' does not exist and so has been treated as a topic
Rd warning: C:/Users/biocbuild/bbs-3.10-bioc/tmpdir/RtmpMFXr0q/R.INSTALLf6472b6bf/BiocGenerics/man/BiocGenerics-package.Rd:204: file link 'type<-' in package 'BiocGenerics' does not exist and so has been treated as a topic
Rd warning: C:/Users/biocbuild/bbs-3.10-bioc/tmpdir/RtmpMFXr0q/R.INSTALLf6472b6bf/BiocGenerics/man/BiocGenerics-package.Rd:243: file link 'selectMethod' in package 'methods' does not exist and so has been treated as a topic
Rd warning: C:/Users/biocbuild/bbs-3.10-bioc/tmpdir/RtmpMFXr0q/R.INSTALLf6472b6bf/BiocGenerics/man/Extremes.Rd:18: file link 'pmax' in package 'base' does not exist and so has been treated as a topic
Rd warning: C:/Users/biocbuild/bbs-3.10-bioc/tmpdir/RtmpMFXr0q/R.INSTALLf6472b6bf/BiocGenerics/man/Extremes.Rd:38: file link 'pmax' in package 'base' does not exist and so has been treated as a topic
Rd warning: C:/Users/biocbuild/bbs-3.10-bioc/tmpdir/RtmpMFXr0q/R.INSTALLf6472b6bf/BiocGenerics/man/Extremes.Rd:44: file link 'pmax' in package 'base' does not exist and so has been treated as a topic
Rd warning: C:/Users/biocbuild/bbs-3.10-bioc/tmpdir/RtmpMFXr0q/R.INSTALLf6472b6bf/BiocGenerics/man/Extremes.Rd:53: file link 'pmax' in package 'base' does not exist and so has been treated as a topic
Rd warning: C:/Users/biocbuild/bbs-3.10-bioc/tmpdir/RtmpMFXr0q/R.INSTALLf6472b6bf/BiocGenerics/man/Extremes.Rd:59: file link 'selectMethod' in package 'methods' does not exist and so has been treated as a topic
Rd warning: C:/Users/biocbuild/bbs-3.10-bioc/tmpdir/RtmpMFXr0q/R.INSTALLf6472b6bf/BiocGenerics/man/Extremes.Rd:62: file link 'pmax,Rle-method' in package 'S4Vectors' does not exist and so has been treated as a topic
Rd warning: C:/Users/biocbuild/bbs-3.10-bioc/tmpdir/RtmpMFXr0q/R.INSTALLf6472b6bf/BiocGenerics/man/Extremes.Rd:64: file link 'Rle' in package 'S4Vectors' does not exist and so has been treated as a topic
Rd warning: C:/Users/biocbuild/bbs-3.10-bioc/tmpdir/RtmpMFXr0q/R.INSTALLf6472b6bf/BiocGenerics/man/IQR.Rd:44: file link 'selectMethod' in package 'methods' does not exist and so has been treated as a topic
Rd warning: C:/Users/biocbuild/bbs-3.10-bioc/tmpdir/RtmpMFXr0q/R.INSTALLf6472b6bf/BiocGenerics/man/Ontology.Rd:26: file link 'selectMethod' in package 'methods' does not exist and so has been treated as a topic
Rd warning: C:/Users/biocbuild/bbs-3.10-bioc/tmpdir/RtmpMFXr0q/R.INSTALLf6472b6bf/BiocGenerics/man/Ontology.Rd:29: file link 'Ontology,GOTerms-method' in package 'AnnotationDbi' does not exist and so has been treated as a topic
Rd warning: C:/Users/biocbuild/bbs-3.10-bioc/tmpdir/RtmpMFXr0q/R.INSTALLf6472b6bf/BiocGenerics/man/Ontology.Rd:31: file link 'GOTerms' in package 'AnnotationDbi' does not exist and so has been treated as a topic
Rd warning: C:/Users/biocbuild/bbs-3.10-bioc/tmpdir/RtmpMFXr0q/R.INSTALLf6472b6bf/BiocGenerics/man/annotation.Rd:34: file link 'selectMethod' in package 'methods' does not exist and so has been treated as a topic
Rd warning: C:/Users/biocbuild/bbs-3.10-bioc/tmpdir/RtmpMFXr0q/R.INSTALLf6472b6bf/BiocGenerics/man/annotation.Rd:37: file link 'annotation,eSet-method' in package 'Biobase' does not exist and so has been treated as a topic
Rd warning: C:/Users/biocbuild/bbs-3.10-bioc/tmpdir/RtmpMFXr0q/R.INSTALLf6472b6bf/BiocGenerics/man/annotation.Rd:39: file link 'eSet' in package 'Biobase' does not exist and so has been treated as a topic
Rd warning: C:/Users/biocbuild/bbs-3.10-bioc/tmpdir/RtmpMFXr0q/R.INSTALLf6472b6bf/BiocGenerics/man/append.Rd:54: file link 'selectMethod' in package 'methods' does not exist and so has been treated as a topic
Rd warning: C:/Users/biocbuild/bbs-3.10-bioc/tmpdir/RtmpMFXr0q/R.INSTALLf6472b6bf/BiocGenerics/man/append.Rd:57: file link 'append,Vector,Vector-method' in package 'S4Vectors' does not exist and so has been treated as a topic
Rd warning: C:/Users/biocbuild/bbs-3.10-bioc/tmpdir/RtmpMFXr0q/R.INSTALLf6472b6bf/BiocGenerics/man/append.Rd:59: file link 'Vector' in package 'S4Vectors' does not exist and so has been treated as a topic
Rd warning: C:/Users/biocbuild/bbs-3.10-bioc/tmpdir/RtmpMFXr0q/R.INSTALLf6472b6bf/BiocGenerics/man/as.data.frame.Rd:53: file link 'selectMethod' in package 'methods' does not exist and so has been treated as a topic
Rd warning: C:/Users/biocbuild/bbs-3.10-bioc/tmpdir/RtmpMFXr0q/R.INSTALLf6472b6bf/BiocGenerics/man/as.data.frame.Rd:56: file link 'as.data.frame,DataFrame-method' in package 'S4Vectors' does not exist and so has been treated as a topic
Rd warning: C:/Users/biocbuild/bbs-3.10-bioc/tmpdir/RtmpMFXr0q/R.INSTALLf6472b6bf/BiocGenerics/man/as.data.frame.Rd:58: missing file link 'as.data.frame,IntegerRanges-method'
Rd warning: C:/Users/biocbuild/bbs-3.10-bioc/tmpdir/RtmpMFXr0q/R.INSTALLf6472b6bf/BiocGenerics/man/as.data.frame.Rd:60: file link 'DataFrame' in package 'S4Vectors' does not exist and so has been treated as a topic
Rd warning: C:/Users/biocbuild/bbs-3.10-bioc/tmpdir/RtmpMFXr0q/R.INSTALLf6472b6bf/BiocGenerics/man/as.data.frame.Rd:61: file link 'IntegerRanges' in package 'IRanges' does not exist and so has been treated as a topic
Rd warning: C:/Users/biocbuild/bbs-3.10-bioc/tmpdir/RtmpMFXr0q/R.INSTALLf6472b6bf/BiocGenerics/man/as.vector.Rd:15: file link 'as.vector' in package 'base' does not exist and so has been treated as a topic
Rd warning: C:/Users/biocbuild/bbs-3.10-bioc/tmpdir/RtmpMFXr0q/R.INSTALLf6472b6bf/BiocGenerics/man/as.vector.Rd:30: file link 'as.vector' in package 'base' does not exist and so has been treated as a topic
Rd warning: C:/Users/biocbuild/bbs-3.10-bioc/tmpdir/RtmpMFXr0q/R.INSTALLf6472b6bf/BiocGenerics/man/as.vector.Rd:38: file link 'as.vector' in package 'base' does not exist and so has been treated as a topic
Rd warning: C:/Users/biocbuild/bbs-3.10-bioc/tmpdir/RtmpMFXr0q/R.INSTALLf6472b6bf/BiocGenerics/man/as.vector.Rd:47: file link 'as.vector' in package 'base' does not exist and so has been treated as a topic
Rd warning: C:/Users/biocbuild/bbs-3.10-bioc/tmpdir/RtmpMFXr0q/R.INSTALLf6472b6bf/BiocGenerics/man/as.vector.Rd:53: file link 'selectMethod' in package 'methods' does not exist and so has been treated as a topic
Rd warning: C:/Users/biocbuild/bbs-3.10-bioc/tmpdir/RtmpMFXr0q/R.INSTALLf6472b6bf/BiocGenerics/man/as.vector.Rd:56: file link 'as.vector,Rle-method' in package 'S4Vectors' does not exist and so has been treated as a topic
Rd warning: C:/Users/biocbuild/bbs-3.10-bioc/tmpdir/RtmpMFXr0q/R.INSTALLf6472b6bf/BiocGenerics/man/as.vector.Rd:57: file link 'as.vector,AtomicList-method' in package 'IRanges' does not exist and so has been treated as a topic
Rd warning: C:/Users/biocbuild/bbs-3.10-bioc/tmpdir/RtmpMFXr0q/R.INSTALLf6472b6bf/BiocGenerics/man/as.vector.Rd:59: file link 'Rle' in package 'S4Vectors' does not exist and so has been treated as a topic
Rd warning: C:/Users/biocbuild/bbs-3.10-bioc/tmpdir/RtmpMFXr0q/R.INSTALLf6472b6bf/BiocGenerics/man/as.vector.Rd:60: file link 'AtomicList' in package 'IRanges' does not exist and so has been treated as a topic
Rd warning: C:/Users/biocbuild/bbs-3.10-bioc/tmpdir/RtmpMFXr0q/R.INSTALLf6472b6bf/BiocGenerics/man/boxplot.Rd:44: file link 'selectMethod' in package 'methods' does not exist and so has been treated as a topic
Rd warning: C:/Users/biocbuild/bbs-3.10-bioc/tmpdir/RtmpMFXr0q/R.INSTALLf6472b6bf/BiocGenerics/man/boxplot.Rd:47: file link 'boxplot,FeatureSet-method' in package 'oligo' does not exist and so has been treated as a topic
Rd warning: C:/Users/biocbuild/bbs-3.10-bioc/tmpdir/RtmpMFXr0q/R.INSTALLf6472b6bf/BiocGenerics/man/boxplot.Rd:49: file link 'FeatureSet' in package 'oligoClasses' does not exist and so has been treated as a topic
Rd warning: C:/Users/biocbuild/bbs-3.10-bioc/tmpdir/RtmpMFXr0q/R.INSTALLf6472b6bf/BiocGenerics/man/cbind.Rd:53: file link 'selectMethod' in package 'methods' does not exist and so has been treated as a topic
Rd warning: C:/Users/biocbuild/bbs-3.10-bioc/tmpdir/RtmpMFXr0q/R.INSTALLf6472b6bf/BiocGenerics/man/cbind.Rd:56: file link 'cbind,DataFrame-method' in package 'S4Vectors' does not exist and so has been treated as a topic
Rd warning: C:/Users/biocbuild/bbs-3.10-bioc/tmpdir/RtmpMFXr0q/R.INSTALLf6472b6bf/BiocGenerics/man/cbind.Rd:58: file link 'DataFrame' in package 'S4Vectors' does not exist and so has been treated as a topic
Rd warning: C:/Users/biocbuild/bbs-3.10-bioc/tmpdir/RtmpMFXr0q/R.INSTALLf6472b6bf/BiocGenerics/man/clusterApply.Rd:98: file link 'selectMethod' in package 'methods' does not exist and so has been treated as a topic
Rd warning: C:/Users/biocbuild/bbs-3.10-bioc/tmpdir/RtmpMFXr0q/R.INSTALLf6472b6bf/BiocGenerics/man/colSums.Rd:56: file link 'selectMethod' in package 'methods' does not exist and so has been treated as a topic
Rd warning: C:/Users/biocbuild/bbs-3.10-bioc/tmpdir/RtmpMFXr0q/R.INSTALLf6472b6bf/BiocGenerics/man/colSums.Rd:59: file link 'colSums,DelayedMatrix-method' in package 'DelayedArray' does not exist and so has been treated as a topic
Rd warning: C:/Users/biocbuild/bbs-3.10-bioc/tmpdir/RtmpMFXr0q/R.INSTALLf6472b6bf/BiocGenerics/man/colSums.Rd:62: file link 'DelayedMatrix' in package 'DelayedArray' does not exist and so has been treated as a topic
Rd warning: C:/Users/biocbuild/bbs-3.10-bioc/tmpdir/RtmpMFXr0q/R.INSTALLf6472b6bf/BiocGenerics/man/combine.Rd:69: file link 'AnnotatedDataFrame' in package 'Biobase' does not exist and so has been treated as a topic
Rd warning: C:/Users/biocbuild/bbs-3.10-bioc/tmpdir/RtmpMFXr0q/R.INSTALLf6472b6bf/BiocGenerics/man/combine.Rd:70: file link 'MIAME' in package 'Biobase' does not exist and so has been treated as a topic
Rd warning: C:/Users/biocbuild/bbs-3.10-bioc/tmpdir/RtmpMFXr0q/R.INSTALLf6472b6bf/BiocGenerics/man/combine.Rd:71: file link 'eSet' in package 'Biobase' does not exist and so has been treated as a topic
Rd warning: C:/Users/biocbuild/bbs-3.10-bioc/tmpdir/RtmpMFXr0q/R.INSTALLf6472b6bf/BiocGenerics/man/combine.Rd:84: file link 'combine,AnnotatedDataFrame,AnnotatedDataFrame-method' in package 'Biobase' does not exist and so has been treated as a topic
Rd warning: C:/Users/biocbuild/bbs-3.10-bioc/tmpdir/RtmpMFXr0q/R.INSTALLf6472b6bf/BiocGenerics/man/combine.Rd:85: file link 'combine,AssayData,AssayData-method' in package 'Biobase' does not exist and so has been treated as a topic
Rd warning: C:/Users/biocbuild/bbs-3.10-bioc/tmpdir/RtmpMFXr0q/R.INSTALLf6472b6bf/BiocGenerics/man/combine.Rd:86: file link 'combine,MIAME,MIAME-method' in package 'Biobase' does not exist and so has been treated as a topic
Rd warning: C:/Users/biocbuild/bbs-3.10-bioc/tmpdir/RtmpMFXr0q/R.INSTALLf6472b6bf/BiocGenerics/man/combine.Rd:87: file link 'combine,eSet,eSet-method' in package 'Biobase' does not exist and so has been treated as a topic
Rd warning: C:/Users/biocbuild/bbs-3.10-bioc/tmpdir/RtmpMFXr0q/R.INSTALLf6472b6bf/BiocGenerics/man/combine.Rd:96: file link 'selectMethod' in package 'methods' does not exist and so has been treated as a topic
Rd warning: C:/Users/biocbuild/bbs-3.10-bioc/tmpdir/RtmpMFXr0q/R.INSTALLf6472b6bf/BiocGenerics/man/dbconn.Rd:36: file link 'selectMethod' in package 'methods' does not exist and so has been treated as a topic
Rd warning: C:/Users/biocbuild/bbs-3.10-bioc/tmpdir/RtmpMFXr0q/R.INSTALLf6472b6bf/BiocGenerics/man/dbconn.Rd:39: file link 'dbconn,AnnotationDb-method' in package 'AnnotationDbi' does not exist and so has been treated as a topic
Rd warning: C:/Users/biocbuild/bbs-3.10-bioc/tmpdir/RtmpMFXr0q/R.INSTALLf6472b6bf/BiocGenerics/man/dbconn.Rd:41: file link 'dbconn' in package 'AnnotationDbi' does not exist and so has been treated as a topic
Rd warning: C:/Users/biocbuild/bbs-3.10-bioc/tmpdir/RtmpMFXr0q/R.INSTALLf6472b6bf/BiocGenerics/man/density.Rd:45: file link 'selectMethod' in package 'methods' does not exist and so has been treated as a topic
Rd warning: C:/Users/biocbuild/bbs-3.10-bioc/tmpdir/RtmpMFXr0q/R.INSTALLf6472b6bf/BiocGenerics/man/density.Rd:48: file link 'density,flowClust-method' in package 'flowClust' does not exist and so has been treated as a topic
Rd warning: C:/Users/biocbuild/bbs-3.10-bioc/tmpdir/RtmpMFXr0q/R.INSTALLf6472b6bf/BiocGenerics/man/dims.Rd:27: file link 'selectMethod' in package 'methods' does not exist and so has been treated as a topic
Rd warning: C:/Users/biocbuild/bbs-3.10-bioc/tmpdir/RtmpMFXr0q/R.INSTALLf6472b6bf/BiocGenerics/man/dims.Rd:30: file link 'dims,eSet-method' in package 'Biobase' does not exist and so has been treated as a topic
Rd warning: C:/Users/biocbuild/bbs-3.10-bioc/tmpdir/RtmpMFXr0q/R.INSTALLf6472b6bf/BiocGenerics/man/dims.Rd:32: file link 'eSet' in package 'Biobase' does not exist and so has been treated as a topic
Rd warning: C:/Users/biocbuild/bbs-3.10-bioc/tmpdir/RtmpMFXr0q/R.INSTALLf6472b6bf/BiocGenerics/man/do.call.Rd:61: file link 'selectMethod' in package 'methods' does not exist and so has been treated as a topic
Rd warning: C:/Users/biocbuild/bbs-3.10-bioc/tmpdir/RtmpMFXr0q/R.INSTALLf6472b6bf/BiocGenerics/man/duplicated.Rd:69: file link 'selectMethod' in package 'methods' does not exist and so has been treated as a topic
Rd warning: C:/Users/biocbuild/bbs-3.10-bioc/tmpdir/RtmpMFXr0q/R.INSTALLf6472b6bf/BiocGenerics/man/duplicated.Rd:72: file link 'duplicated,Rle-method' in package 'S4Vectors' does not exist and so has been treated as a topic
Rd warning: C:/Users/biocbuild/bbs-3.10-bioc/tmpdir/RtmpMFXr0q/R.INSTALLf6472b6bf/BiocGenerics/man/duplicated.Rd:74: file link 'Rle' in package 'S4Vectors' does not exist and so has been treated as a topic
Rd warning: C:/Users/biocbuild/bbs-3.10-bioc/tmpdir/RtmpMFXr0q/R.INSTALLf6472b6bf/BiocGenerics/man/eval.Rd:58: file link 'selectMethod' in package 'methods' does not exist and so has been treated as a topic
Rd warning: C:/Users/biocbuild/bbs-3.10-bioc/tmpdir/RtmpMFXr0q/R.INSTALLf6472b6bf/BiocGenerics/man/eval.Rd:61: file link 'eval,expression,Vector-method' in package 'IRanges' does not exist and so has been treated as a topic
Rd warning: C:/Users/biocbuild/bbs-3.10-bioc/tmpdir/RtmpMFXr0q/R.INSTALLf6472b6bf/BiocGenerics/man/eval.Rd:64: file link 'Vector' in package 'S4Vectors' does not exist and so has been treated as a topic
Rd warning: C:/Users/biocbuild/bbs-3.10-bioc/tmpdir/RtmpMFXr0q/R.INSTALLf6472b6bf/BiocGenerics/man/evalq.Rd:12: file link 'evalq' in package 'base' does not exist and so has been treated as a topic
Rd warning: C:/Users/biocbuild/bbs-3.10-bioc/tmpdir/RtmpMFXr0q/R.INSTALLf6472b6bf/BiocGenerics/man/evalq.Rd:34: file link 'evalq' in package 'base' does not exist and so has been treated as a topic
Rd warning: C:/Users/biocbuild/bbs-3.10-bioc/tmpdir/RtmpMFXr0q/R.INSTALLf6472b6bf/BiocGenerics/man/evalq.Rd:40: file link 'evalq' in package 'base' does not exist and so has been treated as a topic
Rd warning: C:/Users/biocbuild/bbs-3.10-bioc/tmpdir/RtmpMFXr0q/R.INSTALLf6472b6bf/BiocGenerics/man/evalq.Rd:45: file link 'evalq' in package 'base' does not exist and so has been treated as a topic
Rd warning: C:/Users/biocbuild/bbs-3.10-bioc/tmpdir/RtmpMFXr0q/R.INSTALLf6472b6bf/BiocGenerics/man/fileName.Rd:29: file link 'selectMethod' in package 'methods' does not exist and so has been treated as a topic
Rd warning: C:/Users/biocbuild/bbs-3.10-bioc/tmpdir/RtmpMFXr0q/R.INSTALLf6472b6bf/BiocGenerics/man/fileName.Rd:32: file link 'fileName,MSmap-method' in package 'MSnbase' does not exist and so has been treated as a topic
Rd warning: C:/Users/biocbuild/bbs-3.10-bioc/tmpdir/RtmpMFXr0q/R.INSTALLf6472b6bf/BiocGenerics/man/fileName.Rd:34: file link 'MSmap' in package 'MSnbase' does not exist and so has been treated as a topic
Rd warning: C:/Users/biocbuild/bbs-3.10-bioc/tmpdir/RtmpMFXr0q/R.INSTALLf6472b6bf/BiocGenerics/man/funprog.Rd:26: file link 'Reduce' in package 'base' does not exist and so has been treated as a topic
Rd warning: C:/Users/biocbuild/bbs-3.10-bioc/tmpdir/RtmpMFXr0q/R.INSTALLf6472b6bf/BiocGenerics/man/funprog.Rd:43: file link 'Reduce' in package 'base' does not exist and so has been treated as a topic
Rd warning: C:/Users/biocbuild/bbs-3.10-bioc/tmpdir/RtmpMFXr0q/R.INSTALLf6472b6bf/BiocGenerics/man/funprog.Rd:55: file link 'Reduce' in package 'base' does not exist and so has been treated as a topic
Rd warning: C:/Users/biocbuild/bbs-3.10-bioc/tmpdir/RtmpMFXr0q/R.INSTALLf6472b6bf/BiocGenerics/man/funprog.Rd:64: file link 'Reduce' in package 'base' does not exist and so has been treated as a topic
Rd warning: C:/Users/biocbuild/bbs-3.10-bioc/tmpdir/RtmpMFXr0q/R.INSTALLf6472b6bf/BiocGenerics/man/funprog.Rd:70: file link 'selectMethod' in package 'methods' does not exist and so has been treated as a topic
Rd warning: C:/Users/biocbuild/bbs-3.10-bioc/tmpdir/RtmpMFXr0q/R.INSTALLf6472b6bf/BiocGenerics/man/funprog.Rd:73: file link 'Reduce,List-method' in package 'S4Vectors' does not exist and so has been treated as a topic
Rd warning: C:/Users/biocbuild/bbs-3.10-bioc/tmpdir/RtmpMFXr0q/R.INSTALLf6472b6bf/BiocGenerics/man/funprog.Rd:75: file link 'List' in package 'S4Vectors' does not exist and so has been treated as a topic
Rd warning: C:/Users/biocbuild/bbs-3.10-bioc/tmpdir/RtmpMFXr0q/R.INSTALLf6472b6bf/BiocGenerics/man/get.Rd:64: file link 'selectMethod' in package 'methods' does not exist and so has been treated as a topic
Rd warning: C:/Users/biocbuild/bbs-3.10-bioc/tmpdir/RtmpMFXr0q/R.INSTALLf6472b6bf/BiocGenerics/man/get.Rd:67: file link 'get,ANY,Bimap,missing-method' in package 'AnnotationDbi' does not exist and so has been treated as a topic
Rd warning: C:/Users/biocbuild/bbs-3.10-bioc/tmpdir/RtmpMFXr0q/R.INSTALLf6472b6bf/BiocGenerics/man/grep.Rd:56: file link 'selectMethod' in package 'methods' does not exist and so has been treated as a topic
Rd warning: C:/Users/biocbuild/bbs-3.10-bioc/tmpdir/RtmpMFXr0q/R.INSTALLf6472b6bf/BiocGenerics/man/image.Rd:46: file link 'selectMethod' in package 'methods' does not exist and so has been treated as a topic
Rd warning: C:/Users/biocbuild/bbs-3.10-bioc/tmpdir/RtmpMFXr0q/R.INSTALLf6472b6bf/BiocGenerics/man/image.Rd:49: file link 'image,FeatureSet-method' in package 'oligo' does not exist and so has been treated as a topic
Rd warning: C:/Users/biocbuild/bbs-3.10-bioc/tmpdir/RtmpMFXr0q/R.INSTALLf6472b6bf/BiocGenerics/man/image.Rd:51: file link 'FeatureSet' in package 'oligoClasses' does not exist and so has been treated as a topic
Rd warning: C:/Users/biocbuild/bbs-3.10-bioc/tmpdir/RtmpMFXr0q/R.INSTALLf6472b6bf/BiocGenerics/man/is.unsorted.Rd:63: file link 'selectMethod' in package 'methods' does not exist and so has been treated as a topic
Rd warning: C:/Users/biocbuild/bbs-3.10-bioc/tmpdir/RtmpMFXr0q/R.INSTALLf6472b6bf/BiocGenerics/man/is.unsorted.Rd:66: file link 'is.unsorted,GenomicRanges-method' in package 'GenomicRanges' does not exist and so has been treated as a topic
Rd warning: C:/Users/biocbuild/bbs-3.10-bioc/tmpdir/RtmpMFXr0q/R.INSTALLf6472b6bf/BiocGenerics/man/is.unsorted.Rd:69: file link 'GenomicRanges' in package 'GenomicRanges' does not exist and so has been treated as a topic
Rd warning: C:/Users/biocbuild/bbs-3.10-bioc/tmpdir/RtmpMFXr0q/R.INSTALLf6472b6bf/BiocGenerics/man/lapply.Rd:61: file link 'selectMethod' in package 'methods' does not exist and so has been treated as a topic
Rd warning: C:/Users/biocbuild/bbs-3.10-bioc/tmpdir/RtmpMFXr0q/R.INSTALLf6472b6bf/BiocGenerics/man/lapply.Rd:64: file link 'lapply,List-method' in package 'S4Vectors' does not exist and so has been treated as a topic
Rd warning: C:/Users/biocbuild/bbs-3.10-bioc/tmpdir/RtmpMFXr0q/R.INSTALLf6472b6bf/BiocGenerics/man/lapply.Rd:66: file link 'List' in package 'S4Vectors' does not exist and so has been treated as a topic
Rd warning: C:/Users/biocbuild/bbs-3.10-bioc/tmpdir/RtmpMFXr0q/R.INSTALLf6472b6bf/BiocGenerics/man/mad.Rd:46: file link 'selectMethod' in package 'methods' does not exist and so has been treated as a topic
Rd warning: C:/Users/biocbuild/bbs-3.10-bioc/tmpdir/RtmpMFXr0q/R.INSTALLf6472b6bf/BiocGenerics/man/mapply.Rd:9: file link 'sapply' in package 'BiocGenerics' does not exist and so has been treated as a topic
Rd warning: C:/Users/biocbuild/bbs-3.10-bioc/tmpdir/RtmpMFXr0q/R.INSTALLf6472b6bf/BiocGenerics/man/mapply.Rd:54: file link 'selectMethod' in package 'methods' does not exist and so has been treated as a topic
Rd warning: C:/Users/biocbuild/bbs-3.10-bioc/tmpdir/RtmpMFXr0q/R.INSTALLf6472b6bf/BiocGenerics/man/match.Rd:66: file link 'selectMethod' in package 'methods' does not exist and so has been treated as a topic
Rd warning: C:/Users/biocbuild/bbs-3.10-bioc/tmpdir/RtmpMFXr0q/R.INSTALLf6472b6bf/BiocGenerics/man/match.Rd:69: file link 'match,Hits,Hits-method' in package 'S4Vectors' does not exist and so has been treated as a topic
Rd warning: C:/Users/biocbuild/bbs-3.10-bioc/tmpdir/RtmpMFXr0q/R.INSTALLf6472b6bf/BiocGenerics/man/match.Rd:70: file link '%in%,Rle,ANY-method' in package 'S4Vectors' does not exist and so has been treated as a topic
Rd warning: C:/Users/biocbuild/bbs-3.10-bioc/tmpdir/RtmpMFXr0q/R.INSTALLf6472b6bf/BiocGenerics/man/match.Rd:72: file link 'Hits' in package 'S4Vectors' does not exist and so has been treated as a topic
Rd warning: C:/Users/biocbuild/bbs-3.10-bioc/tmpdir/RtmpMFXr0q/R.INSTALLf6472b6bf/BiocGenerics/man/match.Rd:73: file link 'Rle' in package 'S4Vectors' does not exist and so has been treated as a topic
Rd warning: C:/Users/biocbuild/bbs-3.10-bioc/tmpdir/RtmpMFXr0q/R.INSTALLf6472b6bf/BiocGenerics/man/mean.Rd:46: file link 'selectMethod' in package 'methods' does not exist and so has been treated as a topic
Rd warning: C:/Users/biocbuild/bbs-3.10-bioc/tmpdir/RtmpMFXr0q/R.INSTALLf6472b6bf/BiocGenerics/man/mean.Rd:49: file link 'mean,Rle-method' in package 'S4Vectors' does not exist and so has been treated as a topic
Rd warning: C:/Users/biocbuild/bbs-3.10-bioc/tmpdir/RtmpMFXr0q/R.INSTALLf6472b6bf/BiocGenerics/man/mean.Rd:51: file link 'Rle' in package 'S4Vectors' does not exist and so has been treated as a topic
Rd warning: C:/Users/biocbuild/bbs-3.10-bioc/tmpdir/RtmpMFXr0q/R.INSTALLf6472b6bf/BiocGenerics/man/normalize.Rd:38: file link 'selectMethod' in package 'methods' does not exist and so has been treated as a topic
Rd warning: C:/Users/biocbuild/bbs-3.10-bioc/tmpdir/RtmpMFXr0q/R.INSTALLf6472b6bf/BiocGenerics/man/normalize.Rd:41: file link 'normalize,AffyBatch-method' in package 'affy' does not exist and so has been treated as a topic
Rd warning: C:/Users/biocbuild/bbs-3.10-bioc/tmpdir/RtmpMFXr0q/R.INSTALLf6472b6bf/BiocGenerics/man/normalize.Rd:42: file link 'normalize,FeatureSet-method' in package 'oligo' does not exist and so has been treated as a topic
Rd warning: C:/Users/biocbuild/bbs-3.10-bioc/tmpdir/RtmpMFXr0q/R.INSTALLf6472b6bf/BiocGenerics/man/normalize.Rd:44: file link 'AffyBatch' in package 'affy' does not exist and so has been treated as a topic
Rd warning: C:/Users/biocbuild/bbs-3.10-bioc/tmpdir/RtmpMFXr0q/R.INSTALLf6472b6bf/BiocGenerics/man/normalize.Rd:44: file link 'FeatureSet' in package 'oligoClasses' does not exist and so has been treated as a topic
Rd warning: C:/Users/biocbuild/bbs-3.10-bioc/tmpdir/RtmpMFXr0q/R.INSTALLf6472b6bf/BiocGenerics/man/nrow.Rd:50: file link 'selectMethod' in package 'methods' does not exist and so has been treated as a topic
Rd warning: C:/Users/biocbuild/bbs-3.10-bioc/tmpdir/RtmpMFXr0q/R.INSTALLf6472b6bf/BiocGenerics/man/nrow.Rd:53: file link 'nrow,DataFrame-method' in package 'S4Vectors' does not exist and so has been treated as a topic
Rd warning: C:/Users/biocbuild/bbs-3.10-bioc/tmpdir/RtmpMFXr0q/R.INSTALLf6472b6bf/BiocGenerics/man/nrow.Rd:55: file link 'DataFrame' in package 'S4Vectors' does not exist and so has been treated as a topic
Rd warning: C:/Users/biocbuild/bbs-3.10-bioc/tmpdir/RtmpMFXr0q/R.INSTALLf6472b6bf/BiocGenerics/man/order.Rd:73: file link 'selectMethod' in package 'methods' does not exist and so has been treated as a topic
Rd warning: C:/Users/biocbuild/bbs-3.10-bioc/tmpdir/RtmpMFXr0q/R.INSTALLf6472b6bf/BiocGenerics/man/order.Rd:76: missing file link 'order,IntegerRanges-method'
Rd warning: C:/Users/biocbuild/bbs-3.10-bioc/tmpdir/RtmpMFXr0q/R.INSTALLf6472b6bf/BiocGenerics/man/order.Rd:78: file link 'IntegerRanges' in package 'IRanges' does not exist and so has been treated as a topic
Rd warning: C:/Users/biocbuild/bbs-3.10-bioc/tmpdir/RtmpMFXr0q/R.INSTALLf6472b6bf/BiocGenerics/man/organism_species.Rd:63: file link 'selectMethod' in package 'methods' does not exist and so has been treated as a topic
Rd warning: C:/Users/biocbuild/bbs-3.10-bioc/tmpdir/RtmpMFXr0q/R.INSTALLf6472b6bf/BiocGenerics/man/organism_species.Rd:66: file link 'organism,character-method' in package 'annotate' does not exist and so has been treated as a topic
Rd warning: C:/Users/biocbuild/bbs-3.10-bioc/tmpdir/RtmpMFXr0q/R.INSTALLf6472b6bf/BiocGenerics/man/organism_species.Rd:67: file link 'organism,chromLocation-method' in package 'annotate' does not exist and so has been treated as a topic
Rd warning: C:/Users/biocbuild/bbs-3.10-bioc/tmpdir/RtmpMFXr0q/R.INSTALLf6472b6bf/BiocGenerics/man/organism_species.Rd:69: file link 'chromLocation' in package 'annotate' does not exist and so has been treated as a topic
Rd warning: C:/Users/biocbuild/bbs-3.10-bioc/tmpdir/RtmpMFXr0q/R.INSTALLf6472b6bf/BiocGenerics/man/organism_species.Rd:72: file link 'species,AnnotationDb-method' in package 'AnnotationDbi' does not exist and so has been treated as a topic
Rd warning: C:/Users/biocbuild/bbs-3.10-bioc/tmpdir/RtmpMFXr0q/R.INSTALLf6472b6bf/BiocGenerics/man/organism_species.Rd:74: file link 'AnnotationDb' in package 'AnnotationDbi' does not exist and so has been treated as a topic
Rd warning: C:/Users/biocbuild/bbs-3.10-bioc/tmpdir/RtmpMFXr0q/R.INSTALLf6472b6bf/BiocGenerics/man/paste.Rd:49: file link 'selectMethod' in package 'methods' does not exist and so has been treated as a topic
Rd warning: C:/Users/biocbuild/bbs-3.10-bioc/tmpdir/RtmpMFXr0q/R.INSTALLf6472b6bf/BiocGenerics/man/paste.Rd:52: file link 'paste,Rle-method' in package 'S4Vectors' does not exist and so has been treated as a topic
Rd warning: C:/Users/biocbuild/bbs-3.10-bioc/tmpdir/RtmpMFXr0q/R.INSTALLf6472b6bf/BiocGenerics/man/paste.Rd:54: file link 'Rle' in package 'S4Vectors' does not exist and so has been treated as a topic
Rd warning: C:/Users/biocbuild/bbs-3.10-bioc/tmpdir/RtmpMFXr0q/R.INSTALLf6472b6bf/BiocGenerics/man/path.Rd:91: file link 'selectMethod' in package 'methods' does not exist and so has been treated as a topic
Rd warning: C:/Users/biocbuild/bbs-3.10-bioc/tmpdir/RtmpMFXr0q/R.INSTALLf6472b6bf/BiocGenerics/man/path.Rd:94: file link 'path,RsamtoolsFile-method' in package 'Rsamtools' does not exist and so has been treated as a topic
Rd warning: C:/Users/biocbuild/bbs-3.10-bioc/tmpdir/RtmpMFXr0q/R.INSTALLf6472b6bf/BiocGenerics/man/path.Rd:96: file link 'RsamtoolsFile' in package 'Rsamtools' does not exist and so has been treated as a topic
Rd warning: C:/Users/biocbuild/bbs-3.10-bioc/tmpdir/RtmpMFXr0q/R.INSTALLf6472b6bf/BiocGenerics/man/plotMA.Rd:35: file link 'selectMethod' in package 'methods' does not exist and so has been treated as a topic
Rd warning: C:/Users/biocbuild/bbs-3.10-bioc/tmpdir/RtmpMFXr0q/R.INSTALLf6472b6bf/BiocGenerics/man/plotPCA.Rd:36: file link 'selectMethod' in package 'methods' does not exist and so has been treated as a topic
Rd warning: C:/Users/biocbuild/bbs-3.10-bioc/tmpdir/RtmpMFXr0q/R.INSTALLf6472b6bf/BiocGenerics/man/rank.Rd:70: file link 'selectMethod' in package 'methods' does not exist and so has been treated as a topic
Rd warning: C:/Users/biocbuild/bbs-3.10-bioc/tmpdir/RtmpMFXr0q/R.INSTALLf6472b6bf/BiocGenerics/man/rank.Rd:73: file link 'rank,Vector-method' in package 'S4Vectors' does not exist and so has been treated as a topic
Rd warning: C:/Users/biocbuild/bbs-3.10-bioc/tmpdir/RtmpMFXr0q/R.INSTALLf6472b6bf/BiocGenerics/man/rank.Rd:75: file link 'Vector' in package 'S4Vectors' does not exist and so has been treated as a topic
Rd warning: C:/Users/biocbuild/bbs-3.10-bioc/tmpdir/RtmpMFXr0q/R.INSTALLf6472b6bf/BiocGenerics/man/relist.Rd:46: file link 'selectMethod' in package 'methods' does not exist and so has been treated as a topic
Rd warning: C:/Users/biocbuild/bbs-3.10-bioc/tmpdir/RtmpMFXr0q/R.INSTALLf6472b6bf/BiocGenerics/man/relist.Rd:49: file link 'relist,ANY,List-method' in package 'IRanges' does not exist and so has been treated as a topic
Rd warning: C:/Users/biocbuild/bbs-3.10-bioc/tmpdir/RtmpMFXr0q/R.INSTALLf6472b6bf/BiocGenerics/man/relist.Rd:51: file link 'List' in package 'S4Vectors' does not exist and so has been treated as a topic
Rd warning: C:/Users/biocbuild/bbs-3.10-bioc/tmpdir/RtmpMFXr0q/R.INSTALLf6472b6bf/BiocGenerics/man/rep.Rd:12: file link 'rep.int' in package 'base' does not exist and so has been treated as a topic
Rd warning: C:/Users/biocbuild/bbs-3.10-bioc/tmpdir/RtmpMFXr0q/R.INSTALLf6472b6bf/BiocGenerics/man/rep.Rd:27: file link 'rep.int' in package 'base' does not exist and so has been treated as a topic
Rd warning: C:/Users/biocbuild/bbs-3.10-bioc/tmpdir/RtmpMFXr0q/R.INSTALLf6472b6bf/BiocGenerics/man/rep.Rd:33: file link 'rep.int' in package 'base' does not exist and so has been treated as a topic
Rd warning: C:/Users/biocbuild/bbs-3.10-bioc/tmpdir/RtmpMFXr0q/R.INSTALLf6472b6bf/BiocGenerics/man/rep.Rd:42: file link 'rep.int' in package 'base' does not exist and so has been treated as a topic
Rd warning: C:/Users/biocbuild/bbs-3.10-bioc/tmpdir/RtmpMFXr0q/R.INSTALLf6472b6bf/BiocGenerics/man/rep.Rd:48: file link 'selectMethod' in package 'methods' does not exist and so has been treated as a topic
Rd warning: C:/Users/biocbuild/bbs-3.10-bioc/tmpdir/RtmpMFXr0q/R.INSTALLf6472b6bf/BiocGenerics/man/rep.Rd:51: file link 'rep.int,Rle-method' in package 'S4Vectors' does not exist and so has been treated as a topic
Rd warning: C:/Users/biocbuild/bbs-3.10-bioc/tmpdir/RtmpMFXr0q/R.INSTALLf6472b6bf/BiocGenerics/man/rep.Rd:53: file link 'Rle' in package 'S4Vectors' does not exist and so has been treated as a topic
Rd warning: C:/Users/biocbuild/bbs-3.10-bioc/tmpdir/RtmpMFXr0q/R.INSTALLf6472b6bf/BiocGenerics/man/residuals.Rd:41: file link 'selectMethod' in package 'methods' does not exist and so has been treated as a topic
Rd warning: C:/Users/biocbuild/bbs-3.10-bioc/tmpdir/RtmpMFXr0q/R.INSTALLf6472b6bf/BiocGenerics/man/residuals.Rd:44: file link 'residuals,PLMset-method' in package 'affyPLM' does not exist and so has been treated as a topic
Rd warning: C:/Users/biocbuild/bbs-3.10-bioc/tmpdir/RtmpMFXr0q/R.INSTALLf6472b6bf/BiocGenerics/man/residuals.Rd:46: file link 'PLMset' in package 'affyPLM' does not exist and so has been treated as a topic
Rd warning: C:/Users/biocbuild/bbs-3.10-bioc/tmpdir/RtmpMFXr0q/R.INSTALLf6472b6bf/BiocGenerics/man/row_colnames.Rd:17: file link 'rownames' in package 'base' does not exist and so has been treated as a topic
Rd warning: C:/Users/biocbuild/bbs-3.10-bioc/tmpdir/RtmpMFXr0q/R.INSTALLf6472b6bf/BiocGenerics/man/row_colnames.Rd:36: file link 'rownames' in package 'base' does not exist and so has been treated as a topic
Rd warning: C:/Users/biocbuild/bbs-3.10-bioc/tmpdir/RtmpMFXr0q/R.INSTALLf6472b6bf/BiocGenerics/man/row_colnames.Rd:50: file link 'rownames' in package 'base' does not exist and so has been treated as a topic
Rd warning: C:/Users/biocbuild/bbs-3.10-bioc/tmpdir/RtmpMFXr0q/R.INSTALLf6472b6bf/BiocGenerics/man/row_colnames.Rd:59: file link 'rownames' in package 'base' does not exist and so has been treated as a topic
Rd warning: C:/Users/biocbuild/bbs-3.10-bioc/tmpdir/RtmpMFXr0q/R.INSTALLf6472b6bf/BiocGenerics/man/row_colnames.Rd:66: file link 'selectMethod' in package 'methods' does not exist and so has been treated as a topic
Rd warning: C:/Users/biocbuild/bbs-3.10-bioc/tmpdir/RtmpMFXr0q/R.INSTALLf6472b6bf/BiocGenerics/man/row_colnames.Rd:69: file link 'rownames,DataFrame-method' in package 'S4Vectors' does not exist and so has been treated as a topic
Rd warning: C:/Users/biocbuild/bbs-3.10-bioc/tmpdir/RtmpMFXr0q/R.INSTALLf6472b6bf/BiocGenerics/man/row_colnames.Rd:71: file link 'DataFrame' in package 'S4Vectors' does not exist and so has been treated as a topic
Rd warning: C:/Users/biocbuild/bbs-3.10-bioc/tmpdir/RtmpMFXr0q/R.INSTALLf6472b6bf/BiocGenerics/man/score.Rd:34: file link 'selectMethod' in package 'methods' does not exist and so has been treated as a topic
Rd warning: C:/Users/biocbuild/bbs-3.10-bioc/tmpdir/RtmpMFXr0q/R.INSTALLf6472b6bf/BiocGenerics/man/score.Rd:37: file link 'score,GenomicRanges-method' in package 'GenomicRanges' does not exist and so has been treated as a topic
Rd warning: C:/Users/biocbuild/bbs-3.10-bioc/tmpdir/RtmpMFXr0q/R.INSTALLf6472b6bf/BiocGenerics/man/score.Rd:39: file link 'GenomicRanges' in package 'GenomicRanges' does not exist and so has been treated as a topic
Rd warning: C:/Users/biocbuild/bbs-3.10-bioc/tmpdir/RtmpMFXr0q/R.INSTALLf6472b6bf/BiocGenerics/man/sets.Rd:17: file link 'union' in package 'base' does not exist and so has been treated as a topic
Rd warning: C:/Users/biocbuild/bbs-3.10-bioc/tmpdir/RtmpMFXr0q/R.INSTALLf6472b6bf/BiocGenerics/man/sets.Rd:39: file link 'union' in package 'base' does not exist and so has been treated as a topic
Rd warning: C:/Users/biocbuild/bbs-3.10-bioc/tmpdir/RtmpMFXr0q/R.INSTALLf6472b6bf/BiocGenerics/man/sets.Rd:57: file link 'GenomicRanges' in package 'GenomicRanges' does not exist and so has been treated as a topic
Rd warning: C:/Users/biocbuild/bbs-3.10-bioc/tmpdir/RtmpMFXr0q/R.INSTALLf6472b6bf/BiocGenerics/man/sets.Rd:65: file link 'union' in package 'base' does not exist and so has been treated as a topic
Rd warning: C:/Users/biocbuild/bbs-3.10-bioc/tmpdir/RtmpMFXr0q/R.INSTALLf6472b6bf/BiocGenerics/man/sets.Rd:71: file link 'selectMethod' in package 'methods' does not exist and so has been treated as a topic
Rd warning: C:/Users/biocbuild/bbs-3.10-bioc/tmpdir/RtmpMFXr0q/R.INSTALLf6472b6bf/BiocGenerics/man/sets.Rd:74: file link 'union,GenomicRanges,GenomicRanges-method' in package 'GenomicRanges' does not exist and so has been treated as a topic
Rd warning: C:/Users/biocbuild/bbs-3.10-bioc/tmpdir/RtmpMFXr0q/R.INSTALLf6472b6bf/BiocGenerics/man/sets.Rd:77: file link 'GenomicRanges' in package 'GenomicRanges' does not exist and so has been treated as a topic
Rd warning: C:/Users/biocbuild/bbs-3.10-bioc/tmpdir/RtmpMFXr0q/R.INSTALLf6472b6bf/BiocGenerics/man/sort.Rd:62: file link 'selectMethod' in package 'methods' does not exist and so has been treated as a topic
Rd warning: C:/Users/biocbuild/bbs-3.10-bioc/tmpdir/RtmpMFXr0q/R.INSTALLf6472b6bf/BiocGenerics/man/sort.Rd:65: file link 'sort,Vector-method' in package 'S4Vectors' does not exist and so has been treated as a topic
Rd warning: C:/Users/biocbuild/bbs-3.10-bioc/tmpdir/RtmpMFXr0q/R.INSTALLf6472b6bf/BiocGenerics/man/sort.Rd:67: file link 'Vector' in package 'S4Vectors' does not exist and so has been treated as a topic
Rd warning: C:/Users/biocbuild/bbs-3.10-bioc/tmpdir/RtmpMFXr0q/R.INSTALLf6472b6bf/BiocGenerics/man/start.Rd:64: file link 'selectMethod' in package 'methods' does not exist and so has been treated as a topic
Rd warning: C:/Users/biocbuild/bbs-3.10-bioc/tmpdir/RtmpMFXr0q/R.INSTALLf6472b6bf/BiocGenerics/man/start.Rd:67: file link 'start,IRanges-method' in package 'IRanges' does not exist and so has been treated as a topic
Rd warning: C:/Users/biocbuild/bbs-3.10-bioc/tmpdir/RtmpMFXr0q/R.INSTALLf6472b6bf/BiocGenerics/man/start.Rd:69: file link 'IRanges' in package 'IRanges' does not exist and so has been treated as a topic
Rd warning: C:/Users/biocbuild/bbs-3.10-bioc/tmpdir/RtmpMFXr0q/R.INSTALLf6472b6bf/BiocGenerics/man/start.Rd:71: file link 'pos,UnstitchedIPos-method' in package 'IRanges' does not exist and so has been treated as a topic
Rd warning: C:/Users/biocbuild/bbs-3.10-bioc/tmpdir/RtmpMFXr0q/R.INSTALLf6472b6bf/BiocGenerics/man/start.Rd:73: file link 'UnstitchedIPos' in package 'IRanges' does not exist and so has been treated as a topic
Rd warning: C:/Users/biocbuild/bbs-3.10-bioc/tmpdir/RtmpMFXr0q/R.INSTALLf6472b6bf/BiocGenerics/man/strand.Rd:73: file link 'selectMethod' in package 'methods' does not exist and so has been treated as a topic
Rd warning: C:/Users/biocbuild/bbs-3.10-bioc/tmpdir/RtmpMFXr0q/R.INSTALLf6472b6bf/BiocGenerics/man/strand.Rd:76: file link 'strand,GRanges-method' in package 'GenomicRanges' does not exist and so has been treated as a topic
Rd warning: C:/Users/biocbuild/bbs-3.10-bioc/tmpdir/RtmpMFXr0q/R.INSTALLf6472b6bf/BiocGenerics/man/strand.Rd:78: file link 'GRanges' in package 'GenomicRanges' does not exist and so has been treated as a topic
Rd warning: C:/Users/biocbuild/bbs-3.10-bioc/tmpdir/RtmpMFXr0q/R.INSTALLf6472b6bf/BiocGenerics/man/subset.Rd:46: file link 'selectMethod' in package 'methods' does not exist and so has been treated as a topic
Rd warning: C:/Users/biocbuild/bbs-3.10-bioc/tmpdir/RtmpMFXr0q/R.INSTALLf6472b6bf/BiocGenerics/man/subset.Rd:49: file link 'subset,DataTable-method' in package 'S4Vectors' does not exist and so has been treated as a topic
Rd warning: C:/Users/biocbuild/bbs-3.10-bioc/tmpdir/RtmpMFXr0q/R.INSTALLf6472b6bf/BiocGenerics/man/subset.Rd:51: file link 'DataTable' in package 'S4Vectors' does not exist and so has been treated as a topic
Rd warning: C:/Users/biocbuild/bbs-3.10-bioc/tmpdir/RtmpMFXr0q/R.INSTALLf6472b6bf/BiocGenerics/man/t.Rd:44: file link 'selectMethod' in package 'methods' does not exist and so has been treated as a topic
Rd warning: C:/Users/biocbuild/bbs-3.10-bioc/tmpdir/RtmpMFXr0q/R.INSTALLf6472b6bf/BiocGenerics/man/t.Rd:47: file link 't,Hits-method' in package 'S4Vectors' does not exist and so has been treated as a topic
Rd warning: C:/Users/biocbuild/bbs-3.10-bioc/tmpdir/RtmpMFXr0q/R.INSTALLf6472b6bf/BiocGenerics/man/t.Rd:49: file link 'Hits' in package 'S4Vectors' does not exist and so has been treated as a topic
Rd warning: C:/Users/biocbuild/bbs-3.10-bioc/tmpdir/RtmpMFXr0q/R.INSTALLf6472b6bf/BiocGenerics/man/table.Rd:46: file link 'selectMethod' in package 'methods' does not exist and so has been treated as a topic
Rd warning: C:/Users/biocbuild/bbs-3.10-bioc/tmpdir/RtmpMFXr0q/R.INSTALLf6472b6bf/BiocGenerics/man/table.Rd:49: file link 'table,Rle-method' in package 'S4Vectors' does not exist and so has been treated as a topic
Rd warning: C:/Users/biocbuild/bbs-3.10-bioc/tmpdir/RtmpMFXr0q/R.INSTALLf6472b6bf/BiocGenerics/man/table.Rd:51: file link 'Rle' in package 'S4Vectors' does not exist and so has been treated as a topic
Rd warning: C:/Users/biocbuild/bbs-3.10-bioc/tmpdir/RtmpMFXr0q/R.INSTALLf6472b6bf/BiocGenerics/man/tapply.Rd:64: file link 'selectMethod' in package 'methods' does not exist and so has been treated as a topic
Rd warning: C:/Users/biocbuild/bbs-3.10-bioc/tmpdir/RtmpMFXr0q/R.INSTALLf6472b6bf/BiocGenerics/man/tapply.Rd:67: file link 'tapply,Vector,ANY-method' in package 'IRanges' does not exist and so has been treated as a topic
Rd warning: C:/Users/biocbuild/bbs-3.10-bioc/tmpdir/RtmpMFXr0q/R.INSTALLf6472b6bf/BiocGenerics/man/tapply.Rd:69: file link 'Vector' in package 'S4Vectors' does not exist and so has been treated as a topic
Rd warning: C:/Users/biocbuild/bbs-3.10-bioc/tmpdir/RtmpMFXr0q/R.INSTALLf6472b6bf/BiocGenerics/man/toTable.Rd:37: file link 'selectMethod' in package 'methods' does not exist and so has been treated as a topic
Rd warning: C:/Users/biocbuild/bbs-3.10-bioc/tmpdir/RtmpMFXr0q/R.INSTALLf6472b6bf/BiocGenerics/man/toTable.Rd:40: file link 'toTable,Bimap-method' in package 'AnnotationDbi' does not exist and so has been treated as a topic
Rd warning: C:/Users/biocbuild/bbs-3.10-bioc/tmpdir/RtmpMFXr0q/R.INSTALLf6472b6bf/BiocGenerics/man/type.Rd:45: file link 'selectMethod' in package 'methods' does not exist and so has been treated as a topic
Rd warning: C:/Users/biocbuild/bbs-3.10-bioc/tmpdir/RtmpMFXr0q/R.INSTALLf6472b6bf/BiocGenerics/man/type.Rd:48: file link 'type,ANY-method' in package 'DelayedArray' does not exist and so has been treated as a topic
Rd warning: C:/Users/biocbuild/bbs-3.10-bioc/tmpdir/RtmpMFXr0q/R.INSTALLf6472b6bf/BiocGenerics/man/type.Rd:51: file link 'type,PairwiseAlignments-method' in package 'Biostrings' does not exist and so has been treated as a topic
Rd warning: C:/Users/biocbuild/bbs-3.10-bioc/tmpdir/RtmpMFXr0q/R.INSTALLf6472b6bf/BiocGenerics/man/type.Rd:53: file link 'PairwiseAlignments' in package 'Biostrings' does not exist and so has been treated as a topic
Rd warning: C:/Users/biocbuild/bbs-3.10-bioc/tmpdir/RtmpMFXr0q/R.INSTALLf6472b6bf/BiocGenerics/man/unique.Rd:57: file link 'selectMethod' in package 'methods' does not exist and so has been treated as a topic
Rd warning: C:/Users/biocbuild/bbs-3.10-bioc/tmpdir/RtmpMFXr0q/R.INSTALLf6472b6bf/BiocGenerics/man/unique.Rd:60: file link 'unique,Rle-method' in package 'S4Vectors' does not exist and so has been treated as a topic
Rd warning: C:/Users/biocbuild/bbs-3.10-bioc/tmpdir/RtmpMFXr0q/R.INSTALLf6472b6bf/BiocGenerics/man/unique.Rd:62: file link 'Rle' in package 'S4Vectors' does not exist and so has been treated as a topic
Rd warning: C:/Users/biocbuild/bbs-3.10-bioc/tmpdir/RtmpMFXr0q/R.INSTALLf6472b6bf/BiocGenerics/man/unlist.Rd:51: file link 'selectMethod' in package 'methods' does not exist and so has been treated as a topic
Rd warning: C:/Users/biocbuild/bbs-3.10-bioc/tmpdir/RtmpMFXr0q/R.INSTALLf6472b6bf/BiocGenerics/man/unlist.Rd:54: file link 'unlist,List-method' in package 'S4Vectors' does not exist and so has been treated as a topic
Rd warning: C:/Users/biocbuild/bbs-3.10-bioc/tmpdir/RtmpMFXr0q/R.INSTALLf6472b6bf/BiocGenerics/man/unlist.Rd:56: file link 'List' in package 'S4Vectors' does not exist and so has been treated as a topic
Rd warning: C:/Users/biocbuild/bbs-3.10-bioc/tmpdir/RtmpMFXr0q/R.INSTALLf6472b6bf/BiocGenerics/man/unsplit.Rd:14: file link 'unsplit' in package 'base' does not exist and so has been treated as a topic
Rd warning: C:/Users/biocbuild/bbs-3.10-bioc/tmpdir/RtmpMFXr0q/R.INSTALLf6472b6bf/BiocGenerics/man/unsplit.Rd:33: file link 'unsplit' in package 'base' does not exist and so has been treated as a topic
Rd warning: C:/Users/biocbuild/bbs-3.10-bioc/tmpdir/RtmpMFXr0q/R.INSTALLf6472b6bf/BiocGenerics/man/unsplit.Rd:39: file link 'unsplit' in package 'base' does not exist and so has been treated as a topic
Rd warning: C:/Users/biocbuild/bbs-3.10-bioc/tmpdir/RtmpMFXr0q/R.INSTALLf6472b6bf/BiocGenerics/man/unsplit.Rd:48: file link 'unsplit' in package 'base' does not exist and so has been treated as a topic
Rd warning: C:/Users/biocbuild/bbs-3.10-bioc/tmpdir/RtmpMFXr0q/R.INSTALLf6472b6bf/BiocGenerics/man/unsplit.Rd:54: file link 'selectMethod' in package 'methods' does not exist and so has been treated as a topic
Rd warning: C:/Users/biocbuild/bbs-3.10-bioc/tmpdir/RtmpMFXr0q/R.INSTALLf6472b6bf/BiocGenerics/man/unsplit.Rd:57: file link 'unsplit,List-method' in package 'IRanges' does not exist and so has been treated as a topic
Rd warning: C:/Users/biocbuild/bbs-3.10-bioc/tmpdir/RtmpMFXr0q/R.INSTALLf6472b6bf/BiocGenerics/man/unsplit.Rd:59: file link 'List' in package 'S4Vectors' does not exist and so has been treated as a topic
Rd warning: C:/Users/biocbuild/bbs-3.10-bioc/tmpdir/RtmpMFXr0q/R.INSTALLf6472b6bf/BiocGenerics/man/updateObject.Rd:130: file link 'selectMethod' in package 'methods' does not exist and so has been treated as a topic
Rd warning: C:/Users/biocbuild/bbs-3.10-bioc/tmpdir/RtmpMFXr0q/R.INSTALLf6472b6bf/BiocGenerics/man/var.Rd:14: file link 'var' in package 'stats' does not exist and so has been treated as a topic
Rd warning: C:/Users/biocbuild/bbs-3.10-bioc/tmpdir/RtmpMFXr0q/R.INSTALLf6472b6bf/BiocGenerics/man/var.Rd:32: file link 'var' in package 'stats' does not exist and so has been treated as a topic
Rd warning: C:/Users/biocbuild/bbs-3.10-bioc/tmpdir/RtmpMFXr0q/R.INSTALLf6472b6bf/BiocGenerics/man/var.Rd:36: file link 'var' in package 'stats' does not exist and so has been treated as a topic
Rd warning: C:/Users/biocbuild/bbs-3.10-bioc/tmpdir/RtmpMFXr0q/R.INSTALLf6472b6bf/BiocGenerics/man/var.Rd:45: file link 'var' in package 'stats' does not exist and so has been treated as a topic
Rd warning: C:/Users/biocbuild/bbs-3.10-bioc/tmpdir/RtmpMFXr0q/R.INSTALLf6472b6bf/BiocGenerics/man/var.Rd:51: file link 'selectMethod' in package 'methods' does not exist and so has been treated as a topic
Rd warning: C:/Users/biocbuild/bbs-3.10-bioc/tmpdir/RtmpMFXr0q/R.INSTALLf6472b6bf/BiocGenerics/man/weights.Rd:47: file link 'selectMethod' in package 'methods' does not exist and so has been treated as a topic
Rd warning: C:/Users/biocbuild/bbs-3.10-bioc/tmpdir/RtmpMFXr0q/R.INSTALLf6472b6bf/BiocGenerics/man/weights.Rd:50: file link 'weights,PLMset-method' in package 'affyPLM' does not exist and so has been treated as a topic
Rd warning: C:/Users/biocbuild/bbs-3.10-bioc/tmpdir/RtmpMFXr0q/R.INSTALLf6472b6bf/BiocGenerics/man/weights.Rd:52: file link 'PLMset' in package 'affyPLM' does not exist and so has been treated as a topic
Rd warning: C:/Users/biocbuild/bbs-3.10-bioc/tmpdir/RtmpMFXr0q/R.INSTALLf6472b6bf/BiocGenerics/man/which.Rd:57: file link 'NumericList' in package 'IRanges' does not exist and so has been treated as a topic
Rd warning: C:/Users/biocbuild/bbs-3.10-bioc/tmpdir/RtmpMFXr0q/R.INSTALLf6472b6bf/BiocGenerics/man/which.Rd:69: file link 'selectMethod' in package 'methods' does not exist and so has been treated as a topic
Rd warning: C:/Users/biocbuild/bbs-3.10-bioc/tmpdir/RtmpMFXr0q/R.INSTALLf6472b6bf/BiocGenerics/man/which.Rd:72: file link 'which.max,NumericList-method' in package 'IRanges' does not exist and so has been treated as a topic
Rd warning: C:/Users/biocbuild/bbs-3.10-bioc/tmpdir/RtmpMFXr0q/R.INSTALLf6472b6bf/BiocGenerics/man/which.Rd:75: file link 'NumericList' in package 'IRanges' does not exist and so has been treated as a topic
Rd warning: C:/Users/biocbuild/bbs-3.10-bioc/tmpdir/RtmpMFXr0q/R.INSTALLf6472b6bf/BiocGenerics/man/xtabs.Rd:52: file link 'selectMethod' in package 'methods' does not exist and so has been treated as a topic
Rd warning: C:/Users/biocbuild/bbs-3.10-bioc/tmpdir/RtmpMFXr0q/R.INSTALLf6472b6bf/BiocGenerics/man/xtabs.Rd:55: file link 'xtabs,DataTable-method' in package 'S4Vectors' does not exist and so has been treated as a topic
Rd warning: C:/Users/biocbuild/bbs-3.10-bioc/tmpdir/RtmpMFXr0q/R.INSTALLf6472b6bf/BiocGenerics/man/xtabs.Rd:57: file link 'DataTable' in package 'S4Vectors' does not exist and so has been treated as a topic
See 'C:/Users/biocbuild/bbs-3.10-bioc/meat/BiocGenerics.Rcheck/00install.out' for details.
* checking installed package size ... OK
* checking package directory ... OK
* checking DESCRIPTION meta-information ... NOTE
Packages listed in more than one of Depends, Imports, Suggests, Enhances:
'methods' 'utils' 'graphics' 'stats' 'parallel'
A package should be listed in only one of these fields.
* checking top-level files ... OK
* checking for left-over files ... OK
* checking index information ... OK
* checking package subdirectories ... OK
* checking R files for non-ASCII characters ... OK
* checking R files for syntax errors ... OK
* loading checks for arch 'i386'
** checking whether the package can be loaded ... OK
** checking whether the package can be loaded with stated dependencies ... OK
** checking whether the package can be unloaded cleanly ... OK
** checking whether the namespace can be loaded with stated dependencies ... OK
** checking whether the namespace can be unloaded cleanly ... OK
* loading checks for arch 'x64'
** checking whether the package can be loaded ... OK
** checking whether the package can be loaded with stated dependencies ... OK
** checking whether the package can be unloaded cleanly ... OK
** checking whether the namespace can be loaded with stated dependencies ... OK
** checking whether the namespace can be unloaded cleanly ... OK
* checking dependencies in R code ... NOTE
'library' or 'require' call to 'RUnit' in package code.
Please use :: or requireNamespace() instead.
See section 'Suggested packages' in the 'Writing R Extensions' manual.
* checking S3 generic/method consistency ... OK
* checking replacement functions ... OK
* checking foreign function calls ... OK
* checking R code for possible problems ... OK
* checking Rd files ... OK
* checking Rd metadata ... OK
* checking Rd cross-references ... WARNING
Missing link or links in documentation object 'as.data.frame.Rd':
'[IRanges]{as.data.frame,IntegerRanges-method}'
Missing link or links in documentation object 'order.Rd':
'[IRanges]{order,IntegerRanges-method}'
See section 'Cross-references' in the 'Writing R Extensions' manual.
* checking for missing documentation entries ... OK
* checking for code/documentation mismatches ... OK
* checking Rd \usage sections ... NOTE
S3 methods shown with full name in documentation object 'rep':
'rep.int'
The \usage entries for S3 methods should use the \method markup and not
their full name.
See chapter 'Writing R documentation files' in the 'Writing R
Extensions' manual.
* checking Rd contents ... OK
* checking for unstated dependencies in examples ... OK
* checking examples ...
** running examples for arch 'i386' ... OK
Examples with CPU or elapsed time > 5s
user system elapsed
plotMA 6.49 0.54 7.25
** running examples for arch 'x64' ... OK
Examples with CPU or elapsed time > 5s
user system elapsed
plotMA 7.4 0.22 7.63
* checking for unstated dependencies in 'tests' ... OK
* checking tests ...
** running tests for arch 'i386' ...
Running 'run_unitTests.R'
OK
** running tests for arch 'x64' ...
Running 'run_unitTests.R'
OK
* checking PDF version of manual ... OK
* DONE
Status: 2 WARNINGs, 3 NOTEs
See
'C:/Users/biocbuild/bbs-3.10-bioc/meat/BiocGenerics.Rcheck/00check.log'
for details.
BiocGenerics.Rcheck/00install.out
##############################################################################
##############################################################################
###
### Running command:
###
### C:\cygwin\bin\curl.exe -O https://malbec1.bioconductor.org/BBS/3.10/bioc/src/contrib/BiocGenerics_0.32.0.tar.gz && rm -rf BiocGenerics.buildbin-libdir && mkdir BiocGenerics.buildbin-libdir && C:\Users\biocbuild\bbs-3.10-bioc\R\bin\R.exe CMD INSTALL --merge-multiarch --build --library=BiocGenerics.buildbin-libdir BiocGenerics_0.32.0.tar.gz && C:\Users\biocbuild\bbs-3.10-bioc\R\bin\R.exe CMD INSTALL BiocGenerics_0.32.0.zip && rm BiocGenerics_0.32.0.tar.gz BiocGenerics_0.32.0.zip
###
##############################################################################
##############################################################################
% Total % Received % Xferd Average Speed Time Time Time Current
Dload Upload Total Spent Left Speed
0 0 0 0 0 0 0 0 --:--:-- --:--:-- --:--:-- 0
100 48185 100 48185 0 0 1292k 0 --:--:-- --:--:-- --:--:-- 1425k
install for i386
* installing *source* package 'BiocGenerics' ...
** using staged installation
** R
** inst
** byte-compile and prepare package for lazy loading
Creating a new generic function for 'append' in package 'BiocGenerics'
Creating a new generic function for 'as.data.frame' in package 'BiocGenerics'
Creating a new generic function for 'cbind' in package 'BiocGenerics'
Creating a new generic function for 'rbind' in package 'BiocGenerics'
Creating a new generic function for 'do.call' in package 'BiocGenerics'
Creating a new generic function for 'duplicated' in package 'BiocGenerics'
Creating a new generic function for 'anyDuplicated' in package 'BiocGenerics'
Creating a new generic function for 'eval' in package 'BiocGenerics'
Creating a new generic function for 'pmax' in package 'BiocGenerics'
Creating a new generic function for 'pmin' in package 'BiocGenerics'
Creating a new generic function for 'pmax.int' in package 'BiocGenerics'
Creating a new generic function for 'pmin.int' in package 'BiocGenerics'
Creating a new generic function for 'Reduce' in package 'BiocGenerics'
Creating a new generic function for 'Filter' in package 'BiocGenerics'
Creating a new generic function for 'Find' in package 'BiocGenerics'
Creating a new generic function for 'Map' in package 'BiocGenerics'
Creating a new generic function for 'Position' in package 'BiocGenerics'
Creating a new generic function for 'get' in package 'BiocGenerics'
Creating a new generic function for 'mget' in package 'BiocGenerics'
Creating a new generic function for 'grep' in package 'BiocGenerics'
Creating a new generic function for 'grepl' in package 'BiocGenerics'
Creating a new generic function for 'is.unsorted' in package 'BiocGenerics'
Creating a new generic function for 'lapply' in package 'BiocGenerics'
Creating a new generic function for 'sapply' in package 'BiocGenerics'
Creating a new generic function for 'mapply' in package 'BiocGenerics'
Creating a new generic function for 'match' in package 'BiocGenerics'
Creating a new generic function for 'order' in package 'BiocGenerics'
Creating a new generic function for 'paste' in package 'BiocGenerics'
Creating a new generic function for 'rank' in package 'BiocGenerics'
Creating a new generic function for 'rownames' in package 'BiocGenerics'
Creating a new generic function for 'colnames' in package 'BiocGenerics'
Creating a new generic function for 'union' in package 'BiocGenerics'
Creating a new generic function for 'intersect' in package 'BiocGenerics'
Creating a new generic function for 'setdiff' in package 'BiocGenerics'
Creating a new generic function for 'sort' in package 'BiocGenerics'
Creating a new generic function for 'table' in package 'BiocGenerics'
Creating a new generic function for 'tapply' in package 'BiocGenerics'
Creating a new generic function for 'unique' in package 'BiocGenerics'
Creating a new generic function for 'unsplit' in package 'BiocGenerics'
Creating a new generic function for 'var' in package 'BiocGenerics'
Creating a new generic function for 'sd' in package 'BiocGenerics'
Creating a new generic function for 'which' in package 'BiocGenerics'
Creating a new generic function for 'which.max' in package 'BiocGenerics'
Creating a new generic function for 'which.min' in package 'BiocGenerics'
Creating a new generic function for 'IQR' in package 'BiocGenerics'
Creating a new generic function for 'mad' in package 'BiocGenerics'
Creating a new generic function for 'xtabs' in package 'BiocGenerics'
Creating a new generic function for 'clusterCall' in package 'BiocGenerics'
Creating a new generic function for 'clusterApply' in package 'BiocGenerics'
Creating a new generic function for 'clusterApplyLB' in package 'BiocGenerics'
Creating a new generic function for 'clusterEvalQ' in package 'BiocGenerics'
Creating a new generic function for 'clusterExport' in package 'BiocGenerics'
Creating a new generic function for 'clusterMap' in package 'BiocGenerics'
Creating a new generic function for 'parLapply' in package 'BiocGenerics'
Creating a new generic function for 'parSapply' in package 'BiocGenerics'
Creating a new generic function for 'parApply' in package 'BiocGenerics'
Creating a new generic function for 'parRapply' in package 'BiocGenerics'
Creating a new generic function for 'parCapply' in package 'BiocGenerics'
Creating a new generic function for 'parLapplyLB' in package 'BiocGenerics'
Creating a new generic function for 'parSapplyLB' in package 'BiocGenerics'
Creating a new generic function for 'basename' in package 'BiocGenerics'
Creating a new generic function for 'dirname' in package 'BiocGenerics'
** help
*** installing help indices
converting help for package 'BiocGenerics'
finding HTML links ... done
BiocGenerics-package html
Rd warning: C:/Users/biocbuild/bbs-3.10-bioc/tmpdir/RtmpMFXr0q/R.INSTALLf6472b6bf/BiocGenerics/man/BiocGenerics-package.Rd:31: file link 'rbind' in package 'BiocGenerics' does not exist and so has been treated as a topic
Rd warning: C:/Users/biocbuild/bbs-3.10-bioc/tmpdir/RtmpMFXr0q/R.INSTALLf6472b6bf/BiocGenerics/man/BiocGenerics-package.Rd:34: file link 'rowSums' in package 'BiocGenerics' does not exist and so has been treated as a topic
Rd warning: C:/Users/biocbuild/bbs-3.10-bioc/tmpdir/RtmpMFXr0q/R.INSTALLf6472b6bf/BiocGenerics/man/BiocGenerics-package.Rd:35: file link 'colMeans' in package 'BiocGenerics' does not exist and so has been treated as a topic
Rd warning: C:/Users/biocbuild/bbs-3.10-bioc/tmpdir/RtmpMFXr0q/R.INSTALLf6472b6bf/BiocGenerics/man/BiocGenerics-package.Rd:36: file link 'rowMeans' in package 'BiocGenerics' does not exist and so has been treated as a topic
Rd warning: C:/Users/biocbuild/bbs-3.10-bioc/tmpdir/RtmpMFXr0q/R.INSTALLf6472b6bf/BiocGenerics/man/BiocGenerics-package.Rd:41: file link 'anyDuplicated' in package 'BiocGenerics' does not exist and so has been treated as a topic
Rd warning: C:/Users/biocbuild/bbs-3.10-bioc/tmpdir/RtmpMFXr0q/R.INSTALLf6472b6bf/BiocGenerics/man/BiocGenerics-package.Rd:46: file link 'pmax' in package 'BiocGenerics' does not exist and so has been treated as a topic
Rd warning: C:/Users/biocbuild/bbs-3.10-bioc/tmpdir/RtmpMFXr0q/R.INSTALLf6472b6bf/BiocGenerics/man/BiocGenerics-package.Rd:47: file link 'pmin' in package 'BiocGenerics' does not exist and so has been treated as a topic
Rd warning: C:/Users/biocbuild/bbs-3.10-bioc/tmpdir/RtmpMFXr0q/R.INSTALLf6472b6bf/BiocGenerics/man/BiocGenerics-package.Rd:48: file link 'pmax.int' in package 'BiocGenerics' does not exist and so has been treated as a topic
Rd warning: C:/Users/biocbuild/bbs-3.10-bioc/tmpdir/RtmpMFXr0q/R.INSTALLf6472b6bf/BiocGenerics/man/BiocGenerics-package.Rd:49: file link 'pmin.int' in package 'BiocGenerics' does not exist and so has been treated as a topic
Rd warning: C:/Users/biocbuild/bbs-3.10-bioc/tmpdir/RtmpMFXr0q/R.INSTALLf6472b6bf/BiocGenerics/man/BiocGenerics-package.Rd:52: file link 'Reduce' in package 'BiocGenerics' does not exist and so has been treated as a topic
Rd warning: C:/Users/biocbuild/bbs-3.10-bioc/tmpdir/RtmpMFXr0q/R.INSTALLf6472b6bf/BiocGenerics/man/BiocGenerics-package.Rd:53: file link 'Filter' in package 'BiocGenerics' does not exist and so has been treated as a topic
Rd warning: C:/Users/biocbuild/bbs-3.10-bioc/tmpdir/RtmpMFXr0q/R.INSTALLf6472b6bf/BiocGenerics/man/BiocGenerics-package.Rd:54: file link 'Find' in package 'BiocGenerics' does not exist and so has been treated as a topic
Rd warning: C:/Users/biocbuild/bbs-3.10-bioc/tmpdir/RtmpMFXr0q/R.INSTALLf6472b6bf/BiocGenerics/man/BiocGenerics-package.Rd:55: file link 'Map' in package 'BiocGenerics' does not exist and so has been treated as a topic
Rd warning: C:/Users/biocbuild/bbs-3.10-bioc/tmpdir/RtmpMFXr0q/R.INSTALLf6472b6bf/BiocGenerics/man/BiocGenerics-package.Rd:56: file link 'Position' in package 'BiocGenerics' does not exist and so has been treated as a topic
Rd warning: C:/Users/biocbuild/bbs-3.10-bioc/tmpdir/RtmpMFXr0q/R.INSTALLf6472b6bf/BiocGenerics/man/BiocGenerics-package.Rd:59: file link 'mget' in package 'BiocGenerics' does not exist and so has been treated as a topic
Rd warning: C:/Users/biocbuild/bbs-3.10-bioc/tmpdir/RtmpMFXr0q/R.INSTALLf6472b6bf/BiocGenerics/man/BiocGenerics-package.Rd:62: file link 'grepl' in package 'BiocGenerics' does not exist and so has been treated as a topic
Rd warning: C:/Users/biocbuild/bbs-3.10-bioc/tmpdir/RtmpMFXr0q/R.INSTALLf6472b6bf/BiocGenerics/man/BiocGenerics-package.Rd:67: file link 'sapply' in package 'BiocGenerics' does not exist and so has been treated as a topic
Rd warning: C:/Users/biocbuild/bbs-3.10-bioc/tmpdir/RtmpMFXr0q/R.INSTALLf6472b6bf/BiocGenerics/man/BiocGenerics-package.Rd:72: file link '%in%' in package 'BiocGenerics' does not exist and so has been treated as a topic
Rd warning: C:/Users/biocbuild/bbs-3.10-bioc/tmpdir/RtmpMFXr0q/R.INSTALLf6472b6bf/BiocGenerics/man/BiocGenerics-package.Rd:75: file link 'ncol' in package 'BiocGenerics' does not exist and so has been treated as a topic
Rd warning: C:/Users/biocbuild/bbs-3.10-bioc/tmpdir/RtmpMFXr0q/R.INSTALLf6472b6bf/BiocGenerics/man/BiocGenerics-package.Rd:76: file link 'NROW' in package 'BiocGenerics' does not exist and so has been treated as a topic
Rd warning: C:/Users/biocbuild/bbs-3.10-bioc/tmpdir/RtmpMFXr0q/R.INSTALLf6472b6bf/BiocGenerics/man/BiocGenerics-package.Rd:77: file link 'NCOL' in package 'BiocGenerics' does not exist and so has been treated as a topic
Rd warning: C:/Users/biocbuild/bbs-3.10-bioc/tmpdir/RtmpMFXr0q/R.INSTALLf6472b6bf/BiocGenerics/man/BiocGenerics-package.Rd:85: file link 'rep.int' in package 'BiocGenerics' does not exist and so has been treated as a topic
Rd warning: C:/Users/biocbuild/bbs-3.10-bioc/tmpdir/RtmpMFXr0q/R.INSTALLf6472b6bf/BiocGenerics/man/BiocGenerics-package.Rd:87: file link 'rownames' in package 'BiocGenerics' does not exist and so has been treated as a topic
Rd warning: C:/Users/biocbuild/bbs-3.10-bioc/tmpdir/RtmpMFXr0q/R.INSTALLf6472b6bf/BiocGenerics/man/BiocGenerics-package.Rd:88: file link 'rownames<-' in package 'BiocGenerics' does not exist and so has been treated as a topic
Rd warning: C:/Users/biocbuild/bbs-3.10-bioc/tmpdir/RtmpMFXr0q/R.INSTALLf6472b6bf/BiocGenerics/man/BiocGenerics-package.Rd:89: file link 'colnames' in package 'BiocGenerics' does not exist and so has been treated as a topic
Rd warning: C:/Users/biocbuild/bbs-3.10-bioc/tmpdir/RtmpMFXr0q/R.INSTALLf6472b6bf/BiocGenerics/man/BiocGenerics-package.Rd:90: file link 'colnames<-' in package 'BiocGenerics' does not exist and so has been treated as a topic
Rd warning: C:/Users/biocbuild/bbs-3.10-bioc/tmpdir/RtmpMFXr0q/R.INSTALLf6472b6bf/BiocGenerics/man/BiocGenerics-package.Rd:93: file link 'union' in package 'BiocGenerics' does not exist and so has been treated as a topic
Rd warning: C:/Users/biocbuild/bbs-3.10-bioc/tmpdir/RtmpMFXr0q/R.INSTALLf6472b6bf/BiocGenerics/man/BiocGenerics-package.Rd:94: file link 'intersect' in package 'BiocGenerics' does not exist and so has been treated as a topic
Rd warning: C:/Users/biocbuild/bbs-3.10-bioc/tmpdir/RtmpMFXr0q/R.INSTALLf6472b6bf/BiocGenerics/man/BiocGenerics-package.Rd:95: file link 'setdiff' in package 'BiocGenerics' does not exist and so has been treated as a topic
Rd warning: C:/Users/biocbuild/bbs-3.10-bioc/tmpdir/RtmpMFXr0q/R.INSTALLf6472b6bf/BiocGenerics/man/BiocGenerics-package.Rd:100: file link 'start<-' in package 'BiocGenerics' does not exist and so has been treated as a topic
Rd warning: C:/Users/biocbuild/bbs-3.10-bioc/tmpdir/RtmpMFXr0q/R.INSTALLf6472b6bf/BiocGenerics/man/BiocGenerics-package.Rd:101: file link 'end' in package 'BiocGenerics' does not exist and so has been treated as a topic
Rd warning: C:/Users/biocbuild/bbs-3.10-bioc/tmpdir/RtmpMFXr0q/R.INSTALLf6472b6bf/BiocGenerics/man/BiocGenerics-package.Rd:102: file link 'end<-' in package 'BiocGenerics' does not exist and so has been treated as a topic
Rd warning: C:/Users/biocbuild/bbs-3.10-bioc/tmpdir/RtmpMFXr0q/R.INSTALLf6472b6bf/BiocGenerics/man/BiocGenerics-package.Rd:103: file link 'width' in package 'BiocGenerics' does not exist and so has been treated as a topic
Rd warning: C:/Users/biocbuild/bbs-3.10-bioc/tmpdir/RtmpMFXr0q/R.INSTALLf6472b6bf/BiocGenerics/man/BiocGenerics-package.Rd:104: file link 'width<-' in package 'BiocGenerics' does not exist and so has been treated as a topic
Rd warning: C:/Users/biocbuild/bbs-3.10-bioc/tmpdir/RtmpMFXr0q/R.INSTALLf6472b6bf/BiocGenerics/man/BiocGenerics-package.Rd:105: file link 'pos' in package 'BiocGenerics' does not exist and so has been treated as a topic
Rd warning: C:/Users/biocbuild/bbs-3.10-bioc/tmpdir/RtmpMFXr0q/R.INSTALLf6472b6bf/BiocGenerics/man/BiocGenerics-package.Rd:143: file link 'clusterCall' in package 'BiocGenerics' does not exist and so has been treated as a topic
Rd warning: C:/Users/biocbuild/bbs-3.10-bioc/tmpdir/RtmpMFXr0q/R.INSTALLf6472b6bf/BiocGenerics/man/BiocGenerics-package.Rd:145: file link 'clusterApplyLB' in package 'BiocGenerics' does not exist and so has been treated as a topic
Rd warning: C:/Users/biocbuild/bbs-3.10-bioc/tmpdir/RtmpMFXr0q/R.INSTALLf6472b6bf/BiocGenerics/man/BiocGenerics-package.Rd:146: file link 'clusterEvalQ' in package 'BiocGenerics' does not exist and so has been treated as a topic
Rd warning: C:/Users/biocbuild/bbs-3.10-bioc/tmpdir/RtmpMFXr0q/R.INSTALLf6472b6bf/BiocGenerics/man/BiocGenerics-package.Rd:147: file link 'clusterExport' in package 'BiocGenerics' does not exist and so has been treated as a topic
Rd warning: C:/Users/biocbuild/bbs-3.10-bioc/tmpdir/RtmpMFXr0q/R.INSTALLf6472b6bf/BiocGenerics/man/BiocGenerics-package.Rd:148: file link 'clusterMap' in package 'BiocGenerics' does not exist and so has been treated as a topic
Rd warning: C:/Users/biocbuild/bbs-3.10-bioc/tmpdir/RtmpMFXr0q/R.INSTALLf6472b6bf/BiocGenerics/man/BiocGenerics-package.Rd:149: file link 'clusterSplit' in package 'BiocGenerics' does not exist and so has been treated as a topic
Rd warning: C:/Users/biocbuild/bbs-3.10-bioc/tmpdir/RtmpMFXr0q/R.INSTALLf6472b6bf/BiocGenerics/man/BiocGenerics-package.Rd:150: file link 'parLapply' in package 'BiocGenerics' does not exist and so has been treated as a topic
Rd warning: C:/Users/biocbuild/bbs-3.10-bioc/tmpdir/RtmpMFXr0q/R.INSTALLf6472b6bf/BiocGenerics/man/BiocGenerics-package.Rd:151: file link 'parSapply' in package 'BiocGenerics' does not exist and so has been treated as a topic
Rd warning: C:/Users/biocbuild/bbs-3.10-bioc/tmpdir/RtmpMFXr0q/R.INSTALLf6472b6bf/BiocGenerics/man/BiocGenerics-package.Rd:152: file link 'parApply' in package 'BiocGenerics' does not exist and so has been treated as a topic
Rd warning: C:/Users/biocbuild/bbs-3.10-bioc/tmpdir/RtmpMFXr0q/R.INSTALLf6472b6bf/BiocGenerics/man/BiocGenerics-package.Rd:153: file link 'parRapply' in package 'BiocGenerics' does not exist and so has been treated as a topic
Rd warning: C:/Users/biocbuild/bbs-3.10-bioc/tmpdir/RtmpMFXr0q/R.INSTALLf6472b6bf/BiocGenerics/man/BiocGenerics-package.Rd:154: file link 'parCapply' in package 'BiocGenerics' does not exist and so has been treated as a topic
Rd warning: C:/Users/biocbuild/bbs-3.10-bioc/tmpdir/RtmpMFXr0q/R.INSTALLf6472b6bf/BiocGenerics/man/BiocGenerics-package.Rd:155: file link 'parLapplyLB' in package 'BiocGenerics' does not exist and so has been treated as a topic
Rd warning: C:/Users/biocbuild/bbs-3.10-bioc/tmpdir/RtmpMFXr0q/R.INSTALLf6472b6bf/BiocGenerics/man/BiocGenerics-package.Rd:156: file link 'parSapplyLB' in package 'BiocGenerics' does not exist and so has been treated as a topic
Rd warning: C:/Users/biocbuild/bbs-3.10-bioc/tmpdir/RtmpMFXr0q/R.INSTALLf6472b6bf/BiocGenerics/man/BiocGenerics-package.Rd:163: file link 'annotation<-' in package 'BiocGenerics' does not exist and so has been treated as a topic
Rd warning: C:/Users/biocbuild/bbs-3.10-bioc/tmpdir/RtmpMFXr0q/R.INSTALLf6472b6bf/BiocGenerics/man/BiocGenerics-package.Rd:168: file link 'dbfile' in package 'BiocGenerics' does not exist and so has been treated as a topic
Rd warning: C:/Users/biocbuild/bbs-3.10-bioc/tmpdir/RtmpMFXr0q/R.INSTALLf6472b6bf/BiocGenerics/man/BiocGenerics-package.Rd:178: file link 'organism' in package 'BiocGenerics' does not exist and so has been treated as a topic
Rd warning: C:/Users/biocbuild/bbs-3.10-bioc/tmpdir/RtmpMFXr0q/R.INSTALLf6472b6bf/BiocGenerics/man/BiocGenerics-package.Rd:179: file link 'organism<-' in package 'BiocGenerics' does not exist and so has been treated as a topic
Rd warning: C:/Users/biocbuild/bbs-3.10-bioc/tmpdir/RtmpMFXr0q/R.INSTALLf6472b6bf/BiocGenerics/man/BiocGenerics-package.Rd:180: file link 'species' in package 'BiocGenerics' does not exist and so has been treated as a topic
Rd warning: C:/Users/biocbuild/bbs-3.10-bioc/tmpdir/RtmpMFXr0q/R.INSTALLf6472b6bf/BiocGenerics/man/BiocGenerics-package.Rd:181: file link 'species<-' in package 'BiocGenerics' does not exist and so has been treated as a topic
Rd warning: C:/Users/biocbuild/bbs-3.10-bioc/tmpdir/RtmpMFXr0q/R.INSTALLf6472b6bf/BiocGenerics/man/BiocGenerics-package.Rd:184: file link 'path<-' in package 'BiocGenerics' does not exist and so has been treated as a topic
Rd warning: C:/Users/biocbuild/bbs-3.10-bioc/tmpdir/RtmpMFXr0q/R.INSTALLf6472b6bf/BiocGenerics/man/BiocGenerics-package.Rd:185: file link 'basename' in package 'BiocGenerics' does not exist and so has been treated as a topic
Rd warning: C:/Users/biocbuild/bbs-3.10-bioc/tmpdir/RtmpMFXr0q/R.INSTALLf6472b6bf/BiocGenerics/man/BiocGenerics-package.Rd:186: file link 'basename<-' in package 'BiocGenerics' does not exist and so has been treated as a topic
Rd warning: C:/Users/biocbuild/bbs-3.10-bioc/tmpdir/RtmpMFXr0q/R.INSTALLf6472b6bf/BiocGenerics/man/BiocGenerics-package.Rd:187: file link 'dirname' in package 'BiocGenerics' does not exist and so has been treated as a topic
Rd warning: C:/Users/biocbuild/bbs-3.10-bioc/tmpdir/RtmpMFXr0q/R.INSTALLf6472b6bf/BiocGenerics/man/BiocGenerics-package.Rd:188: file link 'dirname<-' in package 'BiocGenerics' does not exist and so has been treated as a topic
Rd warning: C:/Users/biocbuild/bbs-3.10-bioc/tmpdir/RtmpMFXr0q/R.INSTALLf6472b6bf/BiocGenerics/man/BiocGenerics-package.Rd:195: file link 'score<-' in package 'BiocGenerics' does not exist and so has been treated as a topic
Rd warning: C:/Users/biocbuild/bbs-3.10-bioc/tmpdir/RtmpMFXr0q/R.INSTALLf6472b6bf/BiocGenerics/man/BiocGenerics-package.Rd:198: file link 'strand<-' in package 'BiocGenerics' does not exist and so has been treated as a topic
Rd warning: C:/Users/biocbuild/bbs-3.10-bioc/tmpdir/RtmpMFXr0q/R.INSTALLf6472b6bf/BiocGenerics/man/BiocGenerics-package.Rd:199: file link 'invertStrand' in package 'BiocGenerics' does not exist and so has been treated as a topic
Rd warning: C:/Users/biocbuild/bbs-3.10-bioc/tmpdir/RtmpMFXr0q/R.INSTALLf6472b6bf/BiocGenerics/man/BiocGenerics-package.Rd:204: file link 'type<-' in package 'BiocGenerics' does not exist and so has been treated as a topic
Rd warning: C:/Users/biocbuild/bbs-3.10-bioc/tmpdir/RtmpMFXr0q/R.INSTALLf6472b6bf/BiocGenerics/man/BiocGenerics-package.Rd:243: file link 'selectMethod' in package 'methods' does not exist and so has been treated as a topic
Extremes html
Rd warning: C:/Users/biocbuild/bbs-3.10-bioc/tmpdir/RtmpMFXr0q/R.INSTALLf6472b6bf/BiocGenerics/man/Extremes.Rd:18: file link 'pmax' in package 'base' does not exist and so has been treated as a topic
Rd warning: C:/Users/biocbuild/bbs-3.10-bioc/tmpdir/RtmpMFXr0q/R.INSTALLf6472b6bf/BiocGenerics/man/Extremes.Rd:38: file link 'pmax' in package 'base' does not exist and so has been treated as a topic
Rd warning: C:/Users/biocbuild/bbs-3.10-bioc/tmpdir/RtmpMFXr0q/R.INSTALLf6472b6bf/BiocGenerics/man/Extremes.Rd:44: file link 'pmax' in package 'base' does not exist and so has been treated as a topic
Rd warning: C:/Users/biocbuild/bbs-3.10-bioc/tmpdir/RtmpMFXr0q/R.INSTALLf6472b6bf/BiocGenerics/man/Extremes.Rd:53: file link 'pmax' in package 'base' does not exist and so has been treated as a topic
Rd warning: C:/Users/biocbuild/bbs-3.10-bioc/tmpdir/RtmpMFXr0q/R.INSTALLf6472b6bf/BiocGenerics/man/Extremes.Rd:59: file link 'selectMethod' in package 'methods' does not exist and so has been treated as a topic
Rd warning: C:/Users/biocbuild/bbs-3.10-bioc/tmpdir/RtmpMFXr0q/R.INSTALLf6472b6bf/BiocGenerics/man/Extremes.Rd:62: file link 'pmax,Rle-method' in package 'S4Vectors' does not exist and so has been treated as a topic
Rd warning: C:/Users/biocbuild/bbs-3.10-bioc/tmpdir/RtmpMFXr0q/R.INSTALLf6472b6bf/BiocGenerics/man/Extremes.Rd:64: file link 'Rle' in package 'S4Vectors' does not exist and so has been treated as a topic
IQR html
Rd warning: C:/Users/biocbuild/bbs-3.10-bioc/tmpdir/RtmpMFXr0q/R.INSTALLf6472b6bf/BiocGenerics/man/IQR.Rd:44: file link 'selectMethod' in package 'methods' does not exist and so has been treated as a topic
Ontology html
Rd warning: C:/Users/biocbuild/bbs-3.10-bioc/tmpdir/RtmpMFXr0q/R.INSTALLf6472b6bf/BiocGenerics/man/Ontology.Rd:26: file link 'selectMethod' in package 'methods' does not exist and so has been treated as a topic
Rd warning: C:/Users/biocbuild/bbs-3.10-bioc/tmpdir/RtmpMFXr0q/R.INSTALLf6472b6bf/BiocGenerics/man/Ontology.Rd:29: file link 'Ontology,GOTerms-method' in package 'AnnotationDbi' does not exist and so has been treated as a topic
Rd warning: C:/Users/biocbuild/bbs-3.10-bioc/tmpdir/RtmpMFXr0q/R.INSTALLf6472b6bf/BiocGenerics/man/Ontology.Rd:31: file link 'GOTerms' in package 'AnnotationDbi' does not exist and so has been treated as a topic
S3-classes-as-S4-classes html
annotation html
Rd warning: C:/Users/biocbuild/bbs-3.10-bioc/tmpdir/RtmpMFXr0q/R.INSTALLf6472b6bf/BiocGenerics/man/annotation.Rd:34: file link 'selectMethod' in package 'methods' does not exist and so has been treated as a topic
Rd warning: C:/Users/biocbuild/bbs-3.10-bioc/tmpdir/RtmpMFXr0q/R.INSTALLf6472b6bf/BiocGenerics/man/annotation.Rd:37: file link 'annotation,eSet-method' in package 'Biobase' does not exist and so has been treated as a topic
Rd warning: C:/Users/biocbuild/bbs-3.10-bioc/tmpdir/RtmpMFXr0q/R.INSTALLf6472b6bf/BiocGenerics/man/annotation.Rd:39: file link 'eSet' in package 'Biobase' does not exist and so has been treated as a topic
append html
Rd warning: C:/Users/biocbuild/bbs-3.10-bioc/tmpdir/RtmpMFXr0q/R.INSTALLf6472b6bf/BiocGenerics/man/append.Rd:54: file link 'selectMethod' in package 'methods' does not exist and so has been treated as a topic
Rd warning: C:/Users/biocbuild/bbs-3.10-bioc/tmpdir/RtmpMFXr0q/R.INSTALLf6472b6bf/BiocGenerics/man/append.Rd:57: file link 'append,Vector,Vector-method' in package 'S4Vectors' does not exist and so has been treated as a topic
Rd warning: C:/Users/biocbuild/bbs-3.10-bioc/tmpdir/RtmpMFXr0q/R.INSTALLf6472b6bf/BiocGenerics/man/append.Rd:59: file link 'Vector' in package 'S4Vectors' does not exist and so has been treated as a topic
as.data.frame html
Rd warning: C:/Users/biocbuild/bbs-3.10-bioc/tmpdir/RtmpMFXr0q/R.INSTALLf6472b6bf/BiocGenerics/man/as.data.frame.Rd:53: file link 'selectMethod' in package 'methods' does not exist and so has been treated as a topic
Rd warning: C:/Users/biocbuild/bbs-3.10-bioc/tmpdir/RtmpMFXr0q/R.INSTALLf6472b6bf/BiocGenerics/man/as.data.frame.Rd:56: file link 'as.data.frame,DataFrame-method' in package 'S4Vectors' does not exist and so has been treated as a topic
Rd warning: C:/Users/biocbuild/bbs-3.10-bioc/tmpdir/RtmpMFXr0q/R.INSTALLf6472b6bf/BiocGenerics/man/as.data.frame.Rd:58: missing file link 'as.data.frame,IntegerRanges-method'
Rd warning: C:/Users/biocbuild/bbs-3.10-bioc/tmpdir/RtmpMFXr0q/R.INSTALLf6472b6bf/BiocGenerics/man/as.data.frame.Rd:60: file link 'DataFrame' in package 'S4Vectors' does not exist and so has been treated as a topic
Rd warning: C:/Users/biocbuild/bbs-3.10-bioc/tmpdir/RtmpMFXr0q/R.INSTALLf6472b6bf/BiocGenerics/man/as.data.frame.Rd:61: file link 'IntegerRanges' in package 'IRanges' does not exist and so has been treated as a topic
as.vector html
Rd warning: C:/Users/biocbuild/bbs-3.10-bioc/tmpdir/RtmpMFXr0q/R.INSTALLf6472b6bf/BiocGenerics/man/as.vector.Rd:15: file link 'as.vector' in package 'base' does not exist and so has been treated as a topic
Rd warning: C:/Users/biocbuild/bbs-3.10-bioc/tmpdir/RtmpMFXr0q/R.INSTALLf6472b6bf/BiocGenerics/man/as.vector.Rd:30: file link 'as.vector' in package 'base' does not exist and so has been treated as a topic
Rd warning: C:/Users/biocbuild/bbs-3.10-bioc/tmpdir/RtmpMFXr0q/R.INSTALLf6472b6bf/BiocGenerics/man/as.vector.Rd:38: file link 'as.vector' in package 'base' does not exist and so has been treated as a topic
Rd warning: C:/Users/biocbuild/bbs-3.10-bioc/tmpdir/RtmpMFXr0q/R.INSTALLf6472b6bf/BiocGenerics/man/as.vector.Rd:47: file link 'as.vector' in package 'base' does not exist and so has been treated as a topic
Rd warning: C:/Users/biocbuild/bbs-3.10-bioc/tmpdir/RtmpMFXr0q/R.INSTALLf6472b6bf/BiocGenerics/man/as.vector.Rd:53: file link 'selectMethod' in package 'methods' does not exist and so has been treated as a topic
Rd warning: C:/Users/biocbuild/bbs-3.10-bioc/tmpdir/RtmpMFXr0q/R.INSTALLf6472b6bf/BiocGenerics/man/as.vector.Rd:56: file link 'as.vector,Rle-method' in package 'S4Vectors' does not exist and so has been treated as a topic
Rd warning: C:/Users/biocbuild/bbs-3.10-bioc/tmpdir/RtmpMFXr0q/R.INSTALLf6472b6bf/BiocGenerics/man/as.vector.Rd:57: file link 'as.vector,AtomicList-method' in package 'IRanges' does not exist and so has been treated as a topic
Rd warning: C:/Users/biocbuild/bbs-3.10-bioc/tmpdir/RtmpMFXr0q/R.INSTALLf6472b6bf/BiocGenerics/man/as.vector.Rd:59: file link 'Rle' in package 'S4Vectors' does not exist and so has been treated as a topic
Rd warning: C:/Users/biocbuild/bbs-3.10-bioc/tmpdir/RtmpMFXr0q/R.INSTALLf6472b6bf/BiocGenerics/man/as.vector.Rd:60: file link 'AtomicList' in package 'IRanges' does not exist and so has been treated as a topic
boxplot html
Rd warning: C:/Users/biocbuild/bbs-3.10-bioc/tmpdir/RtmpMFXr0q/R.INSTALLf6472b6bf/BiocGenerics/man/boxplot.Rd:44: file link 'selectMethod' in package 'methods' does not exist and so has been treated as a topic
Rd warning: C:/Users/biocbuild/bbs-3.10-bioc/tmpdir/RtmpMFXr0q/R.INSTALLf6472b6bf/BiocGenerics/man/boxplot.Rd:47: file link 'boxplot,FeatureSet-method' in package 'oligo' does not exist and so has been treated as a topic
Rd warning: C:/Users/biocbuild/bbs-3.10-bioc/tmpdir/RtmpMFXr0q/R.INSTALLf6472b6bf/BiocGenerics/man/boxplot.Rd:49: file link 'FeatureSet' in package 'oligoClasses' does not exist and so has been treated as a topic
cbind html
Rd warning: C:/Users/biocbuild/bbs-3.10-bioc/tmpdir/RtmpMFXr0q/R.INSTALLf6472b6bf/BiocGenerics/man/cbind.Rd:53: file link 'selectMethod' in package 'methods' does not exist and so has been treated as a topic
Rd warning: C:/Users/biocbuild/bbs-3.10-bioc/tmpdir/RtmpMFXr0q/R.INSTALLf6472b6bf/BiocGenerics/man/cbind.Rd:56: file link 'cbind,DataFrame-method' in package 'S4Vectors' does not exist and so has been treated as a topic
Rd warning: C:/Users/biocbuild/bbs-3.10-bioc/tmpdir/RtmpMFXr0q/R.INSTALLf6472b6bf/BiocGenerics/man/cbind.Rd:58: file link 'DataFrame' in package 'S4Vectors' does not exist and so has been treated as a topic
clusterApply html
Rd warning: C:/Users/biocbuild/bbs-3.10-bioc/tmpdir/RtmpMFXr0q/R.INSTALLf6472b6bf/BiocGenerics/man/clusterApply.Rd:98: file link 'selectMethod' in package 'methods' does not exist and so has been treated as a topic
colSums html
Rd warning: C:/Users/biocbuild/bbs-3.10-bioc/tmpdir/RtmpMFXr0q/R.INSTALLf6472b6bf/BiocGenerics/man/colSums.Rd:56: file link 'selectMethod' in package 'methods' does not exist and so has been treated as a topic
Rd warning: C:/Users/biocbuild/bbs-3.10-bioc/tmpdir/RtmpMFXr0q/R.INSTALLf6472b6bf/BiocGenerics/man/colSums.Rd:59: file link 'colSums,DelayedMatrix-method' in package 'DelayedArray' does not exist and so has been treated as a topic
Rd warning: C:/Users/biocbuild/bbs-3.10-bioc/tmpdir/RtmpMFXr0q/R.INSTALLf6472b6bf/BiocGenerics/man/colSums.Rd:62: file link 'DelayedMatrix' in package 'DelayedArray' does not exist and so has been treated as a topic
combine html
Rd warning: C:/Users/biocbuild/bbs-3.10-bioc/tmpdir/RtmpMFXr0q/R.INSTALLf6472b6bf/BiocGenerics/man/combine.Rd:69: file link 'AnnotatedDataFrame' in package 'Biobase' does not exist and so has been treated as a topic
Rd warning: C:/Users/biocbuild/bbs-3.10-bioc/tmpdir/RtmpMFXr0q/R.INSTALLf6472b6bf/BiocGenerics/man/combine.Rd:70: file link 'MIAME' in package 'Biobase' does not exist and so has been treated as a topic
Rd warning: C:/Users/biocbuild/bbs-3.10-bioc/tmpdir/RtmpMFXr0q/R.INSTALLf6472b6bf/BiocGenerics/man/combine.Rd:71: file link 'eSet' in package 'Biobase' does not exist and so has been treated as a topic
Rd warning: C:/Users/biocbuild/bbs-3.10-bioc/tmpdir/RtmpMFXr0q/R.INSTALLf6472b6bf/BiocGenerics/man/combine.Rd:84: file link 'combine,AnnotatedDataFrame,AnnotatedDataFrame-method' in package 'Biobase' does not exist and so has been treated as a topic
Rd warning: C:/Users/biocbuild/bbs-3.10-bioc/tmpdir/RtmpMFXr0q/R.INSTALLf6472b6bf/BiocGenerics/man/combine.Rd:85: file link 'combine,AssayData,AssayData-method' in package 'Biobase' does not exist and so has been treated as a topic
Rd warning: C:/Users/biocbuild/bbs-3.10-bioc/tmpdir/RtmpMFXr0q/R.INSTALLf6472b6bf/BiocGenerics/man/combine.Rd:86: file link 'combine,MIAME,MIAME-method' in package 'Biobase' does not exist and so has been treated as a topic
Rd warning: C:/Users/biocbuild/bbs-3.10-bioc/tmpdir/RtmpMFXr0q/R.INSTALLf6472b6bf/BiocGenerics/man/combine.Rd:87: file link 'combine,eSet,eSet-method' in package 'Biobase' does not exist and so has been treated as a topic
Rd warning: C:/Users/biocbuild/bbs-3.10-bioc/tmpdir/RtmpMFXr0q/R.INSTALLf6472b6bf/BiocGenerics/man/combine.Rd:96: file link 'selectMethod' in package 'methods' does not exist and so has been treated as a topic
dbconn html
Rd warning: C:/Users/biocbuild/bbs-3.10-bioc/tmpdir/RtmpMFXr0q/R.INSTALLf6472b6bf/BiocGenerics/man/dbconn.Rd:36: file link 'selectMethod' in package 'methods' does not exist and so has been treated as a topic
Rd warning: C:/Users/biocbuild/bbs-3.10-bioc/tmpdir/RtmpMFXr0q/R.INSTALLf6472b6bf/BiocGenerics/man/dbconn.Rd:39: file link 'dbconn,AnnotationDb-method' in package 'AnnotationDbi' does not exist and so has been treated as a topic
Rd warning: C:/Users/biocbuild/bbs-3.10-bioc/tmpdir/RtmpMFXr0q/R.INSTALLf6472b6bf/BiocGenerics/man/dbconn.Rd:41: file link 'dbconn' in package 'AnnotationDbi' does not exist and so has been treated as a topic
density html
Rd warning: C:/Users/biocbuild/bbs-3.10-bioc/tmpdir/RtmpMFXr0q/R.INSTALLf6472b6bf/BiocGenerics/man/density.Rd:45: file link 'selectMethod' in package 'methods' does not exist and so has been treated as a topic
Rd warning: C:/Users/biocbuild/bbs-3.10-bioc/tmpdir/RtmpMFXr0q/R.INSTALLf6472b6bf/BiocGenerics/man/density.Rd:48: file link 'density,flowClust-method' in package 'flowClust' does not exist and so has been treated as a topic
dge html
dims html
Rd warning: C:/Users/biocbuild/bbs-3.10-bioc/tmpdir/RtmpMFXr0q/R.INSTALLf6472b6bf/BiocGenerics/man/dims.Rd:27: file link 'selectMethod' in package 'methods' does not exist and so has been treated as a topic
Rd warning: C:/Users/biocbuild/bbs-3.10-bioc/tmpdir/RtmpMFXr0q/R.INSTALLf6472b6bf/BiocGenerics/man/dims.Rd:30: file link 'dims,eSet-method' in package 'Biobase' does not exist and so has been treated as a topic
Rd warning: C:/Users/biocbuild/bbs-3.10-bioc/tmpdir/RtmpMFXr0q/R.INSTALLf6472b6bf/BiocGenerics/man/dims.Rd:32: file link 'eSet' in package 'Biobase' does not exist and so has been treated as a topic
do.call html
Rd warning: C:/Users/biocbuild/bbs-3.10-bioc/tmpdir/RtmpMFXr0q/R.INSTALLf6472b6bf/BiocGenerics/man/do.call.Rd:61: file link 'selectMethod' in package 'methods' does not exist and so has been treated as a topic
duplicated html
Rd warning: C:/Users/biocbuild/bbs-3.10-bioc/tmpdir/RtmpMFXr0q/R.INSTALLf6472b6bf/BiocGenerics/man/duplicated.Rd:69: file link 'selectMethod' in package 'methods' does not exist and so has been treated as a topic
Rd warning: C:/Users/biocbuild/bbs-3.10-bioc/tmpdir/RtmpMFXr0q/R.INSTALLf6472b6bf/BiocGenerics/man/duplicated.Rd:72: file link 'duplicated,Rle-method' in package 'S4Vectors' does not exist and so has been treated as a topic
Rd warning: C:/Users/biocbuild/bbs-3.10-bioc/tmpdir/RtmpMFXr0q/R.INSTALLf6472b6bf/BiocGenerics/man/duplicated.Rd:74: file link 'Rle' in package 'S4Vectors' does not exist and so has been treated as a topic
eval html
Rd warning: C:/Users/biocbuild/bbs-3.10-bioc/tmpdir/RtmpMFXr0q/R.INSTALLf6472b6bf/BiocGenerics/man/eval.Rd:58: file link 'selectMethod' in package 'methods' does not exist and so has been treated as a topic
Rd warning: C:/Users/biocbuild/bbs-3.10-bioc/tmpdir/RtmpMFXr0q/R.INSTALLf6472b6bf/BiocGenerics/man/eval.Rd:61: file link 'eval,expression,Vector-method' in package 'IRanges' does not exist and so has been treated as a topic
Rd warning: C:/Users/biocbuild/bbs-3.10-bioc/tmpdir/RtmpMFXr0q/R.INSTALLf6472b6bf/BiocGenerics/man/eval.Rd:64: file link 'Vector' in package 'S4Vectors' does not exist and so has been treated as a topic
evalq html
Rd warning: C:/Users/biocbuild/bbs-3.10-bioc/tmpdir/RtmpMFXr0q/R.INSTALLf6472b6bf/BiocGenerics/man/evalq.Rd:12: file link 'evalq' in package 'base' does not exist and so has been treated as a topic
Rd warning: C:/Users/biocbuild/bbs-3.10-bioc/tmpdir/RtmpMFXr0q/R.INSTALLf6472b6bf/BiocGenerics/man/evalq.Rd:34: file link 'evalq' in package 'base' does not exist and so has been treated as a topic
Rd warning: C:/Users/biocbuild/bbs-3.10-bioc/tmpdir/RtmpMFXr0q/R.INSTALLf6472b6bf/BiocGenerics/man/evalq.Rd:40: file link 'evalq' in package 'base' does not exist and so has been treated as a topic
Rd warning: C:/Users/biocbuild/bbs-3.10-bioc/tmpdir/RtmpMFXr0q/R.INSTALLf6472b6bf/BiocGenerics/man/evalq.Rd:45: file link 'evalq' in package 'base' does not exist and so has been treated as a topic
fileName html
Rd warning: C:/Users/biocbuild/bbs-3.10-bioc/tmpdir/RtmpMFXr0q/R.INSTALLf6472b6bf/BiocGenerics/man/fileName.Rd:29: file link 'selectMethod' in package 'methods' does not exist and so has been treated as a topic
Rd warning: C:/Users/biocbuild/bbs-3.10-bioc/tmpdir/RtmpMFXr0q/R.INSTALLf6472b6bf/BiocGenerics/man/fileName.Rd:32: file link 'fileName,MSmap-method' in package 'MSnbase' does not exist and so has been treated as a topic
Rd warning: C:/Users/biocbuild/bbs-3.10-bioc/tmpdir/RtmpMFXr0q/R.INSTALLf6472b6bf/BiocGenerics/man/fileName.Rd:34: file link 'MSmap' in package 'MSnbase' does not exist and so has been treated as a topic
funprog html
Rd warning: C:/Users/biocbuild/bbs-3.10-bioc/tmpdir/RtmpMFXr0q/R.INSTALLf6472b6bf/BiocGenerics/man/funprog.Rd:26: file link 'Reduce' in package 'base' does not exist and so has been treated as a topic
Rd warning: C:/Users/biocbuild/bbs-3.10-bioc/tmpdir/RtmpMFXr0q/R.INSTALLf6472b6bf/BiocGenerics/man/funprog.Rd:43: file link 'Reduce' in package 'base' does not exist and so has been treated as a topic
Rd warning: C:/Users/biocbuild/bbs-3.10-bioc/tmpdir/RtmpMFXr0q/R.INSTALLf6472b6bf/BiocGenerics/man/funprog.Rd:55: file link 'Reduce' in package 'base' does not exist and so has been treated as a topic
Rd warning: C:/Users/biocbuild/bbs-3.10-bioc/tmpdir/RtmpMFXr0q/R.INSTALLf6472b6bf/BiocGenerics/man/funprog.Rd:64: file link 'Reduce' in package 'base' does not exist and so has been treated as a topic
Rd warning: C:/Users/biocbuild/bbs-3.10-bioc/tmpdir/RtmpMFXr0q/R.INSTALLf6472b6bf/BiocGenerics/man/funprog.Rd:70: file link 'selectMethod' in package 'methods' does not exist and so has been treated as a topic
Rd warning: C:/Users/biocbuild/bbs-3.10-bioc/tmpdir/RtmpMFXr0q/R.INSTALLf6472b6bf/BiocGenerics/man/funprog.Rd:73: file link 'Reduce,List-method' in package 'S4Vectors' does not exist and so has been treated as a topic
Rd warning: C:/Users/biocbuild/bbs-3.10-bioc/tmpdir/RtmpMFXr0q/R.INSTALLf6472b6bf/BiocGenerics/man/funprog.Rd:75: file link 'List' in package 'S4Vectors' does not exist and so has been treated as a topic
get html
Rd warning: C:/Users/biocbuild/bbs-3.10-bioc/tmpdir/RtmpMFXr0q/R.INSTALLf6472b6bf/BiocGenerics/man/get.Rd:64: file link 'selectMethod' in package 'methods' does not exist and so has been treated as a topic
Rd warning: C:/Users/biocbuild/bbs-3.10-bioc/tmpdir/RtmpMFXr0q/R.INSTALLf6472b6bf/BiocGenerics/man/get.Rd:67: file link 'get,ANY,Bimap,missing-method' in package 'AnnotationDbi' does not exist and so has been treated as a topic
grep html
Rd warning: C:/Users/biocbuild/bbs-3.10-bioc/tmpdir/RtmpMFXr0q/R.INSTALLf6472b6bf/BiocGenerics/man/grep.Rd:56: file link 'selectMethod' in package 'methods' does not exist and so has been treated as a topic
image html
Rd warning: C:/Users/biocbuild/bbs-3.10-bioc/tmpdir/RtmpMFXr0q/R.INSTALLf6472b6bf/BiocGenerics/man/image.Rd:46: file link 'selectMethod' in package 'methods' does not exist and so has been treated as a topic
Rd warning: C:/Users/biocbuild/bbs-3.10-bioc/tmpdir/RtmpMFXr0q/R.INSTALLf6472b6bf/BiocGenerics/man/image.Rd:49: file link 'image,FeatureSet-method' in package 'oligo' does not exist and so has been treated as a topic
Rd warning: C:/Users/biocbuild/bbs-3.10-bioc/tmpdir/RtmpMFXr0q/R.INSTALLf6472b6bf/BiocGenerics/man/image.Rd:51: file link 'FeatureSet' in package 'oligoClasses' does not exist and so has been treated as a topic
is.unsorted html
Rd warning: C:/Users/biocbuild/bbs-3.10-bioc/tmpdir/RtmpMFXr0q/R.INSTALLf6472b6bf/BiocGenerics/man/is.unsorted.Rd:63: file link 'selectMethod' in package 'methods' does not exist and so has been treated as a topic
Rd warning: C:/Users/biocbuild/bbs-3.10-bioc/tmpdir/RtmpMFXr0q/R.INSTALLf6472b6bf/BiocGenerics/man/is.unsorted.Rd:66: file link 'is.unsorted,GenomicRanges-method' in package 'GenomicRanges' does not exist and so has been treated as a topic
Rd warning: C:/Users/biocbuild/bbs-3.10-bioc/tmpdir/RtmpMFXr0q/R.INSTALLf6472b6bf/BiocGenerics/man/is.unsorted.Rd:69: file link 'GenomicRanges' in package 'GenomicRanges' does not exist and so has been treated as a topic
lapply html
Rd warning: C:/Users/biocbuild/bbs-3.10-bioc/tmpdir/RtmpMFXr0q/R.INSTALLf6472b6bf/BiocGenerics/man/lapply.Rd:61: file link 'selectMethod' in package 'methods' does not exist and so has been treated as a topic
Rd warning: C:/Users/biocbuild/bbs-3.10-bioc/tmpdir/RtmpMFXr0q/R.INSTALLf6472b6bf/BiocGenerics/man/lapply.Rd:64: file link 'lapply,List-method' in package 'S4Vectors' does not exist and so has been treated as a topic
Rd warning: C:/Users/biocbuild/bbs-3.10-bioc/tmpdir/RtmpMFXr0q/R.INSTALLf6472b6bf/BiocGenerics/man/lapply.Rd:66: file link 'List' in package 'S4Vectors' does not exist and so has been treated as a topic
mad html
Rd warning: C:/Users/biocbuild/bbs-3.10-bioc/tmpdir/RtmpMFXr0q/R.INSTALLf6472b6bf/BiocGenerics/man/mad.Rd:46: file link 'selectMethod' in package 'methods' does not exist and so has been treated as a topic
mapply html
Rd warning: C:/Users/biocbuild/bbs-3.10-bioc/tmpdir/RtmpMFXr0q/R.INSTALLf6472b6bf/BiocGenerics/man/mapply.Rd:9: file link 'sapply' in package 'BiocGenerics' does not exist and so has been treated as a topic
Rd warning: C:/Users/biocbuild/bbs-3.10-bioc/tmpdir/RtmpMFXr0q/R.INSTALLf6472b6bf/BiocGenerics/man/mapply.Rd:54: file link 'selectMethod' in package 'methods' does not exist and so has been treated as a topic
match html
Rd warning: C:/Users/biocbuild/bbs-3.10-bioc/tmpdir/RtmpMFXr0q/R.INSTALLf6472b6bf/BiocGenerics/man/match.Rd:66: file link 'selectMethod' in package 'methods' does not exist and so has been treated as a topic
Rd warning: C:/Users/biocbuild/bbs-3.10-bioc/tmpdir/RtmpMFXr0q/R.INSTALLf6472b6bf/BiocGenerics/man/match.Rd:69: file link 'match,Hits,Hits-method' in package 'S4Vectors' does not exist and so has been treated as a topic
Rd warning: C:/Users/biocbuild/bbs-3.10-bioc/tmpdir/RtmpMFXr0q/R.INSTALLf6472b6bf/BiocGenerics/man/match.Rd:70: file link '%in%,Rle,ANY-method' in package 'S4Vectors' does not exist and so has been treated as a topic
Rd warning: C:/Users/biocbuild/bbs-3.10-bioc/tmpdir/RtmpMFXr0q/R.INSTALLf6472b6bf/BiocGenerics/man/match.Rd:72: file link 'Hits' in package 'S4Vectors' does not exist and so has been treated as a topic
Rd warning: C:/Users/biocbuild/bbs-3.10-bioc/tmpdir/RtmpMFXr0q/R.INSTALLf6472b6bf/BiocGenerics/man/match.Rd:73: file link 'Rle' in package 'S4Vectors' does not exist and so has been treated as a topic
mean html
Rd warning: C:/Users/biocbuild/bbs-3.10-bioc/tmpdir/RtmpMFXr0q/R.INSTALLf6472b6bf/BiocGenerics/man/mean.Rd:46: file link 'selectMethod' in package 'methods' does not exist and so has been treated as a topic
Rd warning: C:/Users/biocbuild/bbs-3.10-bioc/tmpdir/RtmpMFXr0q/R.INSTALLf6472b6bf/BiocGenerics/man/mean.Rd:49: file link 'mean,Rle-method' in package 'S4Vectors' does not exist and so has been treated as a topic
Rd warning: C:/Users/biocbuild/bbs-3.10-bioc/tmpdir/RtmpMFXr0q/R.INSTALLf6472b6bf/BiocGenerics/man/mean.Rd:51: file link 'Rle' in package 'S4Vectors' does not exist and so has been treated as a topic
normalize html
Rd warning: C:/Users/biocbuild/bbs-3.10-bioc/tmpdir/RtmpMFXr0q/R.INSTALLf6472b6bf/BiocGenerics/man/normalize.Rd:38: file link 'selectMethod' in package 'methods' does not exist and so has been treated as a topic
Rd warning: C:/Users/biocbuild/bbs-3.10-bioc/tmpdir/RtmpMFXr0q/R.INSTALLf6472b6bf/BiocGenerics/man/normalize.Rd:41: file link 'normalize,AffyBatch-method' in package 'affy' does not exist and so has been treated as a topic
Rd warning: C:/Users/biocbuild/bbs-3.10-bioc/tmpdir/RtmpMFXr0q/R.INSTALLf6472b6bf/BiocGenerics/man/normalize.Rd:42: file link 'normalize,FeatureSet-method' in package 'oligo' does not exist and so has been treated as a topic
Rd warning: C:/Users/biocbuild/bbs-3.10-bioc/tmpdir/RtmpMFXr0q/R.INSTALLf6472b6bf/BiocGenerics/man/normalize.Rd:44: file link 'AffyBatch' in package 'affy' does not exist and so has been treated as a topic
Rd warning: C:/Users/biocbuild/bbs-3.10-bioc/tmpdir/RtmpMFXr0q/R.INSTALLf6472b6bf/BiocGenerics/man/normalize.Rd:44: file link 'FeatureSet' in package 'oligoClasses' does not exist and so has been treated as a topic
nrow html
Rd warning: C:/Users/biocbuild/bbs-3.10-bioc/tmpdir/RtmpMFXr0q/R.INSTALLf6472b6bf/BiocGenerics/man/nrow.Rd:50: file link 'selectMethod' in package 'methods' does not exist and so has been treated as a topic
Rd warning: C:/Users/biocbuild/bbs-3.10-bioc/tmpdir/RtmpMFXr0q/R.INSTALLf6472b6bf/BiocGenerics/man/nrow.Rd:53: file link 'nrow,DataFrame-method' in package 'S4Vectors' does not exist and so has been treated as a topic
Rd warning: C:/Users/biocbuild/bbs-3.10-bioc/tmpdir/RtmpMFXr0q/R.INSTALLf6472b6bf/BiocGenerics/man/nrow.Rd:55: file link 'DataFrame' in package 'S4Vectors' does not exist and so has been treated as a topic
order html
Rd warning: C:/Users/biocbuild/bbs-3.10-bioc/tmpdir/RtmpMFXr0q/R.INSTALLf6472b6bf/BiocGenerics/man/order.Rd:73: file link 'selectMethod' in package 'methods' does not exist and so has been treated as a topic
Rd warning: C:/Users/biocbuild/bbs-3.10-bioc/tmpdir/RtmpMFXr0q/R.INSTALLf6472b6bf/BiocGenerics/man/order.Rd:76: missing file link 'order,IntegerRanges-method'
Rd warning: C:/Users/biocbuild/bbs-3.10-bioc/tmpdir/RtmpMFXr0q/R.INSTALLf6472b6bf/BiocGenerics/man/order.Rd:78: file link 'IntegerRanges' in package 'IRanges' does not exist and so has been treated as a topic
organism_species html
Rd warning: C:/Users/biocbuild/bbs-3.10-bioc/tmpdir/RtmpMFXr0q/R.INSTALLf6472b6bf/BiocGenerics/man/organism_species.Rd:63: file link 'selectMethod' in package 'methods' does not exist and so has been treated as a topic
Rd warning: C:/Users/biocbuild/bbs-3.10-bioc/tmpdir/RtmpMFXr0q/R.INSTALLf6472b6bf/BiocGenerics/man/organism_species.Rd:66: file link 'organism,character-method' in package 'annotate' does not exist and so has been treated as a topic
Rd warning: C:/Users/biocbuild/bbs-3.10-bioc/tmpdir/RtmpMFXr0q/R.INSTALLf6472b6bf/BiocGenerics/man/organism_species.Rd:67: file link 'organism,chromLocation-method' in package 'annotate' does not exist and so has been treated as a topic
Rd warning: C:/Users/biocbuild/bbs-3.10-bioc/tmpdir/RtmpMFXr0q/R.INSTALLf6472b6bf/BiocGenerics/man/organism_species.Rd:69: file link 'chromLocation' in package 'annotate' does not exist and so has been treated as a topic
Rd warning: C:/Users/biocbuild/bbs-3.10-bioc/tmpdir/RtmpMFXr0q/R.INSTALLf6472b6bf/BiocGenerics/man/organism_species.Rd:72: file link 'species,AnnotationDb-method' in package 'AnnotationDbi' does not exist and so has been treated as a topic
Rd warning: C:/Users/biocbuild/bbs-3.10-bioc/tmpdir/RtmpMFXr0q/R.INSTALLf6472b6bf/BiocGenerics/man/organism_species.Rd:74: file link 'AnnotationDb' in package 'AnnotationDbi' does not exist and so has been treated as a topic
paste html
Rd warning: C:/Users/biocbuild/bbs-3.10-bioc/tmpdir/RtmpMFXr0q/R.INSTALLf6472b6bf/BiocGenerics/man/paste.Rd:49: file link 'selectMethod' in package 'methods' does not exist and so has been treated as a topic
Rd warning: C:/Users/biocbuild/bbs-3.10-bioc/tmpdir/RtmpMFXr0q/R.INSTALLf6472b6bf/BiocGenerics/man/paste.Rd:52: file link 'paste,Rle-method' in package 'S4Vectors' does not exist and so has been treated as a topic
Rd warning: C:/Users/biocbuild/bbs-3.10-bioc/tmpdir/RtmpMFXr0q/R.INSTALLf6472b6bf/BiocGenerics/man/paste.Rd:54: file link 'Rle' in package 'S4Vectors' does not exist and so has been treated as a topic
path html
Rd warning: C:/Users/biocbuild/bbs-3.10-bioc/tmpdir/RtmpMFXr0q/R.INSTALLf6472b6bf/BiocGenerics/man/path.Rd:91: file link 'selectMethod' in package 'methods' does not exist and so has been treated as a topic
Rd warning: C:/Users/biocbuild/bbs-3.10-bioc/tmpdir/RtmpMFXr0q/R.INSTALLf6472b6bf/BiocGenerics/man/path.Rd:94: file link 'path,RsamtoolsFile-method' in package 'Rsamtools' does not exist and so has been treated as a topic
Rd warning: C:/Users/biocbuild/bbs-3.10-bioc/tmpdir/RtmpMFXr0q/R.INSTALLf6472b6bf/BiocGenerics/man/path.Rd:96: file link 'RsamtoolsFile' in package 'Rsamtools' does not exist and so has been treated as a topic
plotMA html
Rd warning: C:/Users/biocbuild/bbs-3.10-bioc/tmpdir/RtmpMFXr0q/R.INSTALLf6472b6bf/BiocGenerics/man/plotMA.Rd:35: file link 'selectMethod' in package 'methods' does not exist and so has been treated as a topic
plotPCA html
Rd warning: C:/Users/biocbuild/bbs-3.10-bioc/tmpdir/RtmpMFXr0q/R.INSTALLf6472b6bf/BiocGenerics/man/plotPCA.Rd:36: file link 'selectMethod' in package 'methods' does not exist and so has been treated as a topic
rank html
Rd warning: C:/Users/biocbuild/bbs-3.10-bioc/tmpdir/RtmpMFXr0q/R.INSTALLf6472b6bf/BiocGenerics/man/rank.Rd:70: file link 'selectMethod' in package 'methods' does not exist and so has been treated as a topic
Rd warning: C:/Users/biocbuild/bbs-3.10-bioc/tmpdir/RtmpMFXr0q/R.INSTALLf6472b6bf/BiocGenerics/man/rank.Rd:73: file link 'rank,Vector-method' in package 'S4Vectors' does not exist and so has been treated as a topic
Rd warning: C:/Users/biocbuild/bbs-3.10-bioc/tmpdir/RtmpMFXr0q/R.INSTALLf6472b6bf/BiocGenerics/man/rank.Rd:75: file link 'Vector' in package 'S4Vectors' does not exist and so has been treated as a topic
relist html
Rd warning: C:/Users/biocbuild/bbs-3.10-bioc/tmpdir/RtmpMFXr0q/R.INSTALLf6472b6bf/BiocGenerics/man/relist.Rd:46: file link 'selectMethod' in package 'methods' does not exist and so has been treated as a topic
Rd warning: C:/Users/biocbuild/bbs-3.10-bioc/tmpdir/RtmpMFXr0q/R.INSTALLf6472b6bf/BiocGenerics/man/relist.Rd:49: file link 'relist,ANY,List-method' in package 'IRanges' does not exist and so has been treated as a topic
Rd warning: C:/Users/biocbuild/bbs-3.10-bioc/tmpdir/RtmpMFXr0q/R.INSTALLf6472b6bf/BiocGenerics/man/relist.Rd:51: file link 'List' in package 'S4Vectors' does not exist and so has been treated as a topic
rep html
Rd warning: C:/Users/biocbuild/bbs-3.10-bioc/tmpdir/RtmpMFXr0q/R.INSTALLf6472b6bf/BiocGenerics/man/rep.Rd:12: file link 'rep.int' in package 'base' does not exist and so has been treated as a topic
Rd warning: C:/Users/biocbuild/bbs-3.10-bioc/tmpdir/RtmpMFXr0q/R.INSTALLf6472b6bf/BiocGenerics/man/rep.Rd:27: file link 'rep.int' in package 'base' does not exist and so has been treated as a topic
Rd warning: C:/Users/biocbuild/bbs-3.10-bioc/tmpdir/RtmpMFXr0q/R.INSTALLf6472b6bf/BiocGenerics/man/rep.Rd:33: file link 'rep.int' in package 'base' does not exist and so has been treated as a topic
Rd warning: C:/Users/biocbuild/bbs-3.10-bioc/tmpdir/RtmpMFXr0q/R.INSTALLf6472b6bf/BiocGenerics/man/rep.Rd:42: file link 'rep.int' in package 'base' does not exist and so has been treated as a topic
Rd warning: C:/Users/biocbuild/bbs-3.10-bioc/tmpdir/RtmpMFXr0q/R.INSTALLf6472b6bf/BiocGenerics/man/rep.Rd:48: file link 'selectMethod' in package 'methods' does not exist and so has been treated as a topic
Rd warning: C:/Users/biocbuild/bbs-3.10-bioc/tmpdir/RtmpMFXr0q/R.INSTALLf6472b6bf/BiocGenerics/man/rep.Rd:51: file link 'rep.int,Rle-method' in package 'S4Vectors' does not exist and so has been treated as a topic
Rd warning: C:/Users/biocbuild/bbs-3.10-bioc/tmpdir/RtmpMFXr0q/R.INSTALLf6472b6bf/BiocGenerics/man/rep.Rd:53: file link 'Rle' in package 'S4Vectors' does not exist and so has been treated as a topic
residuals html
Rd warning: C:/Users/biocbuild/bbs-3.10-bioc/tmpdir/RtmpMFXr0q/R.INSTALLf6472b6bf/BiocGenerics/man/residuals.Rd:41: file link 'selectMethod' in package 'methods' does not exist and so has been treated as a topic
Rd warning: C:/Users/biocbuild/bbs-3.10-bioc/tmpdir/RtmpMFXr0q/R.INSTALLf6472b6bf/BiocGenerics/man/residuals.Rd:44: file link 'residuals,PLMset-method' in package 'affyPLM' does not exist and so has been treated as a topic
Rd warning: C:/Users/biocbuild/bbs-3.10-bioc/tmpdir/RtmpMFXr0q/R.INSTALLf6472b6bf/BiocGenerics/man/residuals.Rd:46: file link 'PLMset' in package 'affyPLM' does not exist and so has been treated as a topic
row_colnames html
Rd warning: C:/Users/biocbuild/bbs-3.10-bioc/tmpdir/RtmpMFXr0q/R.INSTALLf6472b6bf/BiocGenerics/man/row_colnames.Rd:17: file link 'rownames' in package 'base' does not exist and so has been treated as a topic
Rd warning: C:/Users/biocbuild/bbs-3.10-bioc/tmpdir/RtmpMFXr0q/R.INSTALLf6472b6bf/BiocGenerics/man/row_colnames.Rd:36: file link 'rownames' in package 'base' does not exist and so has been treated as a topic
Rd warning: C:/Users/biocbuild/bbs-3.10-bioc/tmpdir/RtmpMFXr0q/R.INSTALLf6472b6bf/BiocGenerics/man/row_colnames.Rd:50: file link 'rownames' in package 'base' does not exist and so has been treated as a topic
Rd warning: C:/Users/biocbuild/bbs-3.10-bioc/tmpdir/RtmpMFXr0q/R.INSTALLf6472b6bf/BiocGenerics/man/row_colnames.Rd:59: file link 'rownames' in package 'base' does not exist and so has been treated as a topic
Rd warning: C:/Users/biocbuild/bbs-3.10-bioc/tmpdir/RtmpMFXr0q/R.INSTALLf6472b6bf/BiocGenerics/man/row_colnames.Rd:66: file link 'selectMethod' in package 'methods' does not exist and so has been treated as a topic
Rd warning: C:/Users/biocbuild/bbs-3.10-bioc/tmpdir/RtmpMFXr0q/R.INSTALLf6472b6bf/BiocGenerics/man/row_colnames.Rd:69: file link 'rownames,DataFrame-method' in package 'S4Vectors' does not exist and so has been treated as a topic
Rd warning: C:/Users/biocbuild/bbs-3.10-bioc/tmpdir/RtmpMFXr0q/R.INSTALLf6472b6bf/BiocGenerics/man/row_colnames.Rd:71: file link 'DataFrame' in package 'S4Vectors' does not exist and so has been treated as a topic
score html
Rd warning: C:/Users/biocbuild/bbs-3.10-bioc/tmpdir/RtmpMFXr0q/R.INSTALLf6472b6bf/BiocGenerics/man/score.Rd:34: file link 'selectMethod' in package 'methods' does not exist and so has been treated as a topic
Rd warning: C:/Users/biocbuild/bbs-3.10-bioc/tmpdir/RtmpMFXr0q/R.INSTALLf6472b6bf/BiocGenerics/man/score.Rd:37: file link 'score,GenomicRanges-method' in package 'GenomicRanges' does not exist and so has been treated as a topic
Rd warning: C:/Users/biocbuild/bbs-3.10-bioc/tmpdir/RtmpMFXr0q/R.INSTALLf6472b6bf/BiocGenerics/man/score.Rd:39: file link 'GenomicRanges' in package 'GenomicRanges' does not exist and so has been treated as a topic
sets html
Rd warning: C:/Users/biocbuild/bbs-3.10-bioc/tmpdir/RtmpMFXr0q/R.INSTALLf6472b6bf/BiocGenerics/man/sets.Rd:17: file link 'union' in package 'base' does not exist and so has been treated as a topic
Rd warning: C:/Users/biocbuild/bbs-3.10-bioc/tmpdir/RtmpMFXr0q/R.INSTALLf6472b6bf/BiocGenerics/man/sets.Rd:39: file link 'union' in package 'base' does not exist and so has been treated as a topic
Rd warning: C:/Users/biocbuild/bbs-3.10-bioc/tmpdir/RtmpMFXr0q/R.INSTALLf6472b6bf/BiocGenerics/man/sets.Rd:57: file link 'GenomicRanges' in package 'GenomicRanges' does not exist and so has been treated as a topic
Rd warning: C:/Users/biocbuild/bbs-3.10-bioc/tmpdir/RtmpMFXr0q/R.INSTALLf6472b6bf/BiocGenerics/man/sets.Rd:65: file link 'union' in package 'base' does not exist and so has been treated as a topic
Rd warning: C:/Users/biocbuild/bbs-3.10-bioc/tmpdir/RtmpMFXr0q/R.INSTALLf6472b6bf/BiocGenerics/man/sets.Rd:71: file link 'selectMethod' in package 'methods' does not exist and so has been treated as a topic
Rd warning: C:/Users/biocbuild/bbs-3.10-bioc/tmpdir/RtmpMFXr0q/R.INSTALLf6472b6bf/BiocGenerics/man/sets.Rd:74: file link 'union,GenomicRanges,GenomicRanges-method' in package 'GenomicRanges' does not exist and so has been treated as a topic
Rd warning: C:/Users/biocbuild/bbs-3.10-bioc/tmpdir/RtmpMFXr0q/R.INSTALLf6472b6bf/BiocGenerics/man/sets.Rd:77: file link 'GenomicRanges' in package 'GenomicRanges' does not exist and so has been treated as a topic
sort html
Rd warning: C:/Users/biocbuild/bbs-3.10-bioc/tmpdir/RtmpMFXr0q/R.INSTALLf6472b6bf/BiocGenerics/man/sort.Rd:62: file link 'selectMethod' in package 'methods' does not exist and so has been treated as a topic
Rd warning: C:/Users/biocbuild/bbs-3.10-bioc/tmpdir/RtmpMFXr0q/R.INSTALLf6472b6bf/BiocGenerics/man/sort.Rd:65: file link 'sort,Vector-method' in package 'S4Vectors' does not exist and so has been treated as a topic
Rd warning: C:/Users/biocbuild/bbs-3.10-bioc/tmpdir/RtmpMFXr0q/R.INSTALLf6472b6bf/BiocGenerics/man/sort.Rd:67: file link 'Vector' in package 'S4Vectors' does not exist and so has been treated as a topic
start html
Rd warning: C:/Users/biocbuild/bbs-3.10-bioc/tmpdir/RtmpMFXr0q/R.INSTALLf6472b6bf/BiocGenerics/man/start.Rd:64: file link 'selectMethod' in package 'methods' does not exist and so has been treated as a topic
Rd warning: C:/Users/biocbuild/bbs-3.10-bioc/tmpdir/RtmpMFXr0q/R.INSTALLf6472b6bf/BiocGenerics/man/start.Rd:67: file link 'start,IRanges-method' in package 'IRanges' does not exist and so has been treated as a topic
Rd warning: C:/Users/biocbuild/bbs-3.10-bioc/tmpdir/RtmpMFXr0q/R.INSTALLf6472b6bf/BiocGenerics/man/start.Rd:69: file link 'IRanges' in package 'IRanges' does not exist and so has been treated as a topic
Rd warning: C:/Users/biocbuild/bbs-3.10-bioc/tmpdir/RtmpMFXr0q/R.INSTALLf6472b6bf/BiocGenerics/man/start.Rd:71: file link 'pos,UnstitchedIPos-method' in package 'IRanges' does not exist and so has been treated as a topic
Rd warning: C:/Users/biocbuild/bbs-3.10-bioc/tmpdir/RtmpMFXr0q/R.INSTALLf6472b6bf/BiocGenerics/man/start.Rd:73: file link 'UnstitchedIPos' in package 'IRanges' does not exist and so has been treated as a topic
strand html
Rd warning: C:/Users/biocbuild/bbs-3.10-bioc/tmpdir/RtmpMFXr0q/R.INSTALLf6472b6bf/BiocGenerics/man/strand.Rd:73: file link 'selectMethod' in package 'methods' does not exist and so has been treated as a topic
Rd warning: C:/Users/biocbuild/bbs-3.10-bioc/tmpdir/RtmpMFXr0q/R.INSTALLf6472b6bf/BiocGenerics/man/strand.Rd:76: file link 'strand,GRanges-method' in package 'GenomicRanges' does not exist and so has been treated as a topic
Rd warning: C:/Users/biocbuild/bbs-3.10-bioc/tmpdir/RtmpMFXr0q/R.INSTALLf6472b6bf/BiocGenerics/man/strand.Rd:78: file link 'GRanges' in package 'GenomicRanges' does not exist and so has been treated as a topic
subset html
Rd warning: C:/Users/biocbuild/bbs-3.10-bioc/tmpdir/RtmpMFXr0q/R.INSTALLf6472b6bf/BiocGenerics/man/subset.Rd:46: file link 'selectMethod' in package 'methods' does not exist and so has been treated as a topic
Rd warning: C:/Users/biocbuild/bbs-3.10-bioc/tmpdir/RtmpMFXr0q/R.INSTALLf6472b6bf/BiocGenerics/man/subset.Rd:49: file link 'subset,DataTable-method' in package 'S4Vectors' does not exist and so has been treated as a topic
Rd warning: C:/Users/biocbuild/bbs-3.10-bioc/tmpdir/RtmpMFXr0q/R.INSTALLf6472b6bf/BiocGenerics/man/subset.Rd:51: file link 'DataTable' in package 'S4Vectors' does not exist and so has been treated as a topic
t html
Rd warning: C:/Users/biocbuild/bbs-3.10-bioc/tmpdir/RtmpMFXr0q/R.INSTALLf6472b6bf/BiocGenerics/man/t.Rd:44: file link 'selectMethod' in package 'methods' does not exist and so has been treated as a topic
Rd warning: C:/Users/biocbuild/bbs-3.10-bioc/tmpdir/RtmpMFXr0q/R.INSTALLf6472b6bf/BiocGenerics/man/t.Rd:47: file link 't,Hits-method' in package 'S4Vectors' does not exist and so has been treated as a topic
Rd warning: C:/Users/biocbuild/bbs-3.10-bioc/tmpdir/RtmpMFXr0q/R.INSTALLf6472b6bf/BiocGenerics/man/t.Rd:49: file link 'Hits' in package 'S4Vectors' does not exist and so has been treated as a topic
table html
Rd warning: C:/Users/biocbuild/bbs-3.10-bioc/tmpdir/RtmpMFXr0q/R.INSTALLf6472b6bf/BiocGenerics/man/table.Rd:46: file link 'selectMethod' in package 'methods' does not exist and so has been treated as a topic
Rd warning: C:/Users/biocbuild/bbs-3.10-bioc/tmpdir/RtmpMFXr0q/R.INSTALLf6472b6bf/BiocGenerics/man/table.Rd:49: file link 'table,Rle-method' in package 'S4Vectors' does not exist and so has been treated as a topic
Rd warning: C:/Users/biocbuild/bbs-3.10-bioc/tmpdir/RtmpMFXr0q/R.INSTALLf6472b6bf/BiocGenerics/man/table.Rd:51: file link 'Rle' in package 'S4Vectors' does not exist and so has been treated as a topic
tapply html
Rd warning: C:/Users/biocbuild/bbs-3.10-bioc/tmpdir/RtmpMFXr0q/R.INSTALLf6472b6bf/BiocGenerics/man/tapply.Rd:64: file link 'selectMethod' in package 'methods' does not exist and so has been treated as a topic
Rd warning: C:/Users/biocbuild/bbs-3.10-bioc/tmpdir/RtmpMFXr0q/R.INSTALLf6472b6bf/BiocGenerics/man/tapply.Rd:67: file link 'tapply,Vector,ANY-method' in package 'IRanges' does not exist and so has been treated as a topic
Rd warning: C:/Users/biocbuild/bbs-3.10-bioc/tmpdir/RtmpMFXr0q/R.INSTALLf6472b6bf/BiocGenerics/man/tapply.Rd:69: file link 'Vector' in package 'S4Vectors' does not exist and so has been treated as a topic
testPackage html
toTable html
Rd warning: C:/Users/biocbuild/bbs-3.10-bioc/tmpdir/RtmpMFXr0q/R.INSTALLf6472b6bf/BiocGenerics/man/toTable.Rd:37: file link 'selectMethod' in package 'methods' does not exist and so has been treated as a topic
Rd warning: C:/Users/biocbuild/bbs-3.10-bioc/tmpdir/RtmpMFXr0q/R.INSTALLf6472b6bf/BiocGenerics/man/toTable.Rd:40: file link 'toTable,Bimap-method' in package 'AnnotationDbi' does not exist and so has been treated as a topic
type html
Rd warning: C:/Users/biocbuild/bbs-3.10-bioc/tmpdir/RtmpMFXr0q/R.INSTALLf6472b6bf/BiocGenerics/man/type.Rd:45: file link 'selectMethod' in package 'methods' does not exist and so has been treated as a topic
Rd warning: C:/Users/biocbuild/bbs-3.10-bioc/tmpdir/RtmpMFXr0q/R.INSTALLf6472b6bf/BiocGenerics/man/type.Rd:48: file link 'type,ANY-method' in package 'DelayedArray' does not exist and so has been treated as a topic
Rd warning: C:/Users/biocbuild/bbs-3.10-bioc/tmpdir/RtmpMFXr0q/R.INSTALLf6472b6bf/BiocGenerics/man/type.Rd:51: file link 'type,PairwiseAlignments-method' in package 'Biostrings' does not exist and so has been treated as a topic
Rd warning: C:/Users/biocbuild/bbs-3.10-bioc/tmpdir/RtmpMFXr0q/R.INSTALLf6472b6bf/BiocGenerics/man/type.Rd:53: file link 'PairwiseAlignments' in package 'Biostrings' does not exist and so has been treated as a topic
unique html
Rd warning: C:/Users/biocbuild/bbs-3.10-bioc/tmpdir/RtmpMFXr0q/R.INSTALLf6472b6bf/BiocGenerics/man/unique.Rd:57: file link 'selectMethod' in package 'methods' does not exist and so has been treated as a topic
Rd warning: C:/Users/biocbuild/bbs-3.10-bioc/tmpdir/RtmpMFXr0q/R.INSTALLf6472b6bf/BiocGenerics/man/unique.Rd:60: file link 'unique,Rle-method' in package 'S4Vectors' does not exist and so has been treated as a topic
Rd warning: C:/Users/biocbuild/bbs-3.10-bioc/tmpdir/RtmpMFXr0q/R.INSTALLf6472b6bf/BiocGenerics/man/unique.Rd:62: file link 'Rle' in package 'S4Vectors' does not exist and so has been treated as a topic
unlist html
Rd warning: C:/Users/biocbuild/bbs-3.10-bioc/tmpdir/RtmpMFXr0q/R.INSTALLf6472b6bf/BiocGenerics/man/unlist.Rd:51: file link 'selectMethod' in package 'methods' does not exist and so has been treated as a topic
Rd warning: C:/Users/biocbuild/bbs-3.10-bioc/tmpdir/RtmpMFXr0q/R.INSTALLf6472b6bf/BiocGenerics/man/unlist.Rd:54: file link 'unlist,List-method' in package 'S4Vectors' does not exist and so has been treated as a topic
Rd warning: C:/Users/biocbuild/bbs-3.10-bioc/tmpdir/RtmpMFXr0q/R.INSTALLf6472b6bf/BiocGenerics/man/unlist.Rd:56: file link 'List' in package 'S4Vectors' does not exist and so has been treated as a topic
unsplit html
Rd warning: C:/Users/biocbuild/bbs-3.10-bioc/tmpdir/RtmpMFXr0q/R.INSTALLf6472b6bf/BiocGenerics/man/unsplit.Rd:14: file link 'unsplit' in package 'base' does not exist and so has been treated as a topic
Rd warning: C:/Users/biocbuild/bbs-3.10-bioc/tmpdir/RtmpMFXr0q/R.INSTALLf6472b6bf/BiocGenerics/man/unsplit.Rd:33: file link 'unsplit' in package 'base' does not exist and so has been treated as a topic
Rd warning: C:/Users/biocbuild/bbs-3.10-bioc/tmpdir/RtmpMFXr0q/R.INSTALLf6472b6bf/BiocGenerics/man/unsplit.Rd:39: file link 'unsplit' in package 'base' does not exist and so has been treated as a topic
Rd warning: C:/Users/biocbuild/bbs-3.10-bioc/tmpdir/RtmpMFXr0q/R.INSTALLf6472b6bf/BiocGenerics/man/unsplit.Rd:48: file link 'unsplit' in package 'base' does not exist and so has been treated as a topic
Rd warning: C:/Users/biocbuild/bbs-3.10-bioc/tmpdir/RtmpMFXr0q/R.INSTALLf6472b6bf/BiocGenerics/man/unsplit.Rd:54: file link 'selectMethod' in package 'methods' does not exist and so has been treated as a topic
Rd warning: C:/Users/biocbuild/bbs-3.10-bioc/tmpdir/RtmpMFXr0q/R.INSTALLf6472b6bf/BiocGenerics/man/unsplit.Rd:57: file link 'unsplit,List-method' in package 'IRanges' does not exist and so has been treated as a topic
Rd warning: C:/Users/biocbuild/bbs-3.10-bioc/tmpdir/RtmpMFXr0q/R.INSTALLf6472b6bf/BiocGenerics/man/unsplit.Rd:59: file link 'List' in package 'S4Vectors' does not exist and so has been treated as a topic
updateObject html
Rd warning: C:/Users/biocbuild/bbs-3.10-bioc/tmpdir/RtmpMFXr0q/R.INSTALLf6472b6bf/BiocGenerics/man/updateObject.Rd:130: file link 'selectMethod' in package 'methods' does not exist and so has been treated as a topic
var html
Rd warning: C:/Users/biocbuild/bbs-3.10-bioc/tmpdir/RtmpMFXr0q/R.INSTALLf6472b6bf/BiocGenerics/man/var.Rd:14: file link 'var' in package 'stats' does not exist and so has been treated as a topic
Rd warning: C:/Users/biocbuild/bbs-3.10-bioc/tmpdir/RtmpMFXr0q/R.INSTALLf6472b6bf/BiocGenerics/man/var.Rd:32: file link 'var' in package 'stats' does not exist and so has been treated as a topic
Rd warning: C:/Users/biocbuild/bbs-3.10-bioc/tmpdir/RtmpMFXr0q/R.INSTALLf6472b6bf/BiocGenerics/man/var.Rd:36: file link 'var' in package 'stats' does not exist and so has been treated as a topic
Rd warning: C:/Users/biocbuild/bbs-3.10-bioc/tmpdir/RtmpMFXr0q/R.INSTALLf6472b6bf/BiocGenerics/man/var.Rd:45: file link 'var' in package 'stats' does not exist and so has been treated as a topic
Rd warning: C:/Users/biocbuild/bbs-3.10-bioc/tmpdir/RtmpMFXr0q/R.INSTALLf6472b6bf/BiocGenerics/man/var.Rd:51: file link 'selectMethod' in package 'methods' does not exist and so has been treated as a topic
weights html
Rd warning: C:/Users/biocbuild/bbs-3.10-bioc/tmpdir/RtmpMFXr0q/R.INSTALLf6472b6bf/BiocGenerics/man/weights.Rd:47: file link 'selectMethod' in package 'methods' does not exist and so has been treated as a topic
Rd warning: C:/Users/biocbuild/bbs-3.10-bioc/tmpdir/RtmpMFXr0q/R.INSTALLf6472b6bf/BiocGenerics/man/weights.Rd:50: file link 'weights,PLMset-method' in package 'affyPLM' does not exist and so has been treated as a topic
Rd warning: C:/Users/biocbuild/bbs-3.10-bioc/tmpdir/RtmpMFXr0q/R.INSTALLf6472b6bf/BiocGenerics/man/weights.Rd:52: file link 'PLMset' in package 'affyPLM' does not exist and so has been treated as a topic
which html
Rd warning: C:/Users/biocbuild/bbs-3.10-bioc/tmpdir/RtmpMFXr0q/R.INSTALLf6472b6bf/BiocGenerics/man/which.Rd:57: file link 'NumericList' in package 'IRanges' does not exist and so has been treated as a topic
Rd warning: C:/Users/biocbuild/bbs-3.10-bioc/tmpdir/RtmpMFXr0q/R.INSTALLf6472b6bf/BiocGenerics/man/which.Rd:69: file link 'selectMethod' in package 'methods' does not exist and so has been treated as a topic
Rd warning: C:/Users/biocbuild/bbs-3.10-bioc/tmpdir/RtmpMFXr0q/R.INSTALLf6472b6bf/BiocGenerics/man/which.Rd:72: file link 'which.max,NumericList-method' in package 'IRanges' does not exist and so has been treated as a topic
Rd warning: C:/Users/biocbuild/bbs-3.10-bioc/tmpdir/RtmpMFXr0q/R.INSTALLf6472b6bf/BiocGenerics/man/which.Rd:75: file link 'NumericList' in package 'IRanges' does not exist and so has been treated as a topic
xtabs html
Rd warning: C:/Users/biocbuild/bbs-3.10-bioc/tmpdir/RtmpMFXr0q/R.INSTALLf6472b6bf/BiocGenerics/man/xtabs.Rd:52: file link 'selectMethod' in package 'methods' does not exist and so has been treated as a topic
Rd warning: C:/Users/biocbuild/bbs-3.10-bioc/tmpdir/RtmpMFXr0q/R.INSTALLf6472b6bf/BiocGenerics/man/xtabs.Rd:55: file link 'xtabs,DataTable-method' in package 'S4Vectors' does not exist and so has been treated as a topic
Rd warning: C:/Users/biocbuild/bbs-3.10-bioc/tmpdir/RtmpMFXr0q/R.INSTALLf6472b6bf/BiocGenerics/man/xtabs.Rd:57: file link 'DataTable' in package 'S4Vectors' does not exist and so has been treated as a topic
** building package indices
** testing if installed package can be loaded from temporary location
** testing if installed package can be loaded from final location
** testing if installed package keeps a record of temporary installation path
install for x64
* installing *source* package 'BiocGenerics' ...
** testing if installed package can be loaded
* MD5 sums
packaged installation of 'BiocGenerics' as BiocGenerics_0.32.0.zip
* DONE (BiocGenerics)
* installing to library 'C:/Users/biocbuild/bbs-3.10-bioc/R/library'
package 'BiocGenerics' successfully unpacked and MD5 sums checked
|
BiocGenerics.Rcheck/tests_i386/run_unitTests.Rout
R version 3.6.3 (2020-02-29) -- "Holding the Windsock"
Copyright (C) 2020 The R Foundation for Statistical Computing
Platform: i386-w64-mingw32/i386 (32-bit)
R is free software and comes with ABSOLUTELY NO WARRANTY.
You are welcome to redistribute it under certain conditions.
Type 'license()' or 'licence()' for distribution details.
R is a collaborative project with many contributors.
Type 'contributors()' for more information and
'citation()' on how to cite R or R packages in publications.
Type 'demo()' for some demos, 'help()' for on-line help, or
'help.start()' for an HTML browser interface to help.
Type 'q()' to quit R.
> require("BiocGenerics") || stop("unable to load BiocGenerics package")
Loading required package: BiocGenerics
Loading required package: parallel
Attaching package: 'BiocGenerics'
The following objects are masked from 'package:parallel':
clusterApply, clusterApplyLB, clusterCall, clusterEvalQ,
clusterExport, clusterMap, parApply, parCapply, parLapply,
parLapplyLB, parRapply, parSapply, parSapplyLB
The following objects are masked from 'package:stats':
IQR, mad, sd, var, xtabs
The following objects are masked from 'package:base':
Filter, Find, Map, Position, Reduce, anyDuplicated, append,
as.data.frame, basename, cbind, colnames, dirname, do.call,
duplicated, eval, evalq, get, grep, grepl, intersect, is.unsorted,
lapply, mapply, match, mget, order, paste, pmax, pmax.int, pmin,
pmin.int, rank, rbind, rownames, sapply, setdiff, sort, table,
tapply, union, unique, unsplit, which, which.max, which.min
[1] TRUE
> BiocGenerics:::.test()
RUNIT TEST PROTOCOL -- Wed Apr 15 01:34:59 2020
***********************************************
Number of test functions: 24
Number of errors: 0
Number of failures: 0
1 Test Suite :
BiocGenerics RUnit Tests - 24 test functions, 0 errors, 0 failures
Number of test functions: 24
Number of errors: 0
Number of failures: 0
>
> proc.time()
user system elapsed
0.78 0.01 0.79
|
BiocGenerics.Rcheck/tests_x64/run_unitTests.Rout
R version 3.6.3 (2020-02-29) -- "Holding the Windsock"
Copyright (C) 2020 The R Foundation for Statistical Computing
Platform: x86_64-w64-mingw32/x64 (64-bit)
R is free software and comes with ABSOLUTELY NO WARRANTY.
You are welcome to redistribute it under certain conditions.
Type 'license()' or 'licence()' for distribution details.
R is a collaborative project with many contributors.
Type 'contributors()' for more information and
'citation()' on how to cite R or R packages in publications.
Type 'demo()' for some demos, 'help()' for on-line help, or
'help.start()' for an HTML browser interface to help.
Type 'q()' to quit R.
> require("BiocGenerics") || stop("unable to load BiocGenerics package")
Loading required package: BiocGenerics
Loading required package: parallel
Attaching package: 'BiocGenerics'
The following objects are masked from 'package:parallel':
clusterApply, clusterApplyLB, clusterCall, clusterEvalQ,
clusterExport, clusterMap, parApply, parCapply, parLapply,
parLapplyLB, parRapply, parSapply, parSapplyLB
The following objects are masked from 'package:stats':
IQR, mad, sd, var, xtabs
The following objects are masked from 'package:base':
Filter, Find, Map, Position, Reduce, anyDuplicated, append,
as.data.frame, basename, cbind, colnames, dirname, do.call,
duplicated, eval, evalq, get, grep, grepl, intersect, is.unsorted,
lapply, mapply, match, mget, order, paste, pmax, pmax.int, pmin,
pmin.int, rank, rbind, rownames, sapply, setdiff, sort, table,
tapply, union, unique, unsplit, which, which.max, which.min
[1] TRUE
> BiocGenerics:::.test()
RUNIT TEST PROTOCOL -- Wed Apr 15 01:35:00 2020
***********************************************
Number of test functions: 24
Number of errors: 0
Number of failures: 0
1 Test Suite :
BiocGenerics RUnit Tests - 24 test functions, 0 errors, 0 failures
Number of test functions: 24
Number of errors: 0
Number of failures: 0
>
> proc.time()
user system elapsed
0.82 0.06 0.87
|
|
BiocGenerics.Rcheck/examples_i386/BiocGenerics-Ex.timings
|
BiocGenerics.Rcheck/examples_x64/BiocGenerics-Ex.timings
|