| Back to Multiple platform build/check report for BioC 3.10 |
|
This page was generated on 2020-04-15 12:31:28 -0400 (Wed, 15 Apr 2020).
| Package 1780/1823 | Hostname | OS / Arch | INSTALL | BUILD | CHECK | BUILD BIN | ||||||
| universalmotif 1.4.10 Benjamin Jean-Marie Tremblay
| malbec1 | Linux (Ubuntu 18.04.4 LTS) / x86_64 | OK | OK | OK | |||||||
| tokay1 | Windows Server 2012 R2 Standard / x64 | OK | OK | [ ERROR ] | OK | |||||||
| merida1 | OS X 10.11.6 El Capitan / x86_64 | OK | OK | OK | OK |
| Package: universalmotif |
| Version: 1.4.10 |
| Command: C:\Users\biocbuild\bbs-3.10-bioc\R\bin\R.exe CMD check --force-multiarch --install=check:universalmotif.install-out.txt --library=C:\Users\biocbuild\bbs-3.10-bioc\R\library --no-vignettes --timings universalmotif_1.4.10.tar.gz |
| StartedAt: 2020-04-15 07:19:13 -0400 (Wed, 15 Apr 2020) |
| EndedAt: 2020-04-15 07:23:25 -0400 (Wed, 15 Apr 2020) |
| EllapsedTime: 252.6 seconds |
| RetCode: 1 |
| Status: ERROR |
| CheckDir: universalmotif.Rcheck |
| Warnings: NA |
##############################################################################
##############################################################################
###
### Running command:
###
### C:\Users\biocbuild\bbs-3.10-bioc\R\bin\R.exe CMD check --force-multiarch --install=check:universalmotif.install-out.txt --library=C:\Users\biocbuild\bbs-3.10-bioc\R\library --no-vignettes --timings universalmotif_1.4.10.tar.gz
###
##############################################################################
##############################################################################
* using log directory 'C:/Users/biocbuild/bbs-3.10-bioc/meat/universalmotif.Rcheck'
* using R version 3.6.3 (2020-02-29)
* using platform: x86_64-w64-mingw32 (64-bit)
* using session charset: ISO8859-1
* using option '--no-vignettes'
* checking for file 'universalmotif/DESCRIPTION' ... OK
* this is package 'universalmotif' version '1.4.10'
* package encoding: UTF-8
* checking package namespace information ... OK
* checking package dependencies ... OK
* checking if this is a source package ... OK
* checking if there is a namespace ... OK
* checking for hidden files and directories ... OK
* checking for portable file names ... OK
* checking whether package 'universalmotif' can be installed ... OK
* checking installed package size ... NOTE
installed size is 5.9Mb
sub-directories of 1Mb or more:
R 1.5Mb
libs 2.6Mb
* checking package directory ... OK
* checking 'build' directory ... OK
* checking DESCRIPTION meta-information ... OK
* checking top-level files ... OK
* checking for left-over files ... OK
* checking index information ... OK
* checking package subdirectories ... OK
* checking R files for non-ASCII characters ... OK
* checking R files for syntax errors ... OK
* loading checks for arch 'i386'
** checking whether the package can be loaded ... OK
** checking whether the package can be loaded with stated dependencies ... OK
** checking whether the package can be unloaded cleanly ... OK
** checking whether the namespace can be loaded with stated dependencies ... OK
** checking whether the namespace can be unloaded cleanly ... OK
* loading checks for arch 'x64'
** checking whether the package can be loaded ... OK
** checking whether the package can be loaded with stated dependencies ... OK
** checking whether the package can be unloaded cleanly ... OK
** checking whether the namespace can be loaded with stated dependencies ... OK
** checking whether the namespace can be unloaded cleanly ... OK
* checking dependencies in R code ... OK
* checking S3 generic/method consistency ... OK
* checking replacement functions ... OK
* checking foreign function calls ... OK
* checking R code for possible problems ... NOTE
motif_clusters: no visible binding for global variable 'use.freq'
motif_clusters: no visible binding for global variable
'background.sequences'
Undefined global functions or variables:
background.sequences use.freq
* checking Rd files ... OK
* checking Rd metadata ... OK
* checking Rd cross-references ... OK
* checking for missing documentation entries ... OK
* checking for code/documentation mismatches ... OK
* checking Rd \usage sections ... OK
* checking Rd contents ... OK
* checking for unstated dependencies in examples ... OK
* checking contents of 'data' directory ... OK
* checking data for non-ASCII characters ... OK
* checking data for ASCII and uncompressed saves ... OK
* checking line endings in C/C++/Fortran sources/headers ... OK
* checking line endings in Makefiles ... OK
* checking compilation flags in Makevars ... OK
* checking for GNU extensions in Makefiles ... OK
* checking for portable use of $(BLAS_LIBS) and $(LAPACK_LIBS) ... OK
* checking compiled code ... NOTE
Note: information on .o files for i386 is not available
Note: information on .o files for x64 is not available
File 'C:/Users/biocbuild/bbs-3.10-bioc/R/library/universalmotif/libs/i386/universalmotif.dll':
Found 'abort', possibly from 'abort' (C), 'runtime' (Fortran)
Found 'exit', possibly from 'exit' (C), 'stop' (Fortran)
Found 'printf', possibly from 'printf' (C)
File 'C:/Users/biocbuild/bbs-3.10-bioc/R/library/universalmotif/libs/x64/universalmotif.dll':
Found 'abort', possibly from 'abort' (C), 'runtime' (Fortran)
Found 'exit', possibly from 'exit' (C), 'stop' (Fortran)
Found 'printf', possibly from 'printf' (C)
Compiled code should not call entry points which might terminate R nor
write to stdout/stderr instead of to the console, nor use Fortran I/O
nor system RNGs. The detected symbols are linked into the code but
might come from libraries and not actually be called.
See 'Writing portable packages' in the 'Writing R Extensions' manual.
* checking files in 'vignettes' ... OK
* checking examples ...
** running examples for arch 'i386' ... ERROR
Running examples in 'universalmotif-Ex.R' failed
The error most likely occurred in:
> base::assign(".ptime", proc.time(), pos = "CheckExEnv")
> ### Name: filter_motifs
> ### Title: Filter a list of motifs.
> ### Aliases: filter_motifs
>
> ### ** Examples
>
> ## By minimum IC:
> jaspar <- read_jaspar(system.file("extdata", "jaspar.txt",
+ package = "universalmotif"))
> jaspar.ic10 <- filter_motifs(jaspar, icscore = 10)
>
> ## By organism:
> if (requireNamespace("MotifDb", quietly = TRUE) && .Platform$OS.type == "unix") {
+ library(MotifDb)
+ motifs <- convert_motifs(MotifDb)
+ motifs <- filter_motifs(motifs, organism = c("Athaliana", "Mmusculus"),
+ extrainfo = c("dataSource" = "cisbp_1.02"))
+ }
This application has requested the Runtime to terminate it in an unusual way.
Please contact the application's support team for more information.
** running examples for arch 'x64' ... OK
Examples with CPU or elapsed time > 5s
user system elapsed
convert_motifs 10.44 0.30 10.75
filter_motifs 5.17 0.16 5.33
* checking for unstated dependencies in 'tests' ... OK
* checking tests ...
** running tests for arch 'i386' ...
Running 'spelling.R'
Running 'testthat.R'
OK
** running tests for arch 'x64' ...
Running 'spelling.R'
Running 'testthat.R'
OK
* checking for unstated dependencies in vignettes ... OK
* checking package vignettes in 'inst/doc' ... OK
* checking running R code from vignettes ... SKIPPED
* checking re-building of vignette outputs ... SKIPPED
* checking PDF version of manual ... OK
* DONE
Status: 1 ERROR, 3 NOTEs
See
'C:/Users/biocbuild/bbs-3.10-bioc/meat/universalmotif.Rcheck/00check.log'
for details.
universalmotif.Rcheck/00install.out
##############################################################################
##############################################################################
###
### Running command:
###
### C:\cygwin\bin\curl.exe -O https://malbec1.bioconductor.org/BBS/3.10/bioc/src/contrib/universalmotif_1.4.10.tar.gz && rm -rf universalmotif.buildbin-libdir && mkdir universalmotif.buildbin-libdir && C:\Users\biocbuild\bbs-3.10-bioc\R\bin\R.exe CMD INSTALL --merge-multiarch --build --library=universalmotif.buildbin-libdir universalmotif_1.4.10.tar.gz && C:\Users\biocbuild\bbs-3.10-bioc\R\bin\R.exe CMD INSTALL universalmotif_1.4.10.zip && rm universalmotif_1.4.10.tar.gz universalmotif_1.4.10.zip
###
##############################################################################
##############################################################################
% Total % Received % Xferd Average Speed Time Time Time Current
Dload Upload Total Spent Left Speed
0 0 0 0 0 0 0 0 --:--:-- --:--:-- --:--:-- 0
100 1202k 100 1202k 0 0 13.3M 0 --:--:-- --:--:-- --:--:-- 13.9M
install for i386
* installing *source* package 'universalmotif' ...
** using staged installation
** libs
C:/Rtools/mingw_32/bin/g++ -std=gnu++11 -I"C:/Users/BIOCBU~1/BBS-3~1.10-/R/include" -DNDEBUG -I"C:/Users/biocbuild/bbs-3.10-bioc/R/library/Rcpp/include" -I"C:/Users/biocbuild/bbs-3.10-bioc/R/library/RcppThread/include" -I"C:/extsoft/include" -O2 -Wall -mtune=core2 -c RcppExports.cpp -o RcppExports.o
C:/Rtools/mingw_32/bin/g++ -std=gnu++11 -I"C:/Users/BIOCBU~1/BBS-3~1.10-/R/include" -DNDEBUG -I"C:/Users/biocbuild/bbs-3.10-bioc/R/library/Rcpp/include" -I"C:/Users/biocbuild/bbs-3.10-bioc/R/library/RcppThread/include" -I"C:/extsoft/include" -O2 -Wall -mtune=core2 -c add_multifreq_helper.cpp -o add_multifreq_helper.o
C:/Rtools/mingw_32/bin/g++ -std=gnu++11 -I"C:/Users/BIOCBU~1/BBS-3~1.10-/R/include" -DNDEBUG -I"C:/Users/biocbuild/bbs-3.10-bioc/R/library/Rcpp/include" -I"C:/Users/biocbuild/bbs-3.10-bioc/R/library/RcppThread/include" -I"C:/extsoft/include" -O2 -Wall -mtune=core2 -c compare_motifs_helper.cpp -o compare_motifs_helper.o
C:/Rtools/mingw_32/bin/g++ -std=gnu++11 -I"C:/Users/BIOCBU~1/BBS-3~1.10-/R/include" -DNDEBUG -I"C:/Users/biocbuild/bbs-3.10-bioc/R/library/Rcpp/include" -I"C:/Users/biocbuild/bbs-3.10-bioc/R/library/RcppThread/include" -I"C:/extsoft/include" -O2 -Wall -mtune=core2 -c motif_peaks_helper.cpp -o motif_peaks_helper.o
C:/Rtools/mingw_32/bin/g++ -std=gnu++11 -I"C:/Users/BIOCBU~1/BBS-3~1.10-/R/include" -DNDEBUG -I"C:/Users/biocbuild/bbs-3.10-bioc/R/library/Rcpp/include" -I"C:/Users/biocbuild/bbs-3.10-bioc/R/library/RcppThread/include" -I"C:/extsoft/include" -O2 -Wall -mtune=core2 -c motif_pvalue_helper.cpp -o motif_pvalue_helper.o
C:/Rtools/mingw_32/bin/g++ -std=gnu++11 -I"C:/Users/BIOCBU~1/BBS-3~1.10-/R/include" -DNDEBUG -I"C:/Users/biocbuild/bbs-3.10-bioc/R/library/Rcpp/include" -I"C:/Users/biocbuild/bbs-3.10-bioc/R/library/RcppThread/include" -I"C:/extsoft/include" -O2 -Wall -mtune=core2 -c scan_sequences_helper.cpp -o scan_sequences_helper.o
C:/Rtools/mingw_32/bin/g++ -std=gnu++11 -I"C:/Users/BIOCBU~1/BBS-3~1.10-/R/include" -DNDEBUG -I"C:/Users/biocbuild/bbs-3.10-bioc/R/library/Rcpp/include" -I"C:/Users/biocbuild/bbs-3.10-bioc/R/library/RcppThread/include" -I"C:/extsoft/include" -O2 -Wall -mtune=core2 -c shuffle_sequences_helper.cpp -o shuffle_sequences_helper.o
C:/Rtools/mingw_32/bin/g++ -std=gnu++11 -I"C:/Users/BIOCBU~1/BBS-3~1.10-/R/include" -DNDEBUG -I"C:/Users/biocbuild/bbs-3.10-bioc/R/library/Rcpp/include" -I"C:/Users/biocbuild/bbs-3.10-bioc/R/library/RcppThread/include" -I"C:/extsoft/include" -O2 -Wall -mtune=core2 -c trim_motifs_helper.cpp -o trim_motifs_helper.o
C:/Rtools/mingw_32/bin/g++ -std=gnu++11 -I"C:/Users/BIOCBU~1/BBS-3~1.10-/R/include" -DNDEBUG -I"C:/Users/biocbuild/bbs-3.10-bioc/R/library/Rcpp/include" -I"C:/Users/biocbuild/bbs-3.10-bioc/R/library/RcppThread/include" -I"C:/extsoft/include" -O2 -Wall -mtune=core2 -c universalmotif_helper.cpp -o universalmotif_helper.o
C:/Rtools/mingw_32/bin/g++ -std=gnu++11 -I"C:/Users/BIOCBU~1/BBS-3~1.10-/R/include" -DNDEBUG -I"C:/Users/biocbuild/bbs-3.10-bioc/R/library/Rcpp/include" -I"C:/Users/biocbuild/bbs-3.10-bioc/R/library/RcppThread/include" -I"C:/extsoft/include" -O2 -Wall -mtune=core2 -c utils-exported.cpp -o utils-exported.o
C:/Rtools/mingw_32/bin/g++ -std=gnu++11 -I"C:/Users/BIOCBU~1/BBS-3~1.10-/R/include" -DNDEBUG -I"C:/Users/biocbuild/bbs-3.10-bioc/R/library/Rcpp/include" -I"C:/Users/biocbuild/bbs-3.10-bioc/R/library/RcppThread/include" -I"C:/extsoft/include" -O2 -Wall -mtune=core2 -c utils-internal.cpp -o utils-internal.o
C:/Rtools/mingw_32/bin/g++ -shared -s -static-libgcc -o universalmotif.dll tmp.def RcppExports.o add_multifreq_helper.o compare_motifs_helper.o motif_peaks_helper.o motif_pvalue_helper.o scan_sequences_helper.o shuffle_sequences_helper.o trim_motifs_helper.o universalmotif_helper.o utils-exported.o utils-internal.o -LC:/extsoft/lib/i386 -LC:/extsoft/lib -LC:/Users/BIOCBU~1/BBS-3~1.10-/R/bin/i386 -lR
installing to C:/Users/biocbuild/bbs-3.10-bioc/meat/universalmotif.buildbin-libdir/00LOCK-universalmotif/00new/universalmotif/libs/i386
** R
** data
** inst
** byte-compile and prepare package for lazy loading
in method for 'convert_motifs' with signature 'motifs="MotifList"': no definition for class "MotifList"
in method for 'convert_motifs' with signature 'motifs="TFFMFirst"': no definition for class "TFFMFirst"
in method for 'convert_motifs' with signature 'motifs="PFMatrix"': no definition for class "PFMatrix"
in method for 'convert_motifs' with signature 'motifs="PWMatrix"': no definition for class "PWMatrix"
in method for 'convert_motifs' with signature 'motifs="ICMatrix"': no definition for class "ICMatrix"
in method for 'convert_motifs' with signature 'motifs="XMatrixList"': no definition for class "XMatrixList"
in method for 'convert_motifs' with signature 'motifs="pwm"': no definition for class "pwm"
in method for 'convert_motifs' with signature 'motifs="pcm"': no definition for class "pcm"
in method for 'convert_motifs' with signature 'motifs="pfm"': no definition for class "pfm"
in method for 'convert_motifs' with signature 'motifs="PWM"': no definition for class "PWM"
in method for 'convert_motifs' with signature 'motifs="Motif"': no definition for class "Motif"
** help
Loading required namespace: universalmotif
Registered S3 method overwritten by 'treeio':
method from
root.phylo ape
*** installing help indices
converting help for package 'universalmotif'
finding HTML links ... done
ArabidopsisMotif html
ArabidopsisPromoters html
finding level-2 HTML links ... done
JASPAR2018_CORE_DBSCORES html
add_multifreq html
compare_motifs html
convert_motifs html
convert_type html
create_motif html
create_sequences html
enrich_motifs html
examplemotif html
examplemotif2 html
filter_motifs html
get_bkg html
make_DBscores html
merge_motifs html
motif_peaks html
motif_pvalue html
motif_rc html
motif_tree html
read_cisbp html
read_homer html
read_jaspar html
read_matrix html
read_meme html
read_motifs html
read_transfac html
read_uniprobe html
reexports html
run_meme html
sample_sites html
scan_sequences html
shuffle_motifs html
shuffle_sequences html
switch_alph html
trim_motifs html
universalmotif-class html
universalmotif-pkg html
utilities html
utils-motif html
utils-sequence html
view_motifs html
write_homer html
write_jaspar html
write_matrix html
write_meme html
write_motifs html
write_transfac html
** building package indices
** installing vignettes
** testing if installed package can be loaded from temporary location
** testing if installed package can be loaded from final location
** testing if installed package keeps a record of temporary installation path
install for x64
* installing *source* package 'universalmotif' ...
** libs
C:/Rtools/mingw_64/bin/g++ -std=gnu++11 -I"C:/Users/BIOCBU~1/BBS-3~1.10-/R/include" -DNDEBUG -I"C:/Users/biocbuild/bbs-3.10-bioc/R/library/Rcpp/include" -I"C:/Users/biocbuild/bbs-3.10-bioc/R/library/RcppThread/include" -I"C:/extsoft/include" -O2 -Wall -mtune=core2 -c RcppExports.cpp -o RcppExports.o
C:/Rtools/mingw_64/bin/g++ -std=gnu++11 -I"C:/Users/BIOCBU~1/BBS-3~1.10-/R/include" -DNDEBUG -I"C:/Users/biocbuild/bbs-3.10-bioc/R/library/Rcpp/include" -I"C:/Users/biocbuild/bbs-3.10-bioc/R/library/RcppThread/include" -I"C:/extsoft/include" -O2 -Wall -mtune=core2 -c add_multifreq_helper.cpp -o add_multifreq_helper.o
C:/Rtools/mingw_64/bin/g++ -std=gnu++11 -I"C:/Users/BIOCBU~1/BBS-3~1.10-/R/include" -DNDEBUG -I"C:/Users/biocbuild/bbs-3.10-bioc/R/library/Rcpp/include" -I"C:/Users/biocbuild/bbs-3.10-bioc/R/library/RcppThread/include" -I"C:/extsoft/include" -O2 -Wall -mtune=core2 -c compare_motifs_helper.cpp -o compare_motifs_helper.o
C:/Rtools/mingw_64/bin/g++ -std=gnu++11 -I"C:/Users/BIOCBU~1/BBS-3~1.10-/R/include" -DNDEBUG -I"C:/Users/biocbuild/bbs-3.10-bioc/R/library/Rcpp/include" -I"C:/Users/biocbuild/bbs-3.10-bioc/R/library/RcppThread/include" -I"C:/extsoft/include" -O2 -Wall -mtune=core2 -c motif_peaks_helper.cpp -o motif_peaks_helper.o
C:/Rtools/mingw_64/bin/g++ -std=gnu++11 -I"C:/Users/BIOCBU~1/BBS-3~1.10-/R/include" -DNDEBUG -I"C:/Users/biocbuild/bbs-3.10-bioc/R/library/Rcpp/include" -I"C:/Users/biocbuild/bbs-3.10-bioc/R/library/RcppThread/include" -I"C:/extsoft/include" -O2 -Wall -mtune=core2 -c motif_pvalue_helper.cpp -o motif_pvalue_helper.o
C:/Rtools/mingw_64/bin/g++ -std=gnu++11 -I"C:/Users/BIOCBU~1/BBS-3~1.10-/R/include" -DNDEBUG -I"C:/Users/biocbuild/bbs-3.10-bioc/R/library/Rcpp/include" -I"C:/Users/biocbuild/bbs-3.10-bioc/R/library/RcppThread/include" -I"C:/extsoft/include" -O2 -Wall -mtune=core2 -c scan_sequences_helper.cpp -o scan_sequences_helper.o
C:/Rtools/mingw_64/bin/g++ -std=gnu++11 -I"C:/Users/BIOCBU~1/BBS-3~1.10-/R/include" -DNDEBUG -I"C:/Users/biocbuild/bbs-3.10-bioc/R/library/Rcpp/include" -I"C:/Users/biocbuild/bbs-3.10-bioc/R/library/RcppThread/include" -I"C:/extsoft/include" -O2 -Wall -mtune=core2 -c shuffle_sequences_helper.cpp -o shuffle_sequences_helper.o
C:/Rtools/mingw_64/bin/g++ -std=gnu++11 -I"C:/Users/BIOCBU~1/BBS-3~1.10-/R/include" -DNDEBUG -I"C:/Users/biocbuild/bbs-3.10-bioc/R/library/Rcpp/include" -I"C:/Users/biocbuild/bbs-3.10-bioc/R/library/RcppThread/include" -I"C:/extsoft/include" -O2 -Wall -mtune=core2 -c trim_motifs_helper.cpp -o trim_motifs_helper.o
C:/Rtools/mingw_64/bin/g++ -std=gnu++11 -I"C:/Users/BIOCBU~1/BBS-3~1.10-/R/include" -DNDEBUG -I"C:/Users/biocbuild/bbs-3.10-bioc/R/library/Rcpp/include" -I"C:/Users/biocbuild/bbs-3.10-bioc/R/library/RcppThread/include" -I"C:/extsoft/include" -O2 -Wall -mtune=core2 -c universalmotif_helper.cpp -o universalmotif_helper.o
C:/Rtools/mingw_64/bin/g++ -std=gnu++11 -I"C:/Users/BIOCBU~1/BBS-3~1.10-/R/include" -DNDEBUG -I"C:/Users/biocbuild/bbs-3.10-bioc/R/library/Rcpp/include" -I"C:/Users/biocbuild/bbs-3.10-bioc/R/library/RcppThread/include" -I"C:/extsoft/include" -O2 -Wall -mtune=core2 -c utils-exported.cpp -o utils-exported.o
C:/Rtools/mingw_64/bin/g++ -std=gnu++11 -I"C:/Users/BIOCBU~1/BBS-3~1.10-/R/include" -DNDEBUG -I"C:/Users/biocbuild/bbs-3.10-bioc/R/library/Rcpp/include" -I"C:/Users/biocbuild/bbs-3.10-bioc/R/library/RcppThread/include" -I"C:/extsoft/include" -O2 -Wall -mtune=core2 -c utils-internal.cpp -o utils-internal.o
C:/Rtools/mingw_64/bin/g++ -shared -s -static-libgcc -o universalmotif.dll tmp.def RcppExports.o add_multifreq_helper.o compare_motifs_helper.o motif_peaks_helper.o motif_pvalue_helper.o scan_sequences_helper.o shuffle_sequences_helper.o trim_motifs_helper.o universalmotif_helper.o utils-exported.o utils-internal.o -LC:/extsoft/lib/x64 -LC:/extsoft/lib -LC:/Users/BIOCBU~1/BBS-3~1.10-/R/bin/x64 -lR
installing to C:/Users/biocbuild/bbs-3.10-bioc/meat/universalmotif.buildbin-libdir/universalmotif/libs/x64
** testing if installed package can be loaded
* MD5 sums
packaged installation of 'universalmotif' as universalmotif_1.4.10.zip
* DONE (universalmotif)
* installing to library 'C:/Users/biocbuild/bbs-3.10-bioc/R/library'
package 'universalmotif' successfully unpacked and MD5 sums checked
|
universalmotif.Rcheck/tests_i386/spelling.Rout
R version 3.6.3 (2020-02-29) -- "Holding the Windsock"
Copyright (C) 2020 The R Foundation for Statistical Computing
Platform: i386-w64-mingw32/i386 (32-bit)
R is free software and comes with ABSOLUTELY NO WARRANTY.
You are welcome to redistribute it under certain conditions.
Type 'license()' or 'licence()' for distribution details.
R is a collaborative project with many contributors.
Type 'contributors()' for more information and
'citation()' on how to cite R or R packages in publications.
Type 'demo()' for some demos, 'help()' for on-line help, or
'help.start()' for an HTML browser interface to help.
Type 'q()' to quit R.
> if(requireNamespace('spelling', quietly = TRUE))
+ spelling::spell_check_test(vignettes = TRUE, error = FALSE,
+ skip_on_cran = TRUE)
NULL
>
> proc.time()
user system elapsed
0.25 0.06 0.29
|
universalmotif.Rcheck/tests_x64/spelling.Rout
R version 3.6.3 (2020-02-29) -- "Holding the Windsock"
Copyright (C) 2020 The R Foundation for Statistical Computing
Platform: x86_64-w64-mingw32/x64 (64-bit)
R is free software and comes with ABSOLUTELY NO WARRANTY.
You are welcome to redistribute it under certain conditions.
Type 'license()' or 'licence()' for distribution details.
R is a collaborative project with many contributors.
Type 'contributors()' for more information and
'citation()' on how to cite R or R packages in publications.
Type 'demo()' for some demos, 'help()' for on-line help, or
'help.start()' for an HTML browser interface to help.
Type 'q()' to quit R.
> if(requireNamespace('spelling', quietly = TRUE))
+ spelling::spell_check_test(vignettes = TRUE, error = FALSE,
+ skip_on_cran = TRUE)
NULL
>
> proc.time()
user system elapsed
0.12 0.04 0.17
|
|
universalmotif.Rcheck/tests_i386/testthat.Rout
R version 3.6.3 (2020-02-29) -- "Holding the Windsock"
Copyright (C) 2020 The R Foundation for Statistical Computing
Platform: i386-w64-mingw32/i386 (32-bit)
R is free software and comes with ABSOLUTELY NO WARRANTY.
You are welcome to redistribute it under certain conditions.
Type 'license()' or 'licence()' for distribution details.
R is a collaborative project with many contributors.
Type 'contributors()' for more information and
'citation()' on how to cite R or R packages in publications.
Type 'demo()' for some demos, 'help()' for on-line help, or
'help.start()' for an HTML browser interface to help.
Type 'q()' to quit R.
> if (R.Version()$arch != "i386") {
+
+ library(testthat)
+ library(universalmotif)
+
+ test_check("universalmotif")
+
+ } else TRUE
[1] TRUE
>
> proc.time()
user system elapsed
0.28 0.01 0.28
|
universalmotif.Rcheck/tests_x64/testthat.Rout
R version 3.6.3 (2020-02-29) -- "Holding the Windsock"
Copyright (C) 2020 The R Foundation for Statistical Computing
Platform: x86_64-w64-mingw32/x64 (64-bit)
R is free software and comes with ABSOLUTELY NO WARRANTY.
You are welcome to redistribute it under certain conditions.
Type 'license()' or 'licence()' for distribution details.
R is a collaborative project with many contributors.
Type 'contributors()' for more information and
'citation()' on how to cite R or R packages in publications.
Type 'demo()' for some demos, 'help()' for on-line help, or
'help.start()' for an HTML browser interface to help.
Type 'q()' to quit R.
> if (R.Version()$arch != "i386") {
+
+ library(testthat)
+ library(universalmotif)
+
+ test_check("universalmotif")
+
+ } else TRUE
== testthat results ===========================================================
[ OK: 204 | SKIPPED: 0 | WARNINGS: 1 | FAILED: 0 ]
>
> proc.time()
user system elapsed
6.31 0.37 7.20
|
|
universalmotif.Rcheck/examples_i386/universalmotif-Ex.timings
|
universalmotif.Rcheck/examples_x64/universalmotif-Ex.timings
|