| Back to Multiple platform build/check report for BioC 3.10 |
|
This page was generated on 2020-04-15 12:44:30 -0400 (Wed, 15 Apr 2020).
| Package 1671/1823 | Hostname | OS / Arch | INSTALL | BUILD | CHECK | BUILD BIN | ||||||
| StarBioTrek 1.12.0 Claudia Cava
| malbec1 | Linux (Ubuntu 18.04.4 LTS) / x86_64 | OK | OK | WARNINGS | |||||||
| tokay1 | Windows Server 2012 R2 Standard / x64 | OK | OK | WARNINGS | OK | |||||||
| merida1 | OS X 10.11.6 El Capitan / x86_64 | OK | OK | [ WARNINGS ] | OK |
| Package: StarBioTrek |
| Version: 1.12.0 |
| Command: /Library/Frameworks/R.framework/Versions/Current/Resources/bin/R CMD check --install=check:StarBioTrek.install-out.txt --library=/Library/Frameworks/R.framework/Versions/Current/Resources/library --no-vignettes --timings StarBioTrek_1.12.0.tar.gz |
| StartedAt: 2020-04-15 05:59:21 -0400 (Wed, 15 Apr 2020) |
| EndedAt: 2020-04-15 06:04:19 -0400 (Wed, 15 Apr 2020) |
| EllapsedTime: 298.0 seconds |
| RetCode: 0 |
| Status: WARNINGS |
| CheckDir: StarBioTrek.Rcheck |
| Warnings: 1 |
##############################################################################
##############################################################################
###
### Running command:
###
### /Library/Frameworks/R.framework/Versions/Current/Resources/bin/R CMD check --install=check:StarBioTrek.install-out.txt --library=/Library/Frameworks/R.framework/Versions/Current/Resources/library --no-vignettes --timings StarBioTrek_1.12.0.tar.gz
###
##############################################################################
##############################################################################
* using log directory ‘/Users/biocbuild/bbs-3.10-bioc/meat/StarBioTrek.Rcheck’
* using R version 3.6.3 (2020-02-29)
* using platform: x86_64-apple-darwin15.6.0 (64-bit)
* using session charset: UTF-8
* using option ‘--no-vignettes’
* checking for file ‘StarBioTrek/DESCRIPTION’ ... OK
* checking extension type ... Package
* this is package ‘StarBioTrek’ version ‘1.12.0’
* checking package namespace information ... OK
* checking package dependencies ... OK
* checking if this is a source package ... OK
* checking if there is a namespace ... OK
* checking for hidden files and directories ... OK
* checking for portable file names ... OK
* checking for sufficient/correct file permissions ... OK
* checking whether package ‘StarBioTrek’ can be installed ... OK
* checking installed package size ... NOTE
installed size is 5.6Mb
sub-directories of 1Mb or more:
data 5.4Mb
* checking package directory ... OK
* checking ‘build’ directory ... OK
* checking DESCRIPTION meta-information ... OK
* checking top-level files ... OK
* checking for left-over files ... OK
* checking index information ... OK
* checking package subdirectories ... OK
* checking R files for non-ASCII characters ... OK
* checking R files for syntax errors ... OK
* checking whether the package can be loaded ... OK
* checking whether the package can be loaded with stated dependencies ... OK
* checking whether the package can be unloaded cleanly ... OK
* checking whether the namespace can be loaded with stated dependencies ... OK
* checking whether the namespace can be unloaded cleanly ... OK
* checking dependencies in R code ... NOTE
Namespace in Imports field not imported from: ‘AnnotationDbi’
All declared Imports should be used.
* checking S3 generic/method consistency ... OK
* checking replacement functions ... OK
* checking foreign function calls ... OK
* checking R code for possible problems ... NOTE
svm_classification: no visible binding for global variable ‘Target’
Undefined global functions or variables:
Target
* checking Rd files ... OK
* checking Rd metadata ... OK
* checking Rd cross-references ... OK
* checking for missing documentation entries ... OK
* checking for code/documentation mismatches ... OK
* checking Rd \usage sections ... WARNING
Documented arguments not in \usage in documentation object 'svm_classification':
‘Target’
Functions with \usage entries need to have the appropriate \alias
entries, and all their arguments documented.
The \usage entries must correspond to syntactically valid R code.
See chapter ‘Writing R documentation files’ in the ‘Writing R
Extensions’ manual.
* checking Rd contents ... OK
* checking for unstated dependencies in examples ... OK
* checking contents of ‘data’ directory ... OK
* checking data for non-ASCII characters ... OK
* checking data for ASCII and uncompressed saves ... OK
* checking files in ‘vignettes’ ... OK
* checking examples ... OK
* checking for unstated dependencies in vignettes ... OK
* checking package vignettes in ‘inst/doc’ ... OK
* checking running R code from vignettes ... SKIPPED
* checking re-building of vignette outputs ... SKIPPED
* checking PDF version of manual ... OK
* DONE
Status: 1 WARNING, 3 NOTEs
See
‘/Users/biocbuild/bbs-3.10-bioc/meat/StarBioTrek.Rcheck/00check.log’
for details.
StarBioTrek.Rcheck/00install.out
############################################################################## ############################################################################## ### ### Running command: ### ### /Library/Frameworks/R.framework/Versions/Current/Resources/bin/R CMD INSTALL StarBioTrek ### ############################################################################## ############################################################################## * installing to library ‘/Library/Frameworks/R.framework/Versions/3.6/Resources/library’ * installing *source* package ‘StarBioTrek’ ... ** using staged installation ** R ** data *** moving datasets to lazyload DB ** inst ** byte-compile and prepare package for lazy loading ** help *** installing help indices ** building package indices ** installing vignettes ** testing if installed package can be loaded from temporary location ** testing if installed package can be loaded from final location ** testing if installed package keeps a record of temporary installation path * DONE (StarBioTrek)
StarBioTrek.Rcheck/StarBioTrek-Ex.timings
| name | user | system | elapsed | |
| ConvertedIDgenes | 3.629 | 0.076 | 3.747 | |
| GE_matrix | 0.065 | 0.007 | 0.072 | |
| GE_matrix_mean | 0.073 | 0.006 | 0.079 | |
| GetData | 0.001 | 0.000 | 0.000 | |
| GetPathData | 0.004 | 0.001 | 0.004 | |
| GetPathNet | 0.004 | 0.000 | 0.005 | |
| IPPI | 0.000 | 0.000 | 0.001 | |
| SelectedSample | 0.134 | 0.020 | 0.154 | |
| average | 2.104 | 0.129 | 2.268 | |
| circleplot | 1.490 | 0.059 | 1.566 | |
| dsscorecrtlk | 0.044 | 0.000 | 0.045 | |
| eucdistcrtlk | 0.039 | 0.001 | 0.041 | |
| getNETdata | 0 | 0 | 0 | |
| listpathnet | 0.532 | 0.021 | 0.555 | |
| pathnet | 0.469 | 0.034 | 0.506 | |
| plotcrosstalk | 0.014 | 0.000 | 0.015 | |
| stdv | 0.036 | 0.000 | 0.037 | |
| svm_classification | 0.000 | 0.001 | 0.000 | |