| Back to Multiple platform build/check report for BioC 3.10 |
|
This page was generated on 2020-04-15 12:12:42 -0400 (Wed, 15 Apr 2020).
| Package 1440/1823 | Hostname | OS / Arch | INSTALL | BUILD | CHECK | BUILD BIN | ||||||
| RITAN 1.10.0 Michael Zimmermann
| malbec1 | Linux (Ubuntu 18.04.4 LTS) / x86_64 | OK | OK | [ WARNINGS ] | |||||||
| tokay1 | Windows Server 2012 R2 Standard / x64 | OK | OK | WARNINGS | OK | |||||||
| merida1 | OS X 10.11.6 El Capitan / x86_64 | OK | OK | WARNINGS | OK |
| Package: RITAN |
| Version: 1.10.0 |
| Command: /home/biocbuild/bbs-3.10-bioc/R/bin/R CMD check --install=check:RITAN.install-out.txt --library=/home/biocbuild/bbs-3.10-bioc/R/library --no-vignettes --timings RITAN_1.10.0.tar.gz |
| StartedAt: 2020-04-15 04:50:23 -0400 (Wed, 15 Apr 2020) |
| EndedAt: 2020-04-15 04:52:07 -0400 (Wed, 15 Apr 2020) |
| EllapsedTime: 104.5 seconds |
| RetCode: 0 |
| Status: WARNINGS |
| CheckDir: RITAN.Rcheck |
| Warnings: 1 |
##############################################################################
##############################################################################
###
### Running command:
###
### /home/biocbuild/bbs-3.10-bioc/R/bin/R CMD check --install=check:RITAN.install-out.txt --library=/home/biocbuild/bbs-3.10-bioc/R/library --no-vignettes --timings RITAN_1.10.0.tar.gz
###
##############################################################################
##############################################################################
* using log directory ‘/home/biocbuild/bbs-3.10-bioc/meat/RITAN.Rcheck’
* using R version 3.6.3 (2020-02-29)
* using platform: x86_64-pc-linux-gnu (64-bit)
* using session charset: UTF-8
* using option ‘--no-vignettes’
* checking for file ‘RITAN/DESCRIPTION’ ... OK
* checking extension type ... Package
* this is package ‘RITAN’ version ‘1.10.0’
* checking package namespace information ... OK
* checking package dependencies ... OK
* checking if this is a source package ... OK
* checking if there is a namespace ... OK
* checking for hidden files and directories ... OK
* checking for portable file names ... OK
* checking for sufficient/correct file permissions ... OK
* checking whether package ‘RITAN’ can be installed ... OK
* checking installed package size ... OK
* checking package directory ... OK
* checking ‘build’ directory ... OK
* checking DESCRIPTION meta-information ... NOTE
Package listed in more than one of Depends, Imports, Suggests, Enhances:
‘sqldf’
A package should be listed in only one of these fields.
* checking top-level files ... OK
* checking for left-over files ... OK
* checking index information ... OK
* checking package subdirectories ... OK
* checking R files for non-ASCII characters ... OK
* checking R files for syntax errors ... OK
* checking whether the package can be loaded ... OK
* checking whether the package can be loaded with stated dependencies ... OK
* checking whether the package can be unloaded cleanly ... OK
* checking whether the namespace can be loaded with stated dependencies ... OK
* checking whether the namespace can be unloaded cleanly ... OK
* checking dependencies in R code ... NOTE
Namespaces in Imports field not imported from:
‘BgeeDB’ ‘knitr’
All declared Imports should be used.
* checking S3 generic/method consistency ... OK
* checking replacement functions ... OK
* checking foreign function calls ... OK
* checking R code for possible problems ... NOTE
check_any_net_input: no visible binding for global variable
‘network_list’
enrichment_symbols: no visible binding for global variable
‘active_genesets’
icon_dual_between: no visible global function definition for ‘ss2’
icon_dual_between: no visible binding for global variable ‘all_symbols’
icon_dual_between: no visible binding for global variable ‘all_net’
icon_single_within: no visible global function definition for ‘ss2’
icon_single_within: no visible binding for global variable
‘all_symbols’
icon_single_within: no visible binding for global variable ‘all_net’
load_geneset_symbols: no visible binding for global variable
‘geneset_list’
load_geneset_symbols: no visible binding for global variable ‘f’
load_geneset_symbols: no visible binding for global variable
‘active_genesets’
network_overlap : <anonymous>: no visible binding for global variable
‘network_list’
network_overlap: no visible binding for global variable ‘network_list’
network_overlap : select_edges: no visible binding for global variable
‘network_list’
plot.term_enrichment_by_subset: no visible binding for global variable
‘Var2’
plot.term_enrichment_by_subset: no visible binding for global variable
‘Var1’
show_active_genesets_hist: no visible binding for global variable
‘active_genesets’
term_enrichment : process_source: no visible binding for global
variable ‘active_genesets’
Undefined global functions or variables:
Var1 Var2 active_genesets all_net all_symbols f geneset_list
network_list ss2
* checking Rd files ... OK
* checking Rd metadata ... OK
* checking Rd cross-references ... OK
* checking for missing documentation entries ... OK
* checking for code/documentation mismatches ... OK
* checking Rd \usage sections ... WARNING
Documented arguments not in \usage in documentation object 'resource_reduce':
‘mutual_overlap’
Functions with \usage entries need to have the appropriate \alias
entries, and all their arguments documented.
The \usage entries must correspond to syntactically valid R code.
See chapter ‘Writing R documentation files’ in the ‘Writing R
Extensions’ manual.
* checking Rd contents ... OK
* checking for unstated dependencies in examples ... OK
* checking contents of ‘data’ directory ... OK
* checking data for non-ASCII characters ... OK
* checking data for ASCII and uncompressed saves ... OK
* checking files in ‘vignettes’ ... OK
* checking examples ... OK
Examples with CPU or elapsed time > 5s
user system elapsed
summary.term_enrichment_by_subset 1.692 0.040 5.793
summary.term_enrichment 1.032 0.048 5.006
* checking for unstated dependencies in vignettes ... OK
* checking package vignettes in ‘inst/doc’ ... OK
* checking running R code from vignettes ... SKIPPED
* checking re-building of vignette outputs ... SKIPPED
* checking PDF version of manual ... OK
* DONE
Status: 1 WARNING, 3 NOTEs
See
‘/home/biocbuild/bbs-3.10-bioc/meat/RITAN.Rcheck/00check.log’
for details.
RITAN.Rcheck/00install.out
############################################################################## ############################################################################## ### ### Running command: ### ### /home/biocbuild/bbs-3.10-bioc/R/bin/R CMD INSTALL RITAN ### ############################################################################## ############################################################################## * installing to library ‘/home/biocbuild/bbs-3.10-bioc/R/library’ * installing *source* package ‘RITAN’ ... ** using staged installation ** R ** data *** moving datasets to lazyload DB ** inst ** byte-compile and prepare package for lazy loading ** help *** installing help indices ** building package indices ** installing vignettes ** testing if installed package can be loaded from temporary location ** testing if installed package can be loaded from final location ** testing if installed package keeps a record of temporary installation path * DONE (RITAN)
RITAN.Rcheck/RITAN-Ex.timings
| name | user | system | elapsed | |
| as.graph | 0 | 0 | 0 | |
| check_any_net_input | 1.968 | 0.060 | 2.145 | |
| check_net_input | 0.072 | 0.012 | 0.084 | |
| enrichment_symbols | 2.324 | 0.080 | 4.411 | |
| geneset_overlap | 0.148 | 0.008 | 0.155 | |
| icon_test | 0 | 0 | 0 | |
| load_geneset_symbols | 0.012 | 0.000 | 0.012 | |
| network_overlap | 0.024 | 0.000 | 0.023 | |
| plot.term_enrichment | 1.400 | 0.028 | 3.759 | |
| plot.term_enrichment_by_subset | 0.016 | 0.000 | 0.019 | |
| readGMT | 0 | 0 | 0 | |
| readSIF | 0 | 0 | 0 | |
| resource_reduce | 3.724 | 0.036 | 3.826 | |
| show_active_genesets_hist | 0.016 | 0.000 | 0.017 | |
| summary.term_enrichment | 1.032 | 0.048 | 5.006 | |
| summary.term_enrichment_by_subset | 1.692 | 0.040 | 5.793 | |
| term_enrichment | 0.812 | 0.016 | 2.707 | |
| term_enrichment_by_subset | 0.008 | 0.000 | 0.009 | |
| vac1.day0vs31.de.genes | 0 | 0 | 0 | |
| vac1.day0vs56.de.genes | 0 | 0 | 0 | |
| vac2.day0vs31.de.genes | 0 | 0 | 0 | |
| vac2.day0vs56.de.genes | 0 | 0 | 0 | |
| writeGMT | 0.004 | 0.000 | 0.000 | |
| write_simple_table | 0 | 0 | 0 | |