| Back to Multiple platform build/check report for BioC 3.10 |
|
This page was generated on 2020-04-15 12:31:15 -0400 (Wed, 15 Apr 2020).
| Package 561/1823 | Hostname | OS / Arch | INSTALL | BUILD | CHECK | BUILD BIN | ||||||
| FCBF 1.4.0 Tiago Lubiana
| malbec1 | Linux (Ubuntu 18.04.4 LTS) / x86_64 | OK | OK | WARNINGS | |||||||
| tokay1 | Windows Server 2012 R2 Standard / x64 | OK | OK | [ WARNINGS ] | OK | |||||||
| merida1 | OS X 10.11.6 El Capitan / x86_64 | OK | OK | WARNINGS | OK |
| Package: FCBF |
| Version: 1.4.0 |
| Command: C:\Users\biocbuild\bbs-3.10-bioc\R\bin\R.exe CMD check --force-multiarch --install=check:FCBF.install-out.txt --library=C:\Users\biocbuild\bbs-3.10-bioc\R\library --no-vignettes --timings FCBF_1.4.0.tar.gz |
| StartedAt: 2020-04-15 03:07:33 -0400 (Wed, 15 Apr 2020) |
| EndedAt: 2020-04-15 03:15:25 -0400 (Wed, 15 Apr 2020) |
| EllapsedTime: 472.8 seconds |
| RetCode: 0 |
| Status: WARNINGS |
| CheckDir: FCBF.Rcheck |
| Warnings: 2 |
##############################################################################
##############################################################################
###
### Running command:
###
### C:\Users\biocbuild\bbs-3.10-bioc\R\bin\R.exe CMD check --force-multiarch --install=check:FCBF.install-out.txt --library=C:\Users\biocbuild\bbs-3.10-bioc\R\library --no-vignettes --timings FCBF_1.4.0.tar.gz
###
##############################################################################
##############################################################################
* using log directory 'C:/Users/biocbuild/bbs-3.10-bioc/meat/FCBF.Rcheck'
* using R version 3.6.3 (2020-02-29)
* using platform: x86_64-w64-mingw32 (64-bit)
* using session charset: ISO8859-1
* using option '--no-vignettes'
* checking for file 'FCBF/DESCRIPTION' ... OK
* checking extension type ... Package
* this is package 'FCBF' version '1.4.0'
* package encoding: UTF-8
* checking package namespace information ... OK
* checking package dependencies ... OK
* checking if this is a source package ... OK
* checking if there is a namespace ... OK
* checking for hidden files and directories ... OK
* checking for portable file names ... OK
* checking whether package 'FCBF' can be installed ... OK
* checking installed package size ... OK
* checking package directory ... OK
* checking 'build' directory ... OK
* checking DESCRIPTION meta-information ... OK
* checking top-level files ... OK
* checking for left-over files ... OK
* checking index information ... OK
* checking package subdirectories ... OK
* checking R files for non-ASCII characters ... OK
* checking R files for syntax errors ... OK
* loading checks for arch 'i386'
** checking whether the package can be loaded ... OK
** checking whether the package can be loaded with stated dependencies ... OK
** checking whether the package can be unloaded cleanly ... OK
** checking whether the namespace can be loaded with stated dependencies ... OK
** checking whether the namespace can be unloaded cleanly ... OK
* loading checks for arch 'x64'
** checking whether the package can be loaded ... OK
** checking whether the package can be loaded with stated dependencies ... OK
** checking whether the package can be unloaded cleanly ... OK
** checking whether the namespace can be loaded with stated dependencies ... OK
** checking whether the namespace can be unloaded cleanly ... OK
* checking dependencies in R code ... WARNING
'::' or ':::' imports not declared from:
'igraph' 'intergraph' 'network' 'sna'
* checking S3 generic/method consistency ... OK
* checking replacement functions ... OK
* checking foreign function calls ... OK
* checking R code for possible problems ... NOTE
plot_one_module: no visible global function definition for
'graph.adjacency'
plot_one_module: no visible global function definition for
'geom_label_repel'
Undefined global functions or variables:
geom_label_repel graph.adjacency
* checking Rd files ... OK
* checking Rd metadata ... OK
* checking Rd cross-references ... OK
* checking for missing documentation entries ... OK
* checking for code/documentation mismatches ... OK
* checking Rd \usage sections ... WARNING
Undocumented arguments in documentation object 'IG'
'base'
Undocumented arguments in documentation object 'SU'
'base'
Documented arguments not in \usage in documentation object 'plot_one_module':
'genes'
Functions with \usage entries need to have the appropriate \alias
entries, and all their arguments documented.
The \usage entries must correspond to syntactically valid R code.
See chapter 'Writing R documentation files' in the 'Writing R
Extensions' manual.
* checking Rd contents ... OK
* checking for unstated dependencies in examples ... OK
* checking contents of 'data' directory ... OK
* checking data for non-ASCII characters ... OK
* checking data for ASCII and uncompressed saves ... OK
* checking files in 'vignettes' ... OK
* checking examples ...
** running examples for arch 'i386' ... OK
Examples with CPU or elapsed time > 5s
user system elapsed
fcbf 38.41 0.08 38.53
scDengue 20.40 0.10 20.49
get_su 15.18 0.10 15.33
su_plot 13.65 0.09 13.76
get_ig 12.97 0.21 13.18
IG 5.08 0.41 5.49
** running examples for arch 'x64' ... OK
Examples with CPU or elapsed time > 5s
user system elapsed
fcbf 40.86 0.21 41.22
scDengue 25.55 0.20 25.80
su_plot 17.18 0.13 17.31
get_su 16.69 0.15 16.94
get_ig 16.20 0.08 16.28
IG 7.26 0.33 7.61
* checking for unstated dependencies in 'tests' ... OK
* checking tests ...
** running tests for arch 'i386' ...
Running 'testthat.R'
OK
** running tests for arch 'x64' ...
Running 'testthat.R'
OK
* checking for unstated dependencies in vignettes ... OK
* checking package vignettes in 'inst/doc' ... OK
* checking running R code from vignettes ... SKIPPED
* checking re-building of vignette outputs ... SKIPPED
* checking PDF version of manual ... OK
* DONE
Status: 2 WARNINGs, 1 NOTE
See
'C:/Users/biocbuild/bbs-3.10-bioc/meat/FCBF.Rcheck/00check.log'
for details.
FCBF.Rcheck/00install.out
##############################################################################
##############################################################################
###
### Running command:
###
### C:\cygwin\bin\curl.exe -O https://malbec1.bioconductor.org/BBS/3.10/bioc/src/contrib/FCBF_1.4.0.tar.gz && rm -rf FCBF.buildbin-libdir && mkdir FCBF.buildbin-libdir && C:\Users\biocbuild\bbs-3.10-bioc\R\bin\R.exe CMD INSTALL --merge-multiarch --build --library=FCBF.buildbin-libdir FCBF_1.4.0.tar.gz && C:\Users\biocbuild\bbs-3.10-bioc\R\bin\R.exe CMD INSTALL FCBF_1.4.0.zip && rm FCBF_1.4.0.tar.gz FCBF_1.4.0.zip
###
##############################################################################
##############################################################################
% Total % Received % Xferd Average Speed Time Time Time Current
Dload Upload Total Spent Left Speed
0 0 0 0 0 0 0 0 --:--:-- --:--:-- --:--:-- 0
100 2669k 100 2669k 0 0 33.8M 0 --:--:-- --:--:-- --:--:-- 35.2M
install for i386
* installing *source* package 'FCBF' ...
** using staged installation
** R
** data
** byte-compile and prepare package for lazy loading
** help
*** installing help indices
converting help for package 'FCBF'
finding HTML links ... done
IG html
SU html
discretize_exprs html
discretize_exprs_supervised html
discretize_gene_supervised html
fcbf html
get_ig html
get_su html
plot_one_module html
scDengue html
su_plot html
** building package indices
** installing vignettes
** testing if installed package can be loaded from temporary location
** testing if installed package can be loaded from final location
** testing if installed package keeps a record of temporary installation path
install for x64
* installing *source* package 'FCBF' ...
** testing if installed package can be loaded
* MD5 sums
packaged installation of 'FCBF' as FCBF_1.4.0.zip
* DONE (FCBF)
* installing to library 'C:/Users/biocbuild/bbs-3.10-bioc/R/library'
package 'FCBF' successfully unpacked and MD5 sums checked
|
FCBF.Rcheck/tests_i386/testthat.Rout
R version 3.6.3 (2020-02-29) -- "Holding the Windsock"
Copyright (C) 2020 The R Foundation for Statistical Computing
Platform: i386-w64-mingw32/i386 (32-bit)
R is free software and comes with ABSOLUTELY NO WARRANTY.
You are welcome to redistribute it under certain conditions.
Type 'license()' or 'licence()' for distribution details.
R is a collaborative project with many contributors.
Type 'contributors()' for more information and
'citation()' on how to cite R or R packages in publications.
Type 'demo()' for some demos, 'help()' for on-line help, or
'help.start()' for an HTML browser interface to help.
Type 'q()' to quit R.
> library(testthat)
> library(FCBF)
>
> test_check("FCBF")
== testthat results ===========================================================
[ OK: 2 | SKIPPED: 0 | WARNINGS: 2 | FAILED: 0 ]
>
> proc.time()
user system elapsed
5.50 0.54 6.03
|
FCBF.Rcheck/tests_x64/testthat.Rout
R version 3.6.3 (2020-02-29) -- "Holding the Windsock"
Copyright (C) 2020 The R Foundation for Statistical Computing
Platform: x86_64-w64-mingw32/x64 (64-bit)
R is free software and comes with ABSOLUTELY NO WARRANTY.
You are welcome to redistribute it under certain conditions.
Type 'license()' or 'licence()' for distribution details.
R is a collaborative project with many contributors.
Type 'contributors()' for more information and
'citation()' on how to cite R or R packages in publications.
Type 'demo()' for some demos, 'help()' for on-line help, or
'help.start()' for an HTML browser interface to help.
Type 'q()' to quit R.
> library(testthat)
> library(FCBF)
>
> test_check("FCBF")
== testthat results ===========================================================
[ OK: 2 | SKIPPED: 0 | WARNINGS: 2 | FAILED: 0 ]
>
> proc.time()
user system elapsed
8.96 0.32 9.40
|
|
FCBF.Rcheck/examples_i386/FCBF-Ex.timings
|
FCBF.Rcheck/examples_x64/FCBF-Ex.timings
|