| Back to Multiple platform build/check report for BioC 3.10 |
|
This page was generated on 2020-04-15 12:21:23 -0400 (Wed, 15 Apr 2020).
| Package 214/1823 | Hostname | OS / Arch | INSTALL | BUILD | CHECK | BUILD BIN | ||||||
| CAGEr 1.28.0 Vanja Haberle
| malbec1 | Linux (Ubuntu 18.04.4 LTS) / x86_64 | OK | OK | OK | |||||||
| tokay1 | Windows Server 2012 R2 Standard / x64 | OK | OK | [ WARNINGS ] | OK | |||||||
| merida1 | OS X 10.11.6 El Capitan / x86_64 | OK | OK | OK | OK |
| Package: CAGEr |
| Version: 1.28.0 |
| Command: C:\Users\biocbuild\bbs-3.10-bioc\R\bin\R.exe CMD check --force-multiarch --install=check:CAGEr.install-out.txt --library=C:\Users\biocbuild\bbs-3.10-bioc\R\library --no-vignettes --timings CAGEr_1.28.0.tar.gz |
| StartedAt: 2020-04-15 01:45:44 -0400 (Wed, 15 Apr 2020) |
| EndedAt: 2020-04-15 01:58:37 -0400 (Wed, 15 Apr 2020) |
| EllapsedTime: 773.2 seconds |
| RetCode: 0 |
| Status: WARNINGS |
| CheckDir: CAGEr.Rcheck |
| Warnings: 1 |
##############################################################################
##############################################################################
###
### Running command:
###
### C:\Users\biocbuild\bbs-3.10-bioc\R\bin\R.exe CMD check --force-multiarch --install=check:CAGEr.install-out.txt --library=C:\Users\biocbuild\bbs-3.10-bioc\R\library --no-vignettes --timings CAGEr_1.28.0.tar.gz
###
##############################################################################
##############################################################################
* using log directory 'C:/Users/biocbuild/bbs-3.10-bioc/meat/CAGEr.Rcheck'
* using R version 3.6.3 (2020-02-29)
* using platform: x86_64-w64-mingw32 (64-bit)
* using session charset: ISO8859-1
* using option '--no-vignettes'
* checking for file 'CAGEr/DESCRIPTION' ... OK
* this is package 'CAGEr' version '1.28.0'
* package encoding: UTF-8
* checking package namespace information ... OK
* checking package dependencies ... OK
* checking if this is a source package ... OK
* checking if there is a namespace ... OK
* checking for hidden files and directories ... OK
* checking for portable file names ... OK
* checking whether package 'CAGEr' can be installed ... WARNING
Found the following significant warnings:
Rd warning: C:/Users/biocbuild/bbs-3.10-bioc/tmpdir/RtmpuMGMx6/R.INSTALL22884441b85/CAGEr/man/mapStats.Rd:29: file link 'mixedorder' in package 'gtools' does not exist and so has been treated as a topic
See 'C:/Users/biocbuild/bbs-3.10-bioc/meat/CAGEr.Rcheck/00install.out' for details.
* checking installed package size ... OK
* checking package directory ... OK
* checking 'build' directory ... OK
* checking DESCRIPTION meta-information ... OK
* checking top-level files ... OK
* checking for left-over files ... OK
* checking index information ... OK
* checking package subdirectories ... OK
* checking R files for non-ASCII characters ... OK
* checking R files for syntax errors ... OK
* loading checks for arch 'i386'
** checking whether the package can be loaded ... OK
** checking whether the package can be loaded with stated dependencies ... OK
** checking whether the package can be unloaded cleanly ... OK
** checking whether the namespace can be loaded with stated dependencies ... OK
** checking whether the namespace can be unloaded cleanly ... OK
* loading checks for arch 'x64'
** checking whether the package can be loaded ... OK
** checking whether the package can be loaded with stated dependencies ... OK
** checking whether the package can be unloaded cleanly ... OK
** checking whether the namespace can be loaded with stated dependencies ... OK
** checking whether the namespace can be unloaded cleanly ... OK
* checking dependencies in R code ... OK
* checking S3 generic/method consistency ... OK
* checking replacement functions ... OK
* checking foreign function calls ... OK
* checking R code for possible problems ... OK
* checking Rd files ... OK
* checking Rd metadata ... OK
* checking Rd cross-references ... OK
* checking for missing documentation entries ... OK
* checking for code/documentation mismatches ... OK
* checking Rd \usage sections ... OK
* checking Rd contents ... OK
* checking for unstated dependencies in examples ... OK
* checking contents of 'data' directory ... OK
* checking data for non-ASCII characters ... OK
* checking data for ASCII and uncompressed saves ... OK
* checking files in 'vignettes' ... OK
* checking examples ...
** running examples for arch 'i386' ... OK
Examples with CPU or elapsed time > 5s
user system elapsed
cumulativeCTSSdistribution 34.89 5.65 40.75
importPublicData 35.70 1.87 53.17
quantilePositions 18.69 0.59 19.28
aggregateTagClusters 12.24 0.09 12.30
clusterCTSS 11.51 0.43 11.97
consensusClusters 9.78 0.68 10.47
distclu-functions 9.56 0.89 10.47
coverage-functions 7.52 0.49 8.00
CAGEexp-class 4.54 1.29 6.26
scoreShift 5.63 0.03 5.66
exportCTSStoBedGraph 4.45 0.07 5.21
** running examples for arch 'x64' ... OK
Examples with CPU or elapsed time > 5s
user system elapsed
importPublicData 33.84 2.14 38.89
cumulativeCTSSdistribution 30.01 5.50 35.51
quantilePositions 28.70 0.66 29.36
aggregateTagClusters 15.69 0.04 15.73
clusterCTSS 14.72 0.46 15.16
distclu-functions 9.63 0.95 10.59
scoreShift 7.82 0.02 7.83
CAGEexp-class 5.86 0.98 6.84
coverage-functions 5.85 0.55 6.40
* checking for unstated dependencies in vignettes ... OK
* checking package vignettes in 'inst/doc' ... OK
* checking running R code from vignettes ... SKIPPED
* checking re-building of vignette outputs ... SKIPPED
* checking PDF version of manual ... OK
* DONE
Status: 1 WARNING
See
'C:/Users/biocbuild/bbs-3.10-bioc/meat/CAGEr.Rcheck/00check.log'
for details.
CAGEr.Rcheck/00install.out
##############################################################################
##############################################################################
###
### Running command:
###
### C:\cygwin\bin\curl.exe -O https://malbec1.bioconductor.org/BBS/3.10/bioc/src/contrib/CAGEr_1.28.0.tar.gz && rm -rf CAGEr.buildbin-libdir && mkdir CAGEr.buildbin-libdir && C:\Users\biocbuild\bbs-3.10-bioc\R\bin\R.exe CMD INSTALL --merge-multiarch --build --library=CAGEr.buildbin-libdir CAGEr_1.28.0.tar.gz && C:\Users\biocbuild\bbs-3.10-bioc\R\bin\R.exe CMD INSTALL CAGEr_1.28.0.zip && rm CAGEr_1.28.0.tar.gz CAGEr_1.28.0.zip
###
##############################################################################
##############################################################################
% Total % Received % Xferd Average Speed Time Time Time Current
Dload Upload Total Spent Left Speed
0 0 0 0 0 0 0 0 --:--:-- --:--:-- --:--:-- 0
100 767k 100 767k 0 0 7123k 0 --:--:-- --:--:-- --:--:-- 7376k
install for i386
* installing *source* package 'CAGEr' ...
** using staged installation
** R
** data
*** moving datasets to lazyload DB
** inst
** byte-compile and prepare package for lazy loading
** help
*** installing help indices
converting help for package 'CAGEr'
finding HTML links ... done
CAGEexp-class html
finding level-2 HTML links ... done
CAGEr-class html
CAGEr-package html
CAGEr_Multicore html
CAGEset-class html
CTSS-class html
CTSSclusteringMethod html
CTSScoordinates html
CTSScumulativesTagClusters html
CTSSnormalizedTpm html
CTSStagCount html
CTSStagCountTable html
CTSStoGenes html
CustomConsensusClusters html
FANTOM5humanSamples html
FANTOM5mouseSamples html
GeneExpDESeq2 html
GeneExpSE html
QuantileWidthFunctions html
aggregateTagClusters html
annotateCTSS html
bam2CTSS html
byCtss html
clusterAggregateAndSum html
clusterCTSS html
coerceInBSgenome html
consensusClusterConvertors html
consensusClusters-set html
consensusClusters html
consensusClustersDESeq2 html
consensusClustersQuantile html
consensusClustersTpm html
coverage-functions html
cumulativeCTSSdistribution html
distclu-functions html
exampleCAGEexp html
exampleCAGEset html
exampleZv9_annot html
exportCTSStoBedGraph html
exportToBed html
expressionClasses html
extractExpressionClass html
genomeName html
getCTSS html
getExpressionProfiles html
getShiftingPromoters html
hanabi-class html
hanabi html
hanabiPlot html
import.CAGEscanMolecule html
import.CTSS html
import.bam html
import.bam.ctss html
import.bedCTSS html
import.bedScore html
import.bedmolecule html
importPublicData html
inputFiles html
inputFilesType html
librarySizes html
loadFileIntoGPos html
mapStats html
Rd warning: C:/Users/biocbuild/bbs-3.10-bioc/tmpdir/RtmpuMGMx6/R.INSTALL22884441b85/CAGEr/man/mapStats.Rd:29: file link 'mixedorder' in package 'gtools' does not exist and so has been treated as a topic
mapStatsScopes html
mergeCAGEsets html
mergeSamples html
moleculesGR2CTSS html
normalizeTagCount html
parseCAGEscanBlocksToGrangeTSS html
plot.hanabi html
plotAnnot html
plotCorrelation html
plotExpressionProfiles html
plotInterquantileWidth html
plotReverseCumulatives html
powerLaw html
quantilePositions html
ranges2annot html
ranges2genes html
ranges2names html
sampleLabels html
scoreShift html
seqNameTotalsSE html
setColors html
show-methods html
strandInvaders html
summariseChrExpr html
tagClusterConvertors html
tagClusters html
tagClustersQuantile html
** building package indices
** installing vignettes
** testing if installed package can be loaded from temporary location
** testing if installed package can be loaded from final location
** testing if installed package keeps a record of temporary installation path
install for x64
* installing *source* package 'CAGEr' ...
** testing if installed package can be loaded
* MD5 sums
packaged installation of 'CAGEr' as CAGEr_1.28.0.zip
* DONE (CAGEr)
* installing to library 'C:/Users/biocbuild/bbs-3.10-bioc/R/library'
package 'CAGEr' successfully unpacked and MD5 sums checked
|
CAGEr.Rcheck/examples_i386/CAGEr-Ex.timings
|
CAGEr.Rcheck/examples_x64/CAGEr-Ex.timings
|