| Back to Multiple platform build/check report for BioC 3.10 |
|
This page was generated on 2020-04-15 12:30:28 -0400 (Wed, 15 Apr 2020).
| Package 154/1823 | Hostname | OS / Arch | INSTALL | BUILD | CHECK | BUILD BIN | ||||||
| BiocOncoTK 1.6.0 VJ Carey
| malbec1 | Linux (Ubuntu 18.04.4 LTS) / x86_64 | OK | OK | OK | |||||||
| tokay1 | Windows Server 2012 R2 Standard / x64 | OK | [ ERROR ] | skipped | skipped | |||||||
| merida1 | OS X 10.11.6 El Capitan / x86_64 | OK | OK | OK | OK |
| Package: BiocOncoTK |
| Version: 1.6.0 |
| Command: chmod a+r BiocOncoTK -R && C:\Users\biocbuild\bbs-3.10-bioc\R\bin\R.exe CMD build --keep-empty-dirs --no-resave-data BiocOncoTK |
| StartedAt: 2020-04-15 00:06:21 -0400 (Wed, 15 Apr 2020) |
| EndedAt: 2020-04-15 00:07:41 -0400 (Wed, 15 Apr 2020) |
| EllapsedTime: 80.3 seconds |
| RetCode: 1 |
| Status: ERROR |
| PackageFile: None |
| PackageFileSize: NA |
############################################################################## ############################################################################## ### ### Running command: ### ### chmod a+r BiocOncoTK -R && C:\Users\biocbuild\bbs-3.10-bioc\R\bin\R.exe CMD build --keep-empty-dirs --no-resave-data BiocOncoTK ### ############################################################################## ############################################################################## * checking for file 'BiocOncoTK/DESCRIPTION' ... OK * preparing 'BiocOncoTK': * checking DESCRIPTION meta-information ... OK * installing the package to build vignettes * creating vignettes ... ERROR --- re-building 'BiocOncoTK.Rmd' using rmarkdown Loading required package: ontologyIndex Quitting from lines 690-695 (BiocOncoTK.Rmd) Error: processing vignette 'BiocOncoTK.Rmd' failed with diagnostics: argument is of length zero --- failed re-building 'BiocOncoTK.Rmd' --- re-building 'curatedMSIData.Rmd' using rmarkdown --- finished re-building 'curatedMSIData.Rmd' --- re-building 'maptcga.Rmd' using rmarkdown --- finished re-building 'maptcga.Rmd' SUMMARY: processing the following file failed: 'BiocOncoTK.Rmd' Error: Vignette re-building failed. Execution halted