tkWidgets 1.37.0 J. Zhang
 | Snapshot Date: 2013-03-24 17:01:43 -0700 (Sun, 24 Mar 2013) |  | URL: https://hedgehog.fhcrc.org/bioconductor/trunk/madman/Rpacks/tkWidgets |  | Last Changed Rev: 70052 / Revision: 74774 |  | Last Changed Date: 2012-10-01 15:43:56 -0700 (Mon, 01 Oct 2012) |  
  | george2  | Linux (Ubuntu 12.04.1 LTS) / x86_64  |  OK  |  OK  |  | 
| moscato2  | Windows Server 2008 R2 Enterprise SP1 (64-bit) / x64  |  OK  |  OK  |  OK  | 
| petty  | Mac OS X Leopard (10.5.8) / i386  |  OK  | [ WARNINGS ] |  OK  | 
* using log directory '/Users/biocbuild/bbs-2.12-bioc/meat/tkWidgets.Rcheck'
* using R Under development (unstable) (2013-02-26 r62077)
* using platform: i386-apple-darwin9.8.0 (32-bit)
* using session charset: ASCII
* using option '--no-vignettes'
* checking for file 'tkWidgets/DESCRIPTION' ... OK
* this is package 'tkWidgets' version '1.37.0'
* checking package namespace information ... OK
* checking package dependencies ... OK
* checking if this is a source package ... OK
* checking if there is a namespace ... OK
* checking for hidden files and directories ... OK
* checking for portable file names ... OK
* checking for sufficient/correct file permissions ... OK
* checking whether package 'tkWidgets' can be installed ... [3s/4s] OK
* checking installed package size ... OK
* checking package directory ... OK
* checking DESCRIPTION meta-information ... OK
* checking top-level files ... OK
* checking for left-over files ... OK
* checking index information ... OK
* checking package subdirectories ... OK
* checking R files for non-ASCII characters ... OK
* checking R files for syntax errors ... OK
* checking whether the package can be loaded ... OK
* checking whether the package can be loaded with stated dependencies ... OK
* checking whether the package can be unloaded cleanly ... OK
* checking whether the namespace can be loaded with stated dependencies ... OK
* checking whether the namespace can be unloaded cleanly ... OK
* checking for unstated dependencies in R code ... OK
* checking S3 generic/method consistency ... OK
* checking replacement functions ... OK
* checking foreign function calls ... OK
* checking R code for possible problems ... NOTE
File 'tkWidgets/R/zzz.R':
  .onLoad calls:
    require("methods", quietly = TRUE)
    require("widgetTools", quietly = TRUE)
    require("DynDoc", quietly = TRUE)
    require(Biobase)
Package startup functions should not change the search path.
See section 'Good practice' in '?.onAttach'.
.getPackNames: warning in .packages(all = TRUE): partial argument match
  of 'all' to 'all.available'
.popPackList: warning in .packages(all = TRUE): partial argument match
  of 'all' to 'all.available'
assignArgs: warning in assign("argsList", value, env = env): partial
  argument match of 'env' to 'envir'
assignLineData: warning in assign("lineData", lineData, env = env):
  partial argument match of 'env' to 'envir'
eExplorer : export: warning in assign(i, temp[[i]], env = .GlobalEnv):
  partial argument match of 'env' to 'envir'
fileWizard : view: warning in read.table(file = args$file, head =
  args$header, sep = args$sep, as.is = TRUE): partial argument match of
  'head' to 'header'
fileWizard : finish: warning in read.table(file = args$file, head =
  args$header, sep = args$sep, as.is = TRUE): partial argument match of
  'head' to 'header'
finish: warning in assign(dataName, dataFile, env = .GlobalEnv):
  partial argument match of 'env' to 'envir'
getRowNames: warning in read.table(file.name, sep = sep, nrow = 3,
  header = header, skip = skip): partial argument match of 'nrow' to
  'nrows'
objNameToList: warning in get(objNames[i], env = env): partial argument
  match of 'env' to 'envir'
objectBrowser : viewEnv: warning in ls(env = env, all = TRUE): partial
  argument match of 'env' to 'envir'
objectBrowser : viewEnv: warning in ls(env = env, all = TRUE): partial
  argument match of 'all' to 'all.names'
objectBrowser : doEnv: warning in ls(env = get(item)): partial argument
  match of 'env' to 'envir'
objectBrowser : up: warning in ls(env = get(selectedObj)): partial
  argument match of 'env' to 'envir'
viewVignette : export: warning in assign(i, temp[[i]], env =
  .GlobalEnv): partial argument match of 'env' to 'envir'
fileWizard : brows: no visible global function definition for 'tkcmd'
objNameToList: no visible global function definition for
  'package.contents'
* checking Rd files ... OK
* checking Rd metadata ... OK
* checking Rd cross-references ... OK
* checking for missing documentation entries ... OK
* checking for code/documentation mismatches ... OK
* checking Rd \usage sections ... OK
* checking Rd contents ... OK
* checking for unstated dependencies in examples ... OK
* checking sizes of PDF files under 'inst/doc' ... OK
* checking installed files from 'inst/doc' ... NOTE
The following files should probably not be installed:
  'widgetPlans.tex'
Consider the use of a .Rinstignore file: see 'Writing R Extensions',
or move the vignette sources from 'inst/doc' to 'vignettes'.
* checking examples ... [2s/2s] WARNING
Found the following significant warnings:
  Warning: '.path.package' is deprecated.
  Warning: '.path.package' is deprecated.
Deprecated functions may be defunct as soon as of the next release of
R.
See ?Deprecated.
* checking for unstated dependencies in vignettes ... OK
* checking package vignettes in 'inst/doc' ... OK
* checking running R code from vignettes ... SKIPPED
* checking re-building of vignettes ... SKIPPED
* checking PDF version of manual ... OK
WARNING: There was 1 warning.
NOTE: There were 2 notes.
See
  '/Users/biocbuild/bbs-2.12-bioc/meat/tkWidgets.Rcheck/00check.log'
for details.