safe 2.99.2 William T. Barry
 | Snapshot Date: 2013-03-24 17:01:43 -0700 (Sun, 24 Mar 2013) |  | URL: https://hedgehog.fhcrc.org/bioconductor/trunk/madman/Rpacks/safe |  | Last Changed Rev: 74766 / Revision: 74774 |  | Last Changed Date: 2013-03-24 11:44:53 -0700 (Sun, 24 Mar 2013) |  
  | george2  | Linux (Ubuntu 12.04.1 LTS) / x86_64  |  OK  | [ ERROR ] |  | 
| moscato2  | Windows Server 2008 R2 Enterprise SP1 (64-bit) / x64  |  OK  |  ERROR  |  OK  | 
| petty  | Mac OS X Leopard (10.5.8) / i386  |  OK  |  ERROR  |  OK  | 
* using log directory ‘/home/biocbuild/bbs-2.12-bioc/meat/safe.Rcheck’
* using R version 3.0.0 beta (2013-03-19 r62328)
* using platform: x86_64-unknown-linux-gnu (64-bit)
* using session charset: UTF-8
* using option ‘--no-vignettes’
* checking for file ‘safe/DESCRIPTION’ ... OK
* this is package ‘safe’ version ‘2.99.2’
* checking package namespace information ... OK
* checking package dependencies ... ERROR
Package suggested but not available: ‘safeExpress’
The suggested packages are required for a complete check.
Checking can be attempted without them by setting the environment
variable _R_CHECK_FORCE_SUGGESTS_ to a false value.
See the information on DESCRIPTION files in the chapter ‘Creating R
packages’ of the ‘Writing R Extensions’ manual.