| Back to the "Multiple platform build/check report" | A B C D E F G H [I] J K L M N O P Q R S T U V W X Y Z |
| Package 329/658 | Hostname | OS / Arch | BUILD | CHECK | BUILD BIN | ||||
| IdMappingAnalysis 1.3.1 Alex Lisovich
| george2 | Linux (Ubuntu 12.04.1 LTS) / x86_64 | OK | [ WARNINGS ] | |||||
| moscato2 | Windows Server 2008 R2 Enterprise SP1 (64-bit) / x64 | OK | WARNINGS | OK | |||||
| petty | Mac OS X Leopard (10.5.8) / i386 | OK | WARNINGS | OK |
| Package: IdMappingAnalysis |
| Version: 1.3.1 |
| Command: /home/biocbuild/bbs-2.12-bioc/R/bin/R CMD check --no-vignettes --timings IdMappingAnalysis_1.3.1.tar.gz |
| StartedAt: 2013-03-25 02:30:29 -0700 (Mon, 25 Mar 2013) |
| EndedAt: 2013-03-25 02:32:51 -0700 (Mon, 25 Mar 2013) |
| EllapsedTime: 142.7 seconds |
| RetCode: 0 |
| Status: WARNINGS |
| CheckDir: IdMappingAnalysis.Rcheck |
| Warnings: 1 |
* using log directory ‘/home/biocbuild/bbs-2.12-bioc/meat/IdMappingAnalysis.Rcheck’
* using R version 3.0.0 beta (2013-03-19 r62328)
* using platform: x86_64-unknown-linux-gnu (64-bit)
* using session charset: UTF-8
* using option ‘--no-vignettes’
* checking for file ‘IdMappingAnalysis/DESCRIPTION’ ... OK
* checking extension type ... Package
* this is package ‘IdMappingAnalysis’ version ‘1.3.1’
* checking package namespace information ... OK
* checking package dependencies ... OK
* checking if this is a source package ... OK
* checking if there is a namespace ... OK
* checking for hidden files and directories ... OK
* checking for portable file names ... OK
* checking for sufficient/correct file permissions ... OK
* checking whether package ‘IdMappingAnalysis’ can be installed ... [10s/10s] OK
* checking installed package size ... OK
* checking package directory ... OK
* checking DESCRIPTION meta-information ... OK
* checking top-level files ... OK
* checking for left-over files ... OK
* checking index information ... OK
* checking package subdirectories ... OK
* checking R files for non-ASCII characters ... OK
* checking R files for syntax errors ... OK
* checking whether the package can be loaded ... OK
* checking whether the package can be loaded with stated dependencies ... OK
* checking whether the package can be unloaded cleanly ... OK
* checking whether the namespace can be loaded with stated dependencies ... OK
* checking whether the namespace can be unloaded cleanly ... OK
* checking for unstated dependencies in R code ... OK
* checking S3 generic/method consistency ... OK
* checking replacement functions ... OK
* checking foreign function calls ... OK
* checking R code for possible problems ... NOTE
NB: .First.lib is obsolete and will not be used in R >= 3.0.0
* checking Rd files ... WARNING
checkRd: (3) CsvList.merge.Misc.Rd:22: \synopsis will be removed in R 3.1.0
checkRd: (3) as.list.IdMap.Rd:26: \synopsis will be removed in R 3.1.0
checkRd: (3) boxplotdataJitter.JointUniquePairs.Rd:23: \synopsis will be removed in R 3.1.0
checkRd: (3) byColNames.Subset.Rd:26: \synopsis will be removed in R 3.1.0
checkRd: (3) byColumn.Subset.Rd:26: \synopsis will be removed in R 3.1.0
checkRd: (3) byRow.Subset.Rd:26: \synopsis will be removed in R 3.1.0
checkRd: (3) byRowNames.Subset.Rd:26: \synopsis will be removed in R 3.1.0
checkRd: (3) copy.Display.Rd:22: \synopsis will be removed in R 3.1.0
checkRd: (3) create.Display.Rd:20: \synopsis will be removed in R 3.1.0
checkRd: (3) create.UniquePairs.Rd:26: \synopsis will be removed in R 3.1.0
checkRd: (3) do.apply.DataFilter.Rd:27: \synopsis will be removed in R 3.1.0
checkRd: (3) fisherTransform.DataFilter.Rd:19: \synopsis will be removed in R 3.1.0
checkRd: (3) fisherTransformInverse.DataFilter.Rd:19: \synopsis will be removed in R 3.1.0
checkRd: (3) fisherTransformJacobean.DataFilter.Rd:19: \synopsis will be removed in R 3.1.0
checkRd: (3) interleave.Misc.Rd:20: \synopsis will be removed in R 3.1.0
checkRd: (3) line.loess.Display.Rd:20: \synopsis will be removed in R 3.1.0
checkRd: (3) line.unsorted.Display.Rd:20: \synopsis will be removed in R 3.1.0
checkRd: (3) log10.DataFilter.Rd:19: \synopsis will be removed in R 3.1.0
checkRd: (3) minAvgCountConstraint.DataFilter.Rd:19: \synopsis will be removed in R 3.1.0
checkRd: (3) minCountConstraint.DataFilter.Rd:19: \synopsis will be removed in R 3.1.0
checkRd: (3) minCountGroupConstraint.DataFilter.Rd:19: \synopsis will be removed in R 3.1.0
checkRd: (3) pack.experiments.CorrData.Rd:21: \synopsis will be removed in R 3.1.0
checkRd: (3) progressMsg.Display.Rd:22: \synopsis will be removed in R 3.1.0
checkRd: (3) removeNASeries.DataFilter.Rd:19: \synopsis will be removed in R 3.1.0
checkRd: (3) swapKeys.IdMap.Rd:19: \synopsis will be removed in R 3.1.0
checkRd: (3) swapKeys.UniquePairs.Rd:19: \synopsis will be removed in R 3.1.0
checkRd: (3) textBoundingBox.Display.Rd:28: \synopsis will be removed in R 3.1.0
checkRd: (3) to.base.Misc.Rd:20: \synopsis will be removed in R 3.1.0
checkRd: (3) to.binary.logical.Misc.Rd:22: \synopsis will be removed in R 3.1.0
checkRd: (3) to.index.expr.Misc.Rd:25: \synopsis will be removed in R 3.1.0
checkRd: (3) words.Misc.Rd:22: \synopsis will be removed in R 3.1.0
checkRd: (3) zoom.pars.Display.Rd:20: \synopsis will be removed in R 3.1.0
* checking Rd metadata ... OK
* checking Rd cross-references ... OK
* checking for missing documentation entries ... OK
* checking for code/documentation mismatches ... OK
* checking Rd \usage sections ... OK
* checking Rd contents ... OK
* checking for unstated dependencies in examples ... OK
* checking contents of ‘data’ directory ... OK
* checking data for non-ASCII characters ... OK
* checking data for ASCII and uncompressed saves ... OK
* checking installed files from ‘inst/doc’ ... OK
* checking examples ... [60s/61s] OK
Examples with CPU or elapsed time > 5s
user system elapsed
getBootstrap.JointUniquePairs 13.873 0.016 14.028
Bootstrap 12.800 0.032 13.074
* checking for unstated dependencies in vignettes ... OK
* checking package vignettes in ‘inst/doc’ ... OK
* checking running R code from vignettes ... SKIPPED
* checking re-building of vignettes ... SKIPPED
* checking PDF version of manual ... OK
WARNING: There was 1 warning.
NOTE: There was 1 note.
See
‘/home/biocbuild/bbs-2.12-bioc/meat/IdMappingAnalysis.Rcheck/00check.log’
for details.
IdMappingAnalysis.Rcheck/00install.out:
* installing *source* package ‘IdMappingAnalysis’ ... ** R ** data *** moving datasets to lazyload DB ** demo ** inst ** preparing package for lazy loading ** help *** installing help indices ** building package indices ** installing vignettes ‘IdMappingAnalysis.Rnw’ using ‘latin-9’ ** testing if installed package can be loaded * DONE (IdMappingAnalysis)
IdMappingAnalysis.Rcheck/IdMappingAnalysis-Ex.timings:
| name | user | system | elapsed | |
| 000-LB-.IdMapBase | 1.028 | 0.040 | 1.176 | |
| Bootstrap | 12.800 | 0.032 | 13.074 | |
| Corr | 0.897 | 0.000 | 0.897 | |
| CorrData | 0.468 | 0.000 | 0.466 | |
| CsvList.merge.Misc | 0.012 | 0.012 | 0.023 | |
| IdMap | 0.164 | 0.004 | 0.164 | |
| IdMapBase | 0.028 | 0.000 | 0.027 | |
| IdMapCounts | 0.656 | 0.000 | 0.656 | |
| IdMapDiff | 1.108 | 0.008 | 1.113 | |
| IdMapDiffCounts | 0.604 | 0.000 | 0.606 | |
| JointIdMap | 0.192 | 0.008 | 0.198 | |
| JointUniquePairs | 1.284 | 0.000 | 1.284 | |
| Mixture | 0.492 | 0.000 | 0.498 | |
| UniquePairs | 0.036 | 0.000 | 0.037 | |
| aligned.IdMapBase | 0.052 | 0.000 | 0.051 | |
| as.IdMap.UniquePairs | 0.084 | 0.000 | 0.084 | |
| as.MultiSet.CorrData | 1.760 | 0.016 | 1.773 | |
| as.UniquePairs.IdMap | 0.056 | 0.000 | 0.057 | |
| as.data.frame.IdMapBase | 0.240 | 0.000 | 0.239 | |
| as.data.frame.JointIdMap | 0.144 | 0.000 | 0.143 | |
| as.list.IdMap | 0.064 | 0.000 | 0.062 | |
| boxplot.JointUniquePairs | 0.336 | 0.004 | 0.339 | |
| byColNames.Subset | 0.036 | 0.000 | 0.033 | |
| byColumn.Subset | 0.032 | 0.000 | 0.031 | |
| byRow.Subset | 0.032 | 0.000 | 0.031 | |
| byRowNames.Subset | 0.040 | 0.000 | 0.037 | |
| clust.Mixture | 0.016 | 0.000 | 0.017 | |
| copy.Display | 0.012 | 0.000 | 0.010 | |
| corr.boxplot.JointUniquePairs | 0.144 | 0.000 | 0.143 | |
| corr.plot.JointUniquePairs | 0.092 | 0.004 | 0.096 | |
| create.Display | 0.024 | 0.000 | 0.033 | |
| create.UniquePairs | 0.204 | 0.000 | 0.206 | |
| diffCounts.plot.JointIdMap | 1.052 | 0.000 | 1.052 | |
| dim.IdMapBase | 0.060 | 0.000 | 0.058 | |
| dimnames.IdMapBase | 0.060 | 0.004 | 0.063 | |
| do.glm.JointUniquePairs | 0.080 | 0.004 | 0.087 | |
| ecdf.plot.JointIdMap | 0.504 | 0.000 | 0.506 | |
| equals.UniquePairs | 0.120 | 0.004 | 0.123 | |
| fisherTransform.DataFilter | 0.016 | 0.004 | 0.020 | |
| fisherTransformInverse.DataFilter | 0.016 | 0.000 | 0.015 | |
| fisherTransformJacobean.DataFilter | 0.012 | 0.000 | 0.014 | |
| getBootstrap.JointUniquePairs | 13.873 | 0.016 | 14.028 | |
| getCompoundEvents.IdMapDiffCounts | 0.648 | 0.008 | 0.655 | |
| getCompoundGroups.IdMapDiffCounts | 0.760 | 0.000 | 0.761 | |
| getCorr.JointUniquePairs | 0.360 | 0.000 | 0.357 | |
| getCorrData.JointUniquePairs | 0.428 | 0.004 | 0.433 | |
| getCorrDataFrame.JointUniquePairs | 0.052 | 0.000 | 0.052 | |
| getCounts.IdMap | 0.052 | 0.000 | 0.052 | |
| getCounts.JointIdMap | 0.276 | 0.000 | 0.278 | |
| getData.Corr | 0.024 | 0.000 | 0.023 | |
| getData.Mixture | 0.04 | 0.00 | 0.04 | |
| getDiff.JointIdMap | 0.440 | 0.000 | 0.446 | |
| getExperimentSet.CorrData | 0.528 | 0.004 | 0.573 | |
| getIdMapList.JointIdMap | 0.136 | 0.000 | 0.187 | |
| getMapNames.JointIdMap | 0.128 | 0.004 | 0.131 | |
| getMapNames.JointUniquePairs | 0.028 | 0.000 | 0.026 | |
| getMatch.UniquePairs | 0.096 | 0.000 | 0.095 | |
| getMatchInfo.JointIdMap | 0.332 | 0.000 | 0.332 | |
| getMatchInfo.JointUniquePairs | 0.760 | 0.000 | 0.758 | |
| getMixture.JointUniquePairs | 0.336 | 0.008 | 0.345 | |
| getSampleNames.CorrData | 0.016 | 0.000 | 0.017 | |
| getStats.IdMapCounts | 0.344 | 0.004 | 0.348 | |
| getStats.Mixture | 0.024 | 0.000 | 0.024 | |
| getUnionIdMap.JointIdMap | 0.816 | 0.004 | 0.816 | |
| getUniquePairs.Corr | 0.032 | 0.000 | 0.032 | |
| getUniquePairs.CorrData | 0.032 | 0.000 | 0.033 | |
| getUniquePairs.JointUniquePairs | 0.028 | 0.000 | 0.028 | |
| interactive.corr.boxplot.JointUniquePairs | 0.176 | 0.000 | 0.176 | |
| interactive.corr.plot.JointUniquePairs | 0.116 | 0.008 | 0.121 | |
| interactive.mixture.boxplot.JointUniquePairs | 0.432 | 0.008 | 0.440 | |
| interactive.mixture.plot.JointUniquePairs | 0.356 | 0.000 | 0.355 | |
| interactive.plot.CorrData | 0.108 | 0.000 | 0.111 | |
| interactive.plot.JointUniquePairs | 0.024 | 0.000 | 0.025 | |
| interleave.Misc | 0.020 | 0.000 | 0.019 | |
| line.loess.Display | 0.016 | 0.000 | 0.016 | |
| line.unsorted.Display | 0.024 | 0.000 | 0.021 | |
| log10.DataFilter | 0.072 | 0.000 | 0.073 | |
| merge.IdMap | 1.264 | 0.000 | 1.263 | |
| minAvgCountConstraint.DataFilter | 0.556 | 0.008 | 0.563 | |
| minCountConstraint.DataFilter | 0.288 | 0.004 | 0.292 | |
| minCountGroupConstraint.DataFilter | 0.424 | 0.004 | 0.426 | |
| mixture.boxplot.JointUniquePairs | 0.400 | 0.004 | 0.408 | |
| mixture.plot.JointUniquePairs | 0.316 | 0.000 | 0.315 | |
| plot.Bootstrap | 0.116 | 0.000 | 0.115 | |
| plot.Corr | 0.148 | 0.004 | 0.154 | |
| plot.CorrData | 0.064 | 0.004 | 0.069 | |
| plot.IdMapCounts | 0.340 | 0.000 | 0.341 | |
| plot.IdMapDiffCounts | 1.076 | 0.004 | 1.088 | |
| plot.Mixture | 0.044 | 0.008 | 0.051 | |
| primaryIDs.IdMapBase | 0.020 | 0.000 | 0.021 | |
| primaryKey.CorrData | 0.020 | 0.000 | 0.021 | |
| primaryKey.IdMapBase | 0.020 | 0.000 | 0.021 | |
| primaryKey.Mixture | 0.020 | 0.000 | 0.019 | |
| progressMsg.Display | 0.012 | 0.000 | 0.013 | |
| removeNASeries.DataFilter | 0.352 | 0.012 | 0.363 | |
| secondaryKey.CorrData | 0.020 | 0.004 | 0.027 | |
| secondaryKey.IdMapBase | 0.036 | 0.000 | 0.035 | |
| secondaryKey.Mixture | 0.008 | 0.000 | 0.008 | |
| subsetCorr.JointUniquePairs | 0.04 | 0.00 | 0.04 | |
| subsetData.JointUniquePairs | 0.048 | 0.000 | 0.047 | |
| subsetGroups.JointUniquePairs | 1.160 | 0.000 | 1.156 | |
| summary.IdMapDiffCounts | 0.768 | 0.000 | 0.762 | |
| swapKeys.IdMap | 0.104 | 0.008 | 0.113 | |
| swapKeys.UniquePairs | 0.052 | 0.000 | 0.052 | |
| textBoundingBox.Display | 0.024 | 0.000 | 0.020 | |
| to.base.Misc | 0.008 | 0.000 | 0.009 | |
| to.binary.logical.Misc | 0.012 | 0.004 | 0.019 | |
| to.index.expr.Misc | 0.008 | 0.004 | 0.014 | |
| unique.UniquePairs | 0.136 | 0.000 | 0.136 | |
| words.Misc | 0.020 | 0.000 | 0.023 | |
| zoom.pars.Display | 0.02 | 0.00 | 0.02 | |