############################################################################## ############################################################################## ### ### Running command: ### ### /home/rapidbuild/bbs-3.22-bioc-rapid/R/bin/R CMD build --keep-empty-dirs --no-resave-data BiocFileCache ### ############################################################################## ############################################################################## * checking for file ‘BiocFileCache/DESCRIPTION’ ... OK * preparing ‘BiocFileCache’: * checking DESCRIPTION meta-information ... OK * installing the package to build vignettes * creating vignettes ... ERROR --- re-building ‘BiocFileCache.Rmd’ using rmarkdown --- finished re-building ‘BiocFileCache.Rmd’ --- re-building ‘BiocFileCache_Troubleshooting.Rmd’ using rmarkdown --- finished re-building ‘BiocFileCache_Troubleshooting.Rmd’ --- re-building ‘BiocFileCache_UseCases.Rmd’ using rmarkdown Quitting from BiocFileCache_UseCases.Rmd:191-221 [ensemblremote] ~~~~~~~~~~~~~~~~~~~~~~~~~~~~~~~~~~~~~~~~~~~~~~~~~~~~~~~~~~~~~~~~~~~~~~~~~~~~~~~~ Error in `library()`: ! there is no package called 'rtracklayer' --- Backtrace: ▆ 1. ├─base::suppressPackageStartupMessages(...) 2. │ └─base::withCallingHandlers(expr, packageStartupMessage = function(c) tryInvokeRestart("muffleMessage")) 3. └─base::library(rtracklayer) ~~~~~~~~~~~~~~~~~~~~~~~~~~~~~~~~~~~~~~~~~~~~~~~~~~~~~~~~~~~~~~~~~~~~~~~~~~~~~~~~ Error: processing vignette 'BiocFileCache_UseCases.Rmd' failed with diagnostics: there is no package called 'rtracklayer' --- failed re-building ‘BiocFileCache_UseCases.Rmd’ SUMMARY: processing the following file failed: ‘BiocFileCache_UseCases.Rmd’ Error: Vignette re-building failed. Execution halted