############################################################################## ############################################################################## ### ### Running command: ### ### /Library/Frameworks/R.framework/Resources/bin/R CMD build --keep-empty-dirs --no-resave-data zellkonverter ### ############################################################################## ############################################################################## * checking for file ‘zellkonverter/DESCRIPTION’ ... OK * preparing ‘zellkonverter’: * checking DESCRIPTION meta-information ... OK * installing the package to build vignettes * creating vignettes ... ERROR --- re-building ‘zellkonverter.Rmd’ using rmarkdown python-build: use openssl@3 from homebrew python-build: use readline from homebrew Downloading Python-3.14.0.tar.xz... -> https://www.python.org/ftp/python/3.14.0/Python-3.14.0.tar.xz Installing Python-3.14.0... python-build: use tcl-tk from homebrew python-build: use readline from homebrew python-build: use zlib from xcode sdk BUILD FAILED (OS X 13.7.8 using python-build 2.6.13) Inspect or clean up the working tree at /tmp/python-build.20251121135304.75427 Results logged to /tmp/python-build.20251121135304.75427.log Last 10 log lines: ld: warning: search path '/Users/biocbuild/.pyenv/versions/3.14.0/lib' not found ld: Undefined symbols: _mkfifoat, referenced from: _os_mkfifo in 158.arm64.thinlto.o _mknodat, referenced from: _os_mknod in 158.arm64.thinlto.o clang: error: linker command failed with exit code 1 (use -v to see invocation) make[2]: *** [Programs/_freeze_module] Error 1 make[1]: *** [profile-gen-stamp] Error 2 make: *** [profile-run-stamp] Error 2 Quitting from zellkonverter.Rmd:41-50 [read] ~~~~~~~~~~~~~~~~~~~~~~~~~~~~~~~~~~~~~~~~~~~~~~~~~~~~~~~~~~~~~~~~~~~~~~~~~~~~~~~~ Error: ! installation of Python 3.14.0 failed --- Backtrace: ▆ 1. └─zellkonverter::readH5AD(example_h5ad) 2. └─basilisk::basiliskRun(...) 3. └─basilisk::basiliskStart(...) 4. └─basilisk::obtainEnvironmentPath(env) 5. └─basilisk::setupBasiliskEnv(...) 6. ├─base::suppressMessages(install_python(version)) 7. │ └─base::withCallingHandlers(...) 8. └─reticulate::install_python(version) 9. └─reticulate:::stopf("installation of Python %s failed", version) ~~~~~~~~~~~~~~~~~~~~~~~~~~~~~~~~~~~~~~~~~~~~~~~~~~~~~~~~~~~~~~~~~~~~~~~~~~~~~~~~ Error: processing vignette 'zellkonverter.Rmd' failed with diagnostics: installation of Python 3.14.0 failed --- failed re-building ‘zellkonverter.Rmd’ SUMMARY: processing the following file failed: ‘zellkonverter.Rmd’ Error: Vignette re-building failed. Execution halted