############################################################################## ############################################################################## ### ### Running command: ### ### /Library/Frameworks/R.framework/Resources/bin/R CMD check --install=check:ptairMS.install-out.txt --library=/Library/Frameworks/R.framework/Resources/library --no-vignettes --timings ptairMS_1.18.0.tar.gz ### ############################################################################## ############################################################################## * using log directory ‘/Users/biocbuild/bbs-3.22-bioc/meat/ptairMS.Rcheck’ * using R version 4.5.1 Patched (2025-09-10 r88807) * using platform: x86_64-apple-darwin20 * R was compiled by Apple clang version 14.0.0 (clang-1400.0.29.202) GNU Fortran (GCC) 14.2.0 * running under: macOS Monterey 12.7.6 * using session charset: UTF-8 * using option ‘--no-vignettes’ * checking for file ‘ptairMS/DESCRIPTION’ ... OK * this is package ‘ptairMS’ version ‘1.18.0’ * package encoding: UTF-8 * checking package namespace information ... OK * checking package dependencies ... INFO Imports includes 22 non-default packages. Importing from so many packages makes the package vulnerable to any of them becoming unavailable. Move as many as possible to Suggests and use conditionally. * checking if this is a source package ... OK * checking if there is a namespace ... OK * checking for hidden files and directories ... OK * checking for portable file names ... OK * checking for sufficient/correct file permissions ... OK * checking whether package ‘ptairMS’ can be installed ... WARNING Found the following significant warnings: Warning: replacing previous import ‘Biobase::cache’ by ‘bit64::cache’ when loading ‘ptairMS’ See ‘/Users/biocbuild/bbs-3.22-bioc/meat/ptairMS.Rcheck/00install.out’ for details. * used C++ compiler: ‘Apple clang version 14.0.0 (clang-1400.0.29.202)’ * used SDK: ‘MacOSX11.3.1.sdk’ * checking installed package size ... OK * checking package directory ... OK * checking ‘build’ directory ... OK * checking DESCRIPTION meta-information ... OK * checking top-level files ... OK * checking for left-over files ... OK * checking index information ... OK * checking package subdirectories ... OK * checking code files for non-ASCII characters ... OK * checking R files for syntax errors ... OK * checking whether the package can be loaded ... OK * checking whether the package can be loaded with stated dependencies ... OK * checking whether the package can be unloaded cleanly ... OK * checking whether the namespace can be loaded with stated dependencies ... OK * checking whether the namespace can be unloaded cleanly ... OK * checking dependencies in R code ... WARNING '::' or ':::' imports not declared from: ‘htmlwidgets’ ‘plyr’ There are ::: calls to the package's namespace in its code. A package almost never needs to use ::: for its own objects: ‘getCalibrationInfo’ ‘getPeakList’ ‘getPeaksInfo’ ‘getTimeInfo’ ‘processFileTemporalNominalMass’ ‘tofToMz’ * checking S3 generic/method consistency ... OK * checking replacement functions ... OK * checking foreign function calls ... OK * checking R code for possible problems ... OK * checking Rd files ... OK * checking Rd metadata ... OK * checking Rd cross-references ... NOTE Non-topic package-anchored link(s) in Rd file 'detectPeak.Rd': ‘[ptairMS]{ptrSet}’ See section 'Cross-references' in the 'Writing R Extensions' manual. * checking for missing documentation entries ... OK * checking for code/documentation mismatches ... OK * checking Rd \usage sections ... OK * checking Rd contents ... OK * checking for unstated dependencies in examples ... OK * checking line endings in C/C++/Fortran sources/headers ... OK * checking compiled code ... NOTE Note: information on .o files is not available * checking files in ‘vignettes’ ... OK * checking examples ... OK Examples with CPU (user + system) or elapsed time > 5s user system elapsed detectPeak 89.022 2.618 92.260 imputeMat 17.620 0.741 18.485 writeEset 17.657 0.645 18.436 alignSamples 15.316 0.790 16.226 impute 15.369 0.626 16.112 getPeakList 14.134 0.537 14.786 annotation 13.782 0.562 14.462 plot 13.613 0.480 14.169 plotTIC 13.551 0.482 14.125 convert_to_mzML 12.143 0.656 12.872 rmPeakList 12.102 0.354 12.530 resetSampleMetadata 11.560 0.341 11.979 plotFeatures 11.300 0.440 11.811 defineKnots 11.177 0.370 11.634 updatePtrSet 10.897 0.346 11.310 plotRaw 10.635 0.520 11.225 plotCalib 10.439 0.461 10.959 setSampleMetadata 10.508 0.332 10.901 getSampleMetadata 9.502 0.356 9.919 getDirectory 9.435 0.340 9.826 exportSampleMetada 9.404 0.333 9.793 createPtrSet 9.079 0.519 9.696 changeTimeLimits 8.680 0.324 9.066 getFileNames 8.568 0.345 8.988 importSampleMetadata 8.425 0.347 8.819 * checking for unstated dependencies in ‘tests’ ... OK * checking tests ... Running ‘testthat.R’ OK * checking for unstated dependencies in vignettes ... OK * checking package vignettes ... OK * checking running R code from vignettes ... SKIPPED * checking re-building of vignette outputs ... SKIPPED * checking PDF version of manual ... OK * DONE Status: 2 WARNINGs, 2 NOTEs See ‘/Users/biocbuild/bbs-3.22-bioc/meat/ptairMS.Rcheck/00check.log’ for details.