############################################################################## ############################################################################## ### ### Running command: ### ### /Library/Frameworks/R.framework/Resources/bin/R CMD check --install=check:omXplore.install-out.txt --library=/Library/Frameworks/R.framework/Resources/library --no-vignettes --timings omXplore_1.4.0.tar.gz ### ############################################################################## ############################################################################## * using log directory ‘/Users/biocbuild/bbs-3.22-bioc/meat/omXplore.Rcheck’ * using R version 4.5.1 Patched (2025-09-10 r88807) * using platform: aarch64-apple-darwin20 * R was compiled by Apple clang version 16.0.0 (clang-1600.0.26.6) GNU Fortran (GCC) 14.2.0 * running under: macOS Ventura 13.7.7 * using session charset: UTF-8 * using option ‘--no-vignettes’ * checking for file ‘omXplore/DESCRIPTION’ ... OK * checking extension type ... Package * this is package ‘omXplore’ version ‘1.4.0’ * package encoding: UTF-8 * checking package namespace information ... OK * checking package dependencies ... INFO Imports includes 22 non-default packages. Importing from so many packages makes the package vulnerable to any of them becoming unavailable. Move as many as possible to Suggests and use conditionally. * checking if this is a source package ... OK * checking if there is a namespace ... OK * checking for hidden files and directories ... OK * checking for portable file names ... OK * checking for sufficient/correct file permissions ... OK * checking whether package ‘omXplore’ can be installed ... OK * checking installed package size ... OK * checking package directory ... OK * checking ‘build’ directory ... OK * checking DESCRIPTION meta-information ... OK * checking top-level files ... OK * checking for left-over files ... OK * checking index information ... OK * checking package subdirectories ... OK * checking code files for non-ASCII characters ... OK * checking R files for syntax errors ... OK * checking whether the package can be loaded ... OK * checking whether the package can be loaded with stated dependencies ... OK * checking whether the package can be unloaded cleanly ... OK * checking whether the namespace can be loaded with stated dependencies ... OK * checking whether the namespace can be unloaded cleanly ... OK * checking whether startup messages can be suppressed ... OK * checking dependencies in R code ... OK * checking S3 generic/method consistency ... OK * checking replacement functions ... OK * checking foreign function calls ... OK * checking R code for possible problems ... NOTE Build_X_CC: no visible global function definition for ‘metadata’ Build_X_CC: no visible global function definition for ‘metadata<-’ Check_MSnSet_Consistency : : no visible global function definition for ‘experimentData’ MAE_Compatibility_with_Prostar_1x : : no visible binding for global variable ‘.colData’ SE_Compatibility_with_Prostar_1.x: no visible global function definition for ‘experimentData’ SE_Compatibility_with_Prostar_1.x: no visible global function definition for ‘metadata’ SE_Compatibility_with_Prostar_1.x: no visible global function definition for ‘metadata<-’ plots_tracking_server : : no visible global function definition for ‘updateTextInput’ Undefined global functions or variables: .colData experimentData metadata metadata<- updateTextInput * checking Rd files ... OK * checking Rd metadata ... OK * checking Rd cross-references ... OK * checking for missing documentation entries ... OK * checking for code/documentation mismatches ... WARNING Functions or methods with usage in Rd file 'pkgs.require.Rd' but not in code: ‘pkgs.require’ * checking Rd \usage sections ... OK * checking Rd contents ... OK * checking for unstated dependencies in examples ... OK * checking contents of ‘data’ directory ... OK * checking data for non-ASCII characters ... OK * checking data for ASCII and uncompressed saves ... OK * checking files in ‘vignettes’ ... OK * checking examples ... ERROR Running examples in ‘omXplore-Ex.R’ failed The error most likely occurred in: > base::assign(".ptime", proc.time(), pos = "CheckExEnv") > ### Name: pkgs.require > ### Title: Loads packages > ### Aliases: pkgs.require > > ### ** Examples > > pkgs.require('omXplore') Error in pkgs.require("omXplore") : could not find function "pkgs.require" Execution halted * checking for unstated dependencies in ‘tests’ ... OK * checking tests ... Running ‘testthat.R’ OK * checking for unstated dependencies in vignettes ... OK * checking package vignettes ... OK * checking running R code from vignettes ... SKIPPED * checking re-building of vignette outputs ... SKIPPED * checking PDF version of manual ... OK * DONE Status: 1 ERROR, 1 WARNING, 1 NOTE See ‘/Users/biocbuild/bbs-3.22-bioc/meat/omXplore.Rcheck/00check.log’ for details.