############################################################################## ############################################################################## ### ### Running command: ### ### /home/biocbuild/R/R/bin/R CMD check --install=check:fenr.install-out.txt --library=/home/biocbuild/R/R/site-library --no-vignettes --timings fenr_1.8.0.tar.gz ### ############################################################################## ############################################################################## * using log directory ‘/home/biocbuild/bbs-3.22-bioc/meat/fenr.Rcheck’ * using R version 4.5.0 (2025-04-11) * using platform: aarch64-unknown-linux-gnu * R was compiled by aarch64-unknown-linux-gnu-gcc (GCC) 14.2.0 GNU Fortran (GCC) 14.2.0 * running under: openEuler 24.03 (LTS) * using session charset: UTF-8 * using option ‘--no-vignettes’ * checking for file ‘fenr/DESCRIPTION’ ... OK * this is package ‘fenr’ version ‘1.8.0’ * package encoding: UTF-8 * checking package namespace information ... OK * checking package dependencies ... OK * checking if this is a source package ... OK * checking if there is a namespace ... OK * checking for hidden files and directories ... OK * checking for portable file names ... OK * checking for sufficient/correct file permissions ... OK * checking whether package ‘fenr’ can be installed ... OK * checking installed package size ... OK * checking package directory ... OK * checking ‘build’ directory ... OK * checking DESCRIPTION meta-information ... OK * checking top-level files ... OK * checking for left-over files ... OK * checking index information ... OK * checking package subdirectories ... OK * checking code files for non-ASCII characters ... OK * checking R files for syntax errors ... OK * checking whether the package can be loaded ... OK * checking whether the package can be loaded with stated dependencies ... OK * checking whether the package can be unloaded cleanly ... OK * checking whether the namespace can be loaded with stated dependencies ... OK * checking whether the namespace can be unloaded cleanly ... OK * checking loading without being on the library search path ... OK * checking dependencies in R code ... OK * checking S3 generic/method consistency ... OK * checking replacement functions ... OK * checking foreign function calls ... OK * checking R code for possible problems ... OK * checking Rd files ... OK * checking Rd metadata ... OK * checking Rd cross-references ... OK * checking for missing documentation entries ... OK * checking for code/documentation mismatches ... OK * checking Rd \usage sections ... OK * checking Rd contents ... OK * checking for unstated dependencies in examples ... OK * checking contents of ‘data’ directory ... OK * checking data for non-ASCII characters ... OK * checking data for ASCII and uncompressed saves ... OK * checking files in ‘vignettes’ ... OK * checking examples ... ERROR Running examples in ‘fenr-Ex.R’ failed The error most likely occurred in: > base::assign(".ptime", proc.time(), pos = "CheckExEnv") > ### Name: fetch_reactome > ### Title: Get functional term data from Reactome > ### Aliases: fetch_reactome > > ### ** Examples > > reactome_data <- fetch_reactome("Saccharomyces cerevisiae", on_error = "warn") Warning: download failed web resource path: ‘https://reactome.org/download/current/Ensembl2Reactome_PE_Pathway.txt’ local file path: ‘/home/biocbuild/.cache/R/fenr/1abd5a1412f358_Ensembl2Reactome_PE_Pathway.txt’ reason: Failed to perform HTTP request. Caused by error in `curl::curl_fetch_disk()`: ! Failure when receiving data from the peer [reactome.org]: OpenSSL SSL_read: SSL_ERROR_SYSCALL, errno 0 Warning: bfcadd() failed; resource removed rid: BFC7 fpath: ‘https://reactome.org/download/current/Ensembl2Reactome_PE_Pathway.txt’ reason: download failed Error in .util_download(x, rid[i], proxy, progress, config, "bfcadd()", : bfcadd() failed; see warnings() Calls: fetch_reactome ... cache_path -> -> -> .util_download Execution halted Examples with CPU (user + system) or elapsed time > 5s user system elapsed fetch_go 16.143 0.675 31.835 fetch_kegg 1.349 0.059 21.700 * checking for unstated dependencies in ‘tests’ ... OK * checking tests ... Running ‘testthat.R’ OK * checking for unstated dependencies in vignettes ... OK * checking package vignettes ... OK * checking running R code from vignettes ... SKIPPED * checking re-building of vignette outputs ... SKIPPED * checking PDF version of manual ... OK * DONE Status: 1 ERROR See ‘/home/biocbuild/bbs-3.22-bioc/meat/fenr.Rcheck/00check.log’ for details.