############################################################################## ############################################################################## ### ### Running command: ### ### /home/biocbuild/R/R/bin/R CMD check --install=check:famat.install-out.txt --library=/home/biocbuild/R/R/site-library --no-vignettes --timings famat_1.19.0.tar.gz ### ############################################################################## ############################################################################## * using log directory ‘/home/biocbuild/bbs-3.22-bioc/meat/famat.Rcheck’ * using R version 4.5.0 (2025-04-11) * using platform: aarch64-unknown-linux-gnu * R was compiled by aarch64-unknown-linux-gnu-gcc (GCC) 14.2.0 GNU Fortran (GCC) 14.2.0 * running under: openEuler 24.03 (LTS) * using session charset: UTF-8 * using option ‘--no-vignettes’ * checking for file ‘famat/DESCRIPTION’ ... OK * this is package ‘famat’ version ‘1.19.0’ * package encoding: UTF-8 * checking package namespace information ... OK * checking package dependencies ... OK * checking if this is a source package ... OK * checking if there is a namespace ... OK * checking for hidden files and directories ... OK * checking for portable file names ... OK * checking for sufficient/correct file permissions ... OK * checking whether package ‘famat’ can be installed ... OK * checking installed package size ... OK * checking package directory ... OK * checking ‘build’ directory ... OK * checking DESCRIPTION meta-information ... OK * checking top-level files ... OK * checking for left-over files ... OK * checking index information ... OK * checking package subdirectories ... OK * checking code files for non-ASCII characters ... OK * checking R files for syntax errors ... OK * checking whether the package can be loaded ... OK * checking whether the package can be loaded with stated dependencies ... OK * checking whether the package can be unloaded cleanly ... OK * checking whether the namespace can be loaded with stated dependencies ... OK * checking whether the namespace can be unloaded cleanly ... OK * checking loading without being on the library search path ... OK * checking dependencies in R code ... NOTE Namespaces in Imports field not imported from: ‘BiasedUrn’ ‘mgcv’ ‘stats’ All declared Imports should be used. * checking S3 generic/method consistency ... OK * checking replacement functions ... OK * checking foreign function calls ... OK * checking R code for possible problems ... NOTE Getenvir: no visible binding for global variable ‘MPINetData’ Undefined global functions or variables: MPINetData * checking Rd files ... OK * checking Rd metadata ... OK * checking Rd cross-references ... OK * checking for missing documentation entries ... OK * checking for code/documentation mismatches ... OK * checking Rd \usage sections ... OK * checking Rd contents ... OK * checking for unstated dependencies in examples ... OK * checking contents of ‘data’ directory ... OK * checking data for non-ASCII characters ... OK * checking data for ASCII and uncompressed saves ... OK * checking R/sysdata.rda ... OK * checking files in ‘vignettes’ ... OK * checking examples ... ERROR Running examples in ‘famat-Ex.R’ failed The error most likely occurred in: > base::assign(".ptime", proc.time(), pos = "CheckExEnv") > ### Name: interactions > ### Title: Interactions between genes and metabolites > ### Aliases: interactions > > ### ** Examples > > ## load example data > data(listk) > data(listr) > data(listw) > > interactions_result=interactions(listk,listr,listw) Error in curl::curl_fetch_memory(url, handle = handle) : Timeout was reached [rest.kegg.jp]: Connection timed out after 10002 milliseconds Calls: interactions ... request_fetch.write_memory -> -> raise_libcurl_error Execution halted Examples with CPU (user + system) or elapsed time > 5s user system elapsed compl_data 92.34 3.394 96.398 * checking for unstated dependencies in ‘tests’ ... OK * checking tests ... Running ‘testthat.R’ ERROR Running the tests in ‘tests/testthat.R’ failed. Last 13 lines of output: ── Error ('test-interactions.R:6:1'): (code run outside of `test_that()`) ────── Error in `.getUrl(url, .listParser, nameColumn = 1, valueColumn = 2)`: Bad Request (HTTP 400). Backtrace: ▆ 1. └─famat::interactions(listk, listr, listw) at test-interactions.R:6:1 2. └─KEGGREST::keggConv("chebi", "compound") 3. └─base::lapply(groups, .keggConv, target = target) 4. └─KEGGREST (local) FUN(X[[i]], ...) 5. └─KEGGREST:::.getUrl(url, .listParser, nameColumn = 1, valueColumn = 2) 6. └─httr::stop_for_status(response) [ FAIL 2 | WARN 0 | SKIP 0 | PASS 1 ] Error: Test failures Execution halted * checking for unstated dependencies in vignettes ... OK * checking package vignettes ... OK * checking running R code from vignettes ... SKIPPED * checking re-building of vignette outputs ... SKIPPED * checking PDF version of manual ... OK * DONE Status: 2 ERRORs, 2 NOTEs See ‘/home/biocbuild/bbs-3.22-bioc/meat/famat.Rcheck/00check.log’ for details.