############################################################################## ############################################################################## ### ### Running command: ### ### /home/biocbuild/bbs-3.22-bioc/R/bin/R CMD check --install=check:bugsigdbr.install-out.txt --library=/home/biocbuild/bbs-3.22-bioc/R/site-library --timings bugsigdbr_1.16.0.tar.gz ### ############################################################################## ############################################################################## * using log directory ‘/home/biocbuild/bbs-3.22-bioc/meat/bugsigdbr.Rcheck’ * using R version 4.5.1 Patched (2025-08-23 r88802) * using platform: x86_64-pc-linux-gnu * R was compiled by gcc (Ubuntu 13.3.0-6ubuntu2~24.04) 13.3.0 GNU Fortran (Ubuntu 13.3.0-6ubuntu2~24.04) 13.3.0 * running under: Ubuntu 24.04.3 LTS * using session charset: UTF-8 * checking for file ‘bugsigdbr/DESCRIPTION’ ... OK * this is package ‘bugsigdbr’ version ‘1.16.0’ * package encoding: UTF-8 * checking package namespace information ... OK * checking package dependencies ... OK * checking if this is a source package ... OK * checking if there is a namespace ... OK * checking for hidden files and directories ... OK * checking for portable file names ... OK * checking for sufficient/correct file permissions ... OK * checking whether package ‘bugsigdbr’ can be installed ... OK * checking installed package size ... OK * checking package directory ... OK * checking ‘build’ directory ... OK * checking DESCRIPTION meta-information ... OK * checking top-level files ... OK * checking for left-over files ... OK * checking index information ... OK * checking package subdirectories ... OK * checking code files for non-ASCII characters ... OK * checking R files for syntax errors ... OK * checking whether the package can be loaded ... OK * checking whether the package can be loaded with stated dependencies ... OK * checking whether the package can be unloaded cleanly ... OK * checking whether the namespace can be loaded with stated dependencies ... OK * checking whether the namespace can be unloaded cleanly ... OK * checking loading without being on the library search path ... OK * checking dependencies in R code ... NOTE Unexported object imported by a ':::' call: ‘BiocFileCache:::.sql_set_expires’ See the note in ?`:::` about the use of this operator. * checking S3 generic/method consistency ... OK * checking replacement functions ... OK * checking foreign function calls ... OK * checking R code for possible problems ... NOTE getMetaSignatures: no visible binding for global variable ‘Abundance in Group 1’ Undefined global functions or variables: Abundance in Group 1 * checking Rd files ... OK * checking Rd metadata ... OK * checking Rd cross-references ... OK * checking for missing documentation entries ... OK * checking for code/documentation mismatches ... OK * checking Rd \usage sections ... OK * checking Rd contents ... OK * checking for unstated dependencies in examples ... OK * checking files in ‘vignettes’ ... OK * checking examples ... ERROR Running examples in ‘bugsigdbr-Ex.R’ failed The error most likely occurred in: > base::assign(".ptime", proc.time(), pos = "CheckExEnv") > ### Name: importBugSigDB > ### Title: Obtain published microbial signatures from bugsigdb.org > ### Aliases: importBugSigDB > > ### ** Examples > > > df <- importBugSigDB() Error while performing HEAD request. Proceeding without cache information. Error: download failed; see warnings() Execution halted Examples with CPU (user + system) or elapsed time > 5s user system elapsed getSignatures 3.358 0.193 46.858 getMetaSignatures 3.392 0.133 20.806 * checking for unstated dependencies in ‘tests’ ... OK * checking tests ... Running ‘testthat.R’ ERROR Running the tests in ‘tests/testthat.R’ failed. Last 13 lines of output: ── Error ('test-getSignatures.R:1:1'): (code run outside of `test_that()`) ───── Error: download failed; see warnings() Backtrace: ▆ 1. └─bugsigdbr::importBugSigDB() at test-getSignatures.R:1:1 2. └─bugsigdbr:::.getResourceFromCache(rname, FUN = .getdf) 3. ├─base::suppressWarnings(...) 4. │ └─base::withCallingHandlers(...) 5. ├─BiocFileCache::bfcdownload(bfc, rid, ask = FALSE, ...) 6. └─BiocFileCache::bfcdownload(bfc, rid, ask = FALSE, ...) 7. └─BiocFileCache:::.util_download_and_rename(...) [ FAIL 1 | WARN 0 | SKIP 0 | PASS 184 ] Error: Test failures Execution halted * checking for unstated dependencies in vignettes ... OK * checking package vignettes ... OK * checking re-building of vignette outputs ... ERROR Error(s) in re-building vignettes: --- re-building ‘bugsigdbr.Rmd’ using rmarkdown Quitting from bugsigdbr.Rmd:73-77 [getBugSigDB] ~~~~~~~~~~~~~~~~~~~~~~~~~~~~~~~~~~~~~~~~~~~~~~~~~~~~~~~~~~~~~~~~~~~~~~~~~~~~~~~~ Error: ! download failed; see warnings() --- Backtrace: ▆ 1. └─bugsigdbr::importBugSigDB() 2. └─bugsigdbr:::.getResourceFromCache(rname, FUN = .getdf) 3. ├─base::suppressWarnings(...) 4. │ └─base::withCallingHandlers(...) 5. ├─BiocFileCache::bfcdownload(bfc, rid, ask = FALSE, ...) 6. └─BiocFileCache::bfcdownload(bfc, rid, ask = FALSE, ...) 7. └─BiocFileCache:::.util_download_and_rename(...) ~~~~~~~~~~~~~~~~~~~~~~~~~~~~~~~~~~~~~~~~~~~~~~~~~~~~~~~~~~~~~~~~~~~~~~~~~~~~~~~~ Error: processing vignette 'bugsigdbr.Rmd' failed with diagnostics: download failed; see warnings() --- failed re-building ‘bugsigdbr.Rmd’ SUMMARY: processing the following file failed: ‘bugsigdbr.Rmd’ Error: Vignette re-building failed. Execution halted * checking PDF version of manual ... OK * DONE Status: 3 ERRORs, 2 NOTEs See ‘/home/biocbuild/bbs-3.22-bioc/meat/bugsigdbr.Rcheck/00check.log’ for details.