############################################################################## ############################################################################## ### ### Running command: ### ### /Library/Frameworks/R.framework/Resources/bin/R CMD build --keep-empty-dirs --no-resave-data ReUseData ### ############################################################################## ############################################################################## * checking for file ‘ReUseData/DESCRIPTION’ ... OK * preparing ‘ReUseData’: * checking DESCRIPTION meta-information ... OK * installing the package to build vignettes * creating vignettes ... ERROR --- re-building ‘ReUseData_data.Rmd’ using rmarkdown python-build: use openssl@3 from homebrew python-build: use readline from homebrew Downloading Python-3.11.14.tar.xz... -> https://www.python.org/ftp/python/3.11.14/Python-3.11.14.tar.xz Installing Python-3.11.14... python-build: use readline from homebrew python-build: use ncurses from homebrew python-build: use zlib from xcode sdk BUILD FAILED (OS X 12.7.6 using python-build 2.6.12) Inspect or clean up the working tree at /tmp/python-build.20251103182921.55993 Results logged to /tmp/python-build.20251103182921.55993.log Last 10 log lines: "_mkfifoat", referenced from: _os_mkfifo in lto.o "_mknodat", referenced from: _os_mknod in lto.o ld: symbol(s) not found for architecture x86_64 clang: error: linker command failed with exit code 1 (use -v to see invocation) make[3]: *** [Programs/_freeze_module] Error 1 make[2]: *** [build_all_generate_profile] Error 2 make[1]: *** [profile-gen-stamp] Error 2 make: *** [profile-run-stamp] Error 2 Quitting from ReUseData_data.Rmd:95-97 [unnamed-chunk-2] ~~~~~~~~~~~~~~~~~~~~~~~~~~~~~~~~~~~~~~~~~~~~~~~~~~~~~~~~~~~~~~~~~~~~~~~~~~~~~~~~ Error: ! installation of Python 3.11 failed --- Backtrace: ▆ 1. └─Rcwl::install_cwltool() 2. └─basilisk::basiliskStart(env_Rcwl) 3. └─basilisk::obtainEnvironmentPath(env) 4. └─basilisk::setupBasiliskEnv(...) 5. ├─base::suppressMessages(install_python(version)) 6. │ └─base::withCallingHandlers(...) 7. └─reticulate::install_python(version) 8. └─reticulate:::stopf("installation of Python %s failed", version) ~~~~~~~~~~~~~~~~~~~~~~~~~~~~~~~~~~~~~~~~~~~~~~~~~~~~~~~~~~~~~~~~~~~~~~~~~~~~~~~~ Error: processing vignette 'ReUseData_data.Rmd' failed with diagnostics: installation of Python 3.11 failed --- failed re-building ‘ReUseData_data.Rmd’ --- re-building ‘ReUseData_quickStart.Rmd’ using rmarkdown python-build: use openssl@3 from homebrew python-build: use readline from homebrew Downloading Python-3.11.14.tar.xz... -> https://www.python.org/ftp/python/3.11.14/Python-3.11.14.tar.xz Installing Python-3.11.14... python-build: use readline from homebrew python-build: use ncurses from homebrew python-build: use zlib from xcode sdk BUILD FAILED (OS X 12.7.6 using python-build 2.6.12) Inspect or clean up the working tree at /tmp/python-build.20251103183419.18016 Results logged to /tmp/python-build.20251103183419.18016.log Last 10 log lines: "_mkfifoat", referenced from: _os_mkfifo in lto.o "_mknodat", referenced from: _os_mknod in lto.o ld: symbol(s) not found for architecture x86_64 clang: error: linker command failed with exit code 1 (use -v to see invocation) make[3]: *** [Programs/_freeze_module] Error 1 make[2]: *** [build_all_generate_profile] Error 2 make[1]: *** [profile-gen-stamp] Error 2 make: *** [profile-run-stamp] Error 2 Quitting from ReUseData_quickStart.Rmd:74-76 [unnamed-chunk-4] ~~~~~~~~~~~~~~~~~~~~~~~~~~~~~~~~~~~~~~~~~~~~~~~~~~~~~~~~~~~~~~~~~~~~~~~~~~~~~~~~ Error: ! installation of Python 3.11 failed --- Backtrace: ▆ 1. └─Rcwl::install_cwltool() 2. └─basilisk::basiliskStart(env_Rcwl) 3. └─basilisk::obtainEnvironmentPath(env) 4. └─basilisk::setupBasiliskEnv(...) 5. ├─base::suppressMessages(install_python(version)) 6. │ └─base::withCallingHandlers(...) 7. └─reticulate::install_python(version) 8. └─reticulate:::stopf("installation of Python %s failed", version) ~~~~~~~~~~~~~~~~~~~~~~~~~~~~~~~~~~~~~~~~~~~~~~~~~~~~~~~~~~~~~~~~~~~~~~~~~~~~~~~~ Error: processing vignette 'ReUseData_quickStart.Rmd' failed with diagnostics: installation of Python 3.11 failed --- failed re-building ‘ReUseData_quickStart.Rmd’ --- re-building ‘ReUseData_recipe.Rmd’ using rmarkdown python-build: use openssl@3 from homebrew python-build: use readline from homebrew Downloading Python-3.11.14.tar.xz... -> https://www.python.org/ftp/python/3.11.14/Python-3.11.14.tar.xz Installing Python-3.11.14... python-build: use readline from homebrew python-build: use ncurses from homebrew python-build: use zlib from xcode sdk BUILD FAILED (OS X 12.7.6 using python-build 2.6.12) Inspect or clean up the working tree at /tmp/python-build.20251103183932.54175 Results logged to /tmp/python-build.20251103183932.54175.log Last 10 log lines: "_mkfifoat", referenced from: _os_mkfifo in lto.o "_mknodat", referenced from: _os_mknod in lto.o ld: symbol(s) not found for architecture x86_64 clang: error: linker command failed with exit code 1 (use -v to see invocation) make[3]: *** [Programs/_freeze_module] Error 1 make[2]: *** [build_all_generate_profile] Error 2 make[1]: *** [profile-gen-stamp] Error 2 make: *** [profile-run-stamp] Error 2 Quitting from ReUseData_recipe.Rmd:166-168 [unnamed-chunk-4] ~~~~~~~~~~~~~~~~~~~~~~~~~~~~~~~~~~~~~~~~~~~~~~~~~~~~~~~~~~~~~~~~~~~~~~~~~~~~~~~~ Error: ! installation of Python 3.11 failed --- Backtrace: ▆ 1. └─Rcwl::install_cwltool() 2. └─basilisk::basiliskStart(env_Rcwl) 3. └─basilisk::obtainEnvironmentPath(env) 4. └─basilisk::setupBasiliskEnv(...) 5. ├─base::suppressMessages(install_python(version)) 6. │ └─base::withCallingHandlers(...) 7. └─reticulate::install_python(version) 8. └─reticulate:::stopf("installation of Python %s failed", version) ~~~~~~~~~~~~~~~~~~~~~~~~~~~~~~~~~~~~~~~~~~~~~~~~~~~~~~~~~~~~~~~~~~~~~~~~~~~~~~~~ Error: processing vignette 'ReUseData_recipe.Rmd' failed with diagnostics: installation of Python 3.11 failed --- failed re-building ‘ReUseData_recipe.Rmd’ SUMMARY: processing the following files failed: ‘ReUseData_data.Rmd’ ‘ReUseData_quickStart.Rmd’ ‘ReUseData_recipe.Rmd’ Error: Vignette re-building failed. Execution halted